{"id":239,"date":"2021-09-30T22:57:07","date_gmt":"2021-09-30T20:57:07","guid":{"rendered":"https:\/\/semmelweis.hu\/noiklinika\/?page_id=239"},"modified":"2023-03-01T11:59:30","modified_gmt":"2023-03-01T10:59:30","slug":"fok-v-evfolyam","status":"publish","type":"page","link":"https:\/\/semmelweis.hu\/noiklinika\/oktatas\/fok-v-evfolyam\/","title":{"rendered":"FOK &#8211; V. \u00e9vfolyam"},"content":{"rendered":"<p>&nbsp;<\/p>\n<h4><strong>A ta\u0301rgy re\u0301szletes tematika\u0301ja:<\/strong><\/h4>\n<p>1. Bevezete\u0301s, Semmelweis munka\u0301ssa\u0301ga. A terhesse\u0301g szakaszai. A szu\u0308le\u0301s ido\u030bpontja\u0301nak\u00a0kisza\u0301mi\u0301ta\u0301sa.<\/p>\n<p>2. Terhesse\u0301gi e\u0301lettani va\u0301ltoza\u0301sok. A va\u0301rando\u0301ssa\u0301g jelei.<\/p>\n<p>3. A terhesgondoza\u0301s folyamata.<\/p>\n<p>4. E\u0301lettani szu\u0308le\u0301s lefolya\u0301sa, szakaszai. CTG.<\/p>\n<p>5. A rendellenes szu\u0308le\u0301s.<\/p>\n<p>6. Terhesse\u0301gi toxe\u0301mia, HELLP-szindro\u0301ma. Terhesse\u0301gi diabetes.<\/p>\n<p>7. Su\u0308rgo\u030bsse\u0301gi ko\u0301rke\u0301pek a szu\u0308le\u0301szetben.<\/p>\n<p>8. Mu\u030bte\u0301tek a szu\u0308le\u0301szetben.<\/p>\n<p>9. Koraszu\u0308le\u0301s. Intrauterin retardatio.<\/p>\n<p>10. Fogamza\u0301sga\u0301tla\u0301s mo\u0301dszerei. Terhesse\u0301gmegszaki\u0301ta\u0301s.<\/p>\n<p>11. A HPV-ferto\u030bze\u0301s jelento\u030bse\u0301ge a foga\u0301szati e\u0301s szu\u0308le\u0301szet-no\u030bgyo\u0301gya\u0301szati gyakorlatban.<\/p>\n<div class=\"keretes w-100\">\n<p>Valamennyi elo\u030bada\u0301st Dr. Melczer Zsolt tartja.<br \/>\nA sz\u00e1monk\u00e9r\u00e9s m\u00f3dja sz\u00f3beli kollokvium. Az el\u0151ad\u00e1sok 75%-\u00e1n sz\u00fcks\u00e9ges a jelenl\u00e9t.<\/p>\n<\/div>\n<p>Az aj\u00e1nlott irodalom: \u201eSz\u00fcl\u00e9szet-N\u0151gy\u00f3gy\u00e1szat tank\u00f6nyve\u201d (szerk: P\u00e1l Attila).<\/p>\n","protected":false},"excerpt":{"rendered":"<p>&nbsp; A ta\u0301rgy re\u0301szletes tematika\u0301ja: 1. Bevezete\u0301s, Semmelweis munka\u0301ssa\u0301ga. A terhesse\u0301g szakaszai. A szu\u0308le\u0301s ido\u030bpontja\u0301nak\u00a0kisza\u0301mi\u0301ta\u0301sa. 2. Terhesse\u0301gi e\u0301lettani va\u0301ltoza\u0301sok. A va\u0301rando\u0301ssa\u0301g jelei. 3. A terhesgondoza\u0301s folyamata. 4. E\u0301lettani szu\u0308le\u0301s lefolya\u0301sa, szakaszai. CTG. 5. A rendellenes szu\u0308le\u0301s. 6. Terhesse\u0301gi toxe\u0301mia, HELLP-szindro\u0301ma. Terhesse\u0301gi diabetes. 7. Su\u0308rgo\u030bsse\u0301gi ko\u0301rke\u0301pek a szu\u0308le\u0301szetben. 8. Mu\u030bte\u0301tek a szu\u0308le\u0301szetben. 9. Koraszu\u0308le\u0301s. Intrauterin retardatio. &hellip;<\/p>\n","protected":false},"author":101531,"featured_media":0,"parent":108,"menu_order":2,"comment_status":"closed","ping_status":"closed","template":"","meta":{"_acf_changed":false,"footnotes":""},"categories":[],"tags":[],"class_list":["post-239","page","type-page","status-publish","hentry"],"acf":[],"_links":{"self":[{"href":"https:\/\/semmelweis.hu\/noiklinika\/wp-json\/wp\/v2\/pages\/239","targetHints":{"allow":["GET"]}}],"collection":[{"href":"https:\/\/semmelweis.hu\/noiklinika\/wp-json\/wp\/v2\/pages"}],"about":[{"href":"https:\/\/semmelweis.hu\/noiklinika\/wp-json\/wp\/v2\/types\/page"}],"author":[{"embeddable":true,"href":"https:\/\/semmelweis.hu\/noiklinika\/wp-json\/wp\/v2\/users\/101531"}],"replies":[{"embeddable":true,"href":"https:\/\/semmelweis.hu\/noiklinika\/wp-json\/wp\/v2\/comments?post=239"}],"version-history":[{"count":11,"href":"https:\/\/semmelweis.hu\/noiklinika\/wp-json\/wp\/v2\/pages\/239\/revisions"}],"predecessor-version":[{"id":1059,"href":"https:\/\/semmelweis.hu\/noiklinika\/wp-json\/wp\/v2\/pages\/239\/revisions\/1059"}],"up":[{"embeddable":true,"href":"https:\/\/semmelweis.hu\/noiklinika\/wp-json\/wp\/v2\/pages\/108"}],"wp:attachment":[{"href":"https:\/\/semmelweis.hu\/noiklinika\/wp-json\/wp\/v2\/media?parent=239"}],"wp:term":[{"taxonomy":"category","embeddable":true,"href":"https:\/\/semmelweis.hu\/noiklinika\/wp-json\/wp\/v2\/categories?post=239"},{"taxonomy":"post_tag","embeddable":true,"href":"https:\/\/semmelweis.hu\/noiklinika\/wp-json\/wp\/v2\/tags?post=239"}],"curies":[{"name":"wp","href":"https:\/\/api.w.org\/{rel}","templated":true}]}}

FOK &#8211; V. évfolyam

<p>&nbsp;</p>
<h4><strong>A tárgy részletes tematikája:</strong></h4>
<p>1. Bevezetés, Semmelweis munkássága. A terhesség szakaszai. A szülés időpontjának kiszámítása.</p>
<p>2. Terhességi élettani változások. A várandósság jelei.</p>
<p>3. A terhesgondozás folyamata.</p>
<p>4. Élettani szülés lefolyása, szakaszai. CTG.</p>
<p>5. A rendellenes szülés.</p>
<p>6. Terhességi toxémia, HELLP-szindróma. Terhességi diabetes.</p>
<p>7. Sürgősségi kórképek a szülészetben.</p>
<p>8. Műtétek a szülészetben.</p>
<p>9. Koraszülés. Intrauterin retardatio.</p>
<p>10. Fogamzásgátlás módszerei. Terhességmegszakítás.</p>
<p>11. A HPV-fertőzés jelentősége a fogászati és szülészet-nőgyógyászati gyakorlatban.</p>
<div class="keretes w-100">
<p>Valamennyi előadást Dr. Melczer Zsolt tartja.<br />
A számonkérés módja szóbeli kollokvium. Az előadások 75%-án szükséges a jelenlét.</p>
</div>
<p>Az ajánlott irodalom: „Szülészet-Nőgyógyászat tankönyve” (szerk: Pál Attila).</p>
