{"id":1140,"date":"2024-01-15T10:14:38","date_gmt":"2024-01-15T09:14:38","guid":{"rendered":"https:\/\/semmelweis.hu\/noiklinika\/?page_id=1140"},"modified":"2024-01-15T10:44:31","modified_gmt":"2024-01-15T09:44:31","slug":"onkologiai-centrum","status":"publish","type":"page","link":"https:\/\/semmelweis.hu\/noiklinika\/rolunk\/onkologiai-centrum\/","title":{"rendered":"Onkol\u00f3giai Centrum"},"content":{"rendered":"<p>Klinik\u00e1nk k\u00e9t div\u00edzi\u00f3j\u00e1n m\u0171k\u00f6dtet\u00fcnk onkl\u00f3giai betegek sz\u00e1m\u00e1ra ell\u00e1t\u00e1st ny\u00fajt\u00f3 oszt\u00e1lyt \u00e9s j\u00e1r\u00f3beteg ell\u00e1t\u00e1st!<\/p>\n<script type=\"text\/javascript\" src=\"https:\/\/semmelweis.hu\/noiklinika\/wp-content\/themes\/se18\/dist\/scripts\/carousel.js\"><\/script>    <section class=\"post-cards shortcode-wrapper\">\r\n        <div id=\"news-container\" class=\" d-none d-sm-flex flex-column  full-width-post-cards-shortcode-card news-container-for-card-code\" style=\"\">\r\n            \r\n            <div class=\"row card-row my-2 pt-3 pb-0 mx-0 w-100 \">\r\n               \r\n                \ufeff\r\n    <div class=\"card-format col col-12 col-md-4 col-lg-6 pl-1 pl-md-0 pr-1 pr-md-2 mb-2\">\r\n        <a class=\"d-block w-100\"  href=\"https:\/\/semmelweis.hu\/noidaganatsebeszet\/\">\r\n      <!--  <a class=\"d-block w-100\" target=\"_blank\" href=\" \"> -->\r\n            <div class=\"card\">\r\n                                    <div class=\"card-image img-fluid \">\r\n                         \r\n                        <img loading=\"lazy\" decoding=\"async\" width=\"753\" height=\"502\" src=\"https:\/\/semmelweis.hu\/noiklinika\/files\/2023\/01\/RS30655_KA-20150422-IMG_8488-pic-scr-768x512.jpg\" class=\"landscape wp-post-image\" alt=\"\" srcset=\"https:\/\/semmelweis.hu\/noiklinika\/files\/2023\/01\/RS30655_KA-20150422-IMG_8488-pic-scr-768x512.jpg 768w, https:\/\/semmelweis.hu\/noiklinika\/files\/2023\/01\/RS30655_KA-20150422-IMG_8488-pic-scr-400x267.jpg 400w, https:\/\/semmelweis.hu\/noiklinika\/files\/2023\/01\/RS30655_KA-20150422-IMG_8488-pic-scr-753x502.jpg 753w, https:\/\/semmelweis.hu\/noiklinika\/files\/2023\/01\/RS30655_KA-20150422-IMG_8488-pic-scr-203x135.jpg 203w, https:\/\/semmelweis.hu\/noiklinika\/files\/2023\/01\/RS30655_KA-20150422-IMG_8488-pic-scr.jpg 950w\" sizes=\"auto, (max-width: 753px) 100vw, 753px\" \/>                    <\/div>\r\n                \r\n                <div class=\"card-body\">\r\n                    <div class=\"card-date text-uppercase  d-none  \">\r\n                                                    <h5><span class=\"font-weight-normal\">2024. <\/span>janu\u00e1r 15.<\/h5>\r\n                                            <\/div>\r\n                    <div class=\"card-title\">\r\n                        <h3 class=\"mt-2 entry-title\">N\u0151gy\u00f3gy\u00e1szati Daganatseb\u00e9szeti Centrum &#8211; \u00dcll\u0151i \u00fat<\/h3>\r\n                    <\/div>\r\n                    <style>\r\n                        .card-text-inside{\r\n                                                 display: -webkit-box;\r\n                    -webkit-line-clamp: 4;\r\n                    -webkit-box-orient: vertical;\r\n                     overflow:hidden;\r\n                     text-overflow: ellipsis;\r\n                        }\r\n                        <\/style>\r\n                                    <\/div>\r\n            <\/div>\r\n        <\/a>\r\n    <\/div>\r\n\r\n\r\n\ufeff\r\n    <div class=\"card-format col col-12 col-md-4 col-lg-6 pl-1 pl-md-0 pr-1 pr-md-2 mb-2\">\r\n        <a class=\"d-block w-100\"  href=\"https:\/\/semmelweis.hu\/noiklinika\/baross\/fekvobeteg-ellatas\/onkologiai-es-daganatsebeszeti-osztaly\/\">\r\n      <!--  <a class=\"d-block w-100\" target=\"_blank\" href=\" \"> -->\r\n            <div class=\"card\">\r\n                                    <div class=\"card-image img-fluid \">\r\n                         \r\n                        <img loading=\"lazy\" decoding=\"async\" width=\"753\" height=\"502\" src=\"https:\/\/semmelweis.hu\/noiklinika\/files\/2023\/01\/RS12697_KA-20120831-IMG_5080-scr-768x512.jpg\" class=\"landscape wp-post-image\" alt=\"\" srcset=\"https:\/\/semmelweis.hu\/noiklinika\/files\/2023\/01\/RS12697_KA-20120831-IMG_5080-scr-768x512.jpg 768w, https:\/\/semmelweis.hu\/noiklinika\/files\/2023\/01\/RS12697_KA-20120831-IMG_5080-scr-400x267.jpg 400w, https:\/\/semmelweis.hu\/noiklinika\/files\/2023\/01\/RS12697_KA-20120831-IMG_5080-scr-753x502.jpg 753w, https:\/\/semmelweis.hu\/noiklinika\/files\/2023\/01\/RS12697_KA-20120831-IMG_5080-scr-203x135.jpg 203w, https:\/\/semmelweis.hu\/noiklinika\/files\/2023\/01\/RS12697_KA-20120831-IMG_5080-scr.jpg 950w\" sizes=\"auto, (max-width: 753px) 100vw, 753px\" \/>                    <\/div>\r\n                \r\n                <div class=\"card-body\">\r\n                    <div class=\"card-date text-uppercase  d-none  \">\r\n                                                    <h5><span class=\"font-weight-normal\">2019. <\/span>december 19.<\/h5>\r\n                                            <\/div>\r\n                    <div class=\"card-title\">\r\n                        <h3 class=\"mt-2 entry-title\">Onkol\u00f3giai \u00e9s Daganatseb\u00e9szeti Oszt\u00e1ly &#8211; Baross utca<\/h3>\r\n                    <\/div>\r\n                    <style>\r\n                        .card-text-inside{\r\n                                                 display: -webkit-box;\r\n                    -webkit-line-clamp: 4;\r\n                    -webkit-box-orient: vertical;\r\n                     overflow:hidden;\r\n                     text-overflow: ellipsis;\r\n                        }\r\n                        <\/style>\r\n                                    <\/div>\r\n            <\/div>\r\n        <\/a>\r\n    <\/div>\r\n\r\n\r\n                \r\n            <\/div>\r\n        <\/div>\r\n\r\n                        <div class=\"post-slide-hirek row px-0\">\r\n            <style>\r\n                .post-slide-hirek .owl-nav button {\r\n                    margin: 0px !important;\r\n                    height: 100% !important;\r\n                }\r\n\r\n                .card-custom-title {\r\n                    font-size: 17px;\r\n                    line-height: 23px;\r\n                    overflow: hidden;\r\n                    text-overflow: ellipsis;\r\n                    display: -webkit-box;\r\n                    -webkit-line-clamp: 3;\r\n                    -webkit-box-orient: vertical;\r\n                    min-height: 72px;\r\n                }\r\n\r\n                .card-custom-max-h {\r\n                    max-height: 235px !important;\r\n                    object-fit: cover;\r\n                }\r\n\r\n                .post-slide-hirek .owl-item .card-img img {\r\n                    opacity: 1 !important;\r\n                    aspect-ratio: 3\/ 2;\r\n\r\n                }\r\n                .card:has(.card-date:not(.d-none)):not(:has(img)) {\r\n                    margin-top: 20px;\r\n                }\r\n            <\/style>\r\n                            <div class=\"owl-carousel col-12 px-0 mt-2 mb-4 md-md-0 d-sm-none\">\r\n                                            <a class=\"item-1\" href=\"https:\/\/semmelweis.hu\/noidaganatsebeszet\/\">\r\n\r\n                            <div class=\"card-img \">\r\n                                <img loading=\"lazy\" decoding=\"async\" width=\"560\" height=\"373\" src=\"https:\/\/semmelweis.hu\/noiklinika\/files\/2023\/01\/RS30655_KA-20150422-IMG_8488-pic-scr.jpg\" class=\"d-block card-custom-max-h  img-fluid n-1 wp-post-image\" alt=\"\" srcset=\"https:\/\/semmelweis.hu\/noiklinika\/files\/2023\/01\/RS30655_KA-20150422-IMG_8488-pic-scr.jpg 950w, https:\/\/semmelweis.hu\/noiklinika\/files\/2023\/01\/RS30655_KA-20150422-IMG_8488-pic-scr-400x267.jpg 400w, https:\/\/semmelweis.hu\/noiklinika\/files\/2023\/01\/RS30655_KA-20150422-IMG_8488-pic-scr-768x512.jpg 768w, https:\/\/semmelweis.hu\/noiklinika\/files\/2023\/01\/RS30655_KA-20150422-IMG_8488-pic-scr-753x502.jpg 753w, https:\/\/semmelweis.hu\/noiklinika\/files\/2023\/01\/RS30655_KA-20150422-IMG_8488-pic-scr-203x135.jpg 203w\" sizes=\"auto, (max-width: 560px) 100vw, 560px\" \/>                            <\/div>\r\n                            <div class=\"card-title mb-1\">\r\n                                <h3 class=\"mt-0 pt-1 mb-0 px-2 card-custom-title d-flex align-items-center d-md-block\">\r\n                                    <span class=\"entry-title pt-0 pt-md-1\">N\u0151gy\u00f3gy\u00e1szati Daganatseb\u00e9szeti Centrum &#8211; \u00dcll\u0151i \u00fat                                <\/h3>\r\n                            <\/div>\r\n                            \r\n\r\n                        <\/a>\r\n                                            <a class=\"item-2\" href=\"https:\/\/semmelweis.hu\/noiklinika\/baross\/fekvobeteg-ellatas\/onkologiai-es-daganatsebeszeti-osztaly\/\">\r\n\r\n                            <div class=\"card-img \">\r\n                                <img loading=\"lazy\" decoding=\"async\" width=\"560\" height=\"373\" src=\"https:\/\/semmelweis.hu\/noiklinika\/files\/2023\/01\/RS12697_KA-20120831-IMG_5080-scr.jpg\" class=\"d-block card-custom-max-h  img-fluid n-2 wp-post-image\" alt=\"\" srcset=\"https:\/\/semmelweis.hu\/noiklinika\/files\/2023\/01\/RS12697_KA-20120831-IMG_5080-scr.jpg 950w, https:\/\/semmelweis.hu\/noiklinika\/files\/2023\/01\/RS12697_KA-20120831-IMG_5080-scr-400x267.jpg 400w, https:\/\/semmelweis.hu\/noiklinika\/files\/2023\/01\/RS12697_KA-20120831-IMG_5080-scr-768x512.jpg 768w, https:\/\/semmelweis.hu\/noiklinika\/files\/2023\/01\/RS12697_KA-20120831-IMG_5080-scr-753x502.jpg 753w, https:\/\/semmelweis.hu\/noiklinika\/files\/2023\/01\/RS12697_KA-20120831-IMG_5080-scr-203x135.jpg 203w\" sizes=\"auto, (max-width: 560px) 100vw, 560px\" \/>                            <\/div>\r\n                            <div class=\"card-title mb-1\">\r\n                                <h3 class=\"mt-0 pt-1 mb-0 px-2 card-custom-title d-flex align-items-center d-md-block\">\r\n                                    <span class=\"entry-title pt-0 pt-md-1\">Onkol\u00f3giai \u00e9s Daganatseb\u00e9szeti Oszt\u00e1ly &#8211; Baross utca                                <\/h3>\r\n                            <\/div>\r\n                            \r\n\r\n                        <\/a>\r\n                                    <\/div>\r\n\r\n                    \r\n        <\/div><!-- owl-carousel -->\r\n    <\/section>\r\n\r\n\n","protected":false},"excerpt":{"rendered":"<p>Oszt\u00e1lyunk orvosai, szakdolgoz\u00f3i magas sz\u00ednvonalon v\u00e9gzik a daganatos \u00e9s daganat megel\u0151z\u0151 \u00e1llapottal diagnosztiz\u00e1lt betegek kivizsg\u00e1l\u00e1s\u00e1t, m\u0171t\u00e9ti, illetve m\u0171t\u00e9t ut\u00e1ni ell\u00e1t\u00e1s\u00e1t, valamint ut\u00f3gondoz\u00e1s\u00e1t. Orvosaink szaktud\u00e1sa, operat\u00edv tapasztalata fel\u00f6leli a j\u00f3- \u00e9s rosszindulat\u00fa n\u0151gy\u00f3gy\u00e1szati betegs\u00e9gek sz\u00e9les sk\u00e1l\u00e1j\u00e1t. <a href=\"https:\/\/semmelweis.hu\/noionkologia\/betegellatas\/ismertetok\/petefeszekrak\/\">Petef\u00e9szekb\u0151l kiindul\u00f3 t\u00e9rfoglal\u00f3 folyamatok kivizsg\u00e1l\u00e1sa \u00e9s ell\u00e1t\u00e1sa<\/a> <a href=\"https:\/\/semmelweis.hu\/noionkologia\/betegellatas\/ismertetok\/mehnyakrak\/\">M\u00e9hnyak r\u00e1kmegel\u0151z\u0151, \u00e9s daganatos \u00e1llapotainak korszer\u0171 kivizsg\u00e1l\u00e1sa \u00e9s kezel\u00e9se<\/a> <a href=\"https:\/\/semmelweis.hu\/noionkologia\/betegellatas\/ismertetok\/mehtestrak\/\">M\u00e9htest j\u00f3 \u00e9s rosszindulat\u00fa daganatinak komplex ell\u00e1t\u00e1sa<\/a> <a href=\"https:\/\/semmelweis.hu\/noionkologia\/betegellatas\/ismertetok\/vulvarak\/\">Szem\u00e9remtest r\u00e1kmegel\u0151z\u0151 \u00e1llapotainak \u00e9s rosszindulat\u00fa daganatainak sz\u00e9lesk\u00f6r\u0171 ell\u00e1t\u00e1sa<\/a> M\u00e9hlep\u00e9ny eredet\u0171 daganatok gy\u00f3gyszeres \u00e9s m\u0171t\u00e9ti kezel\u00e9se N\u0151gy\u00f3gy\u00e1szati daganatok gy\u00f3gyszeres \u00e9s c\u00e9lzott ter\u00e1pi\u00e1ja Klinik\u00e1nkon az \u00e9v minden napj\u00e1n folyamatos ell\u00e1t\u00e1s &hellip;<\/p>\n","protected":false},"author":101531,"featured_media":0,"parent":5,"menu_order":4,"comment_status":"closed","ping_status":"closed","template":"","meta":{"_acf_changed":false,"footnotes":""},"categories":[],"tags":[],"class_list":["post-1140","page","type-page","status-publish","hentry"],"acf":[],"_links":{"self":[{"href":"https:\/\/semmelweis.hu\/noiklinika\/wp-json\/wp\/v2\/pages\/1140","targetHints":{"allow":["GET"]}}],"collection":[{"href":"https:\/\/semmelweis.hu\/noiklinika\/wp-json\/wp\/v2\/pages"}],"about":[{"href":"https:\/\/semmelweis.hu\/noiklinika\/wp-json\/wp\/v2\/types\/page"}],"author":[{"embeddable":true,"href":"https:\/\/semmelweis.hu\/noiklinika\/wp-json\/wp\/v2\/users\/101531"}],"replies":[{"embeddable":true,"href":"https:\/\/semmelweis.hu\/noiklinika\/wp-json\/wp\/v2\/comments?post=1140"}],"version-history":[{"count":4,"href":"https:\/\/semmelweis.hu\/noiklinika\/wp-json\/wp\/v2\/pages\/1140\/revisions"}],"predecessor-version":[{"id":1156,"href":"https:\/\/semmelweis.hu\/noiklinika\/wp-json\/wp\/v2\/pages\/1140\/revisions\/1156"}],"up":[{"embeddable":true,"href":"https:\/\/semmelweis.hu\/noiklinika\/wp-json\/wp\/v2\/pages\/5"}],"wp:attachment":[{"href":"https:\/\/semmelweis.hu\/noiklinika\/wp-json\/wp\/v2\/media?parent=1140"}],"wp:term":[{"taxonomy":"category","embeddable":true,"href":"https:\/\/semmelweis.hu\/noiklinika\/wp-json\/wp\/v2\/categories?post=1140"},{"taxonomy":"post_tag","embeddable":true,"href":"https:\/\/semmelweis.hu\/noiklinika\/wp-json\/wp\/v2\/tags?post=1140"}],"curies":[{"name":"wp","href":"https:\/\/api.w.org\/{rel}","templated":true}]}}

Onkológiai Centrum

<p>Klinikánk két divízióján működtetünk onklógiai betegek számára ellátást nyújtó osztályt és járóbeteg ellátást!</p>
<script type="text/javascript" src="https://semmelweis.hu/noiklinika/wp-content/themes/se18/dist/scripts/carousel.js"></script>    <section class="post-cards shortcode-wrapper">
        <div id="news-container" class=" d-none d-sm-flex flex-column  full-width-post-cards-shortcode-card news-container-for-card-code" style="">
            
            <div class="row card-row my-2 pt-3 pb-0 mx-0 w-100 ">
               
                ﻿
    <div class="card-format col col-12 col-md-4 col-lg-6 pl-1 pl-md-0 pr-1 pr-md-2 mb-2">
        <a class="d-block w-100"  href="https://semmelweis.hu/noidaganatsebeszet/">
      <!--  <a class="d-block w-100" target="_blank" href=" "> -->
            <div class="card">
                                    <div class="card-image img-fluid ">
                         
                        <img loading="lazy" decoding="async" width="753" height="502" src="https://semmelweis.hu/noiklinika/files/2023/01/RS30655_KA-20150422-IMG_8488-pic-scr-768x512.jpg" class="landscape wp-post-image" alt="" srcset="https://semmelweis.hu/noiklinika/files/2023/01/RS30655_KA-20150422-IMG_8488-pic-scr-768x512.jpg 768w, https://semmelweis.hu/noiklinika/files/2023/01/RS30655_KA-20150422-IMG_8488-pic-scr-400x267.jpg 400w, https://semmelweis.hu/noiklinika/files/2023/01/RS30655_KA-20150422-IMG_8488-pic-scr-753x502.jpg 753w, https://semmelweis.hu/noiklinika/files/2023/01/RS30655_KA-20150422-IMG_8488-pic-scr-203x135.jpg 203w, https://semmelweis.hu/noiklinika/files/2023/01/RS30655_KA-20150422-IMG_8488-pic-scr.jpg 950w" sizes="auto, (max-width: 753px) 100vw, 753px" />                    </div>
                
                <div class="card-body">
                    <div class="card-date text-uppercase  d-none  ">
                                                    <h5><span class="font-weight-normal">2024. </span>január 15.</h5>
                                            </div>
                    <div class="card-title">
                        <h3 class="mt-2 entry-title">Nőgyógyászati Daganatsebészeti Centrum &#8211; Üllői út</h3>
                    </div>
                    <style>
                        .card-text-inside{
                                                 display: -webkit-box;
                    -webkit-line-clamp: 4;
                    -webkit-box-orient: vertical;
                     overflow:hidden;
                     text-overflow: ellipsis;
                        }
                        </style>
                                    </div>
            </div>
        </a>
    </div>


﻿
    <div class="card-format col col-12 col-md-4 col-lg-6 pl-1 pl-md-0 pr-1 pr-md-2 mb-2">
        <a class="d-block w-100"  href="https://semmelweis.hu/noiklinika/baross/fekvobeteg-ellatas/onkologiai-es-daganatsebeszeti-osztaly/">
      <!--  <a class="d-block w-100" target="_blank" href=" "> -->
            <div class="card">
                                    <div class="card-image img-fluid ">
                         
                        <img loading="lazy" decoding="async" width="753" height="502" src="https://semmelweis.hu/noiklinika/files/2023/01/RS12697_KA-20120831-IMG_5080-scr-768x512.jpg" class="landscape wp-post-image" alt="" srcset="https://semmelweis.hu/noiklinika/files/2023/01/RS12697_KA-20120831-IMG_5080-scr-768x512.jpg 768w, https://semmelweis.hu/noiklinika/files/2023/01/RS12697_KA-20120831-IMG_5080-scr-400x267.jpg 400w, https://semmelweis.hu/noiklinika/files/2023/01/RS12697_KA-20120831-IMG_5080-scr-753x502.jpg 753w, https://semmelweis.hu/noiklinika/files/2023/01/RS12697_KA-20120831-IMG_5080-scr-203x135.jpg 203w, https://semmelweis.hu/noiklinika/files/2023/01/RS12697_KA-20120831-IMG_5080-scr.jpg 950w" sizes="auto, (max-width: 753px) 100vw, 753px" />                    </div>
                
                <div class="card-body">
                    <div class="card-date text-uppercase  d-none  ">
                                                    <h5><span class="font-weight-normal">2019. </span>december 19.</h5>
                                            </div>
                    <div class="card-title">
                        <h3 class="mt-2 entry-title">Onkológiai és Daganatsebészeti Osztály &#8211; Baross utca</h3>
                    </div>
                    <style>
                        .card-text-inside{
                                                 display: -webkit-box;
                    -webkit-line-clamp: 4;
                    -webkit-box-orient: vertical;
                     overflow:hidden;
                     text-overflow: ellipsis;
                        }
                        </style>
                                    </div>
            </div>
        </a>
    </div>


                
            </div>
        </div>

                        <div class="post-slide-hirek row px-0">
            <style>
                .post-slide-hirek .owl-nav button {
                    margin: 0px !important;
                    height: 100% !important;
                }

                .card-custom-title {
                    font-size: 17px;
                    line-height: 23px;
                    overflow: hidden;
                    text-overflow: ellipsis;
                    display: -webkit-box;
                    -webkit-line-clamp: 3;
                    -webkit-box-orient: vertical;
                    min-height: 72px;
                }

                .card-custom-max-h {
                    max-height: 235px !important;
                    object-fit: cover;
                }

                .post-slide-hirek .owl-item .card-img img {
                    opacity: 1 !important;
                    aspect-ratio: 3/ 2;

                }
                .card:has(.card-date:not(.d-none)):not(:has(img)) {
                    margin-top: 20px;
                }
            </style>
                            <div class="owl-carousel col-12 px-0 mt-2 mb-4 md-md-0 d-sm-none">
                                            <a class="item-1" href="https://semmelweis.hu/noidaganatsebeszet/">

                            <div class="card-img ">
                                <img loading="lazy" decoding="async" width="560" height="373" src="https://semmelweis.hu/noiklinika/files/2023/01/RS30655_KA-20150422-IMG_8488-pic-scr.jpg" class="d-block card-custom-max-h  img-fluid n-1 wp-post-image" alt="" srcset="https://semmelweis.hu/noiklinika/files/2023/01/RS30655_KA-20150422-IMG_8488-pic-scr.jpg 950w, https://semmelweis.hu/noiklinika/files/2023/01/RS30655_KA-20150422-IMG_8488-pic-scr-400x267.jpg 400w, https://semmelweis.hu/noiklinika/files/2023/01/RS30655_KA-20150422-IMG_8488-pic-scr-768x512.jpg 768w, https://semmelweis.hu/noiklinika/files/2023/01/RS30655_KA-20150422-IMG_8488-pic-scr-753x502.jpg 753w, https://semmelweis.hu/noiklinika/files/2023/01/RS30655_KA-20150422-IMG_8488-pic-scr-203x135.jpg 203w" sizes="auto, (max-width: 560px) 100vw, 560px" />                            </div>
                            <div class="card-title mb-1">
                                <h3 class="mt-0 pt-1 mb-0 px-2 card-custom-title d-flex align-items-center d-md-block">
                                    <span class="entry-title pt-0 pt-md-1">Nőgyógyászati Daganatsebészeti Centrum &#8211; Üllői út                                </h3>
                            </div>
                            

                        </a>
                                            <a class="item-2" href="https://semmelweis.hu/noiklinika/baross/fekvobeteg-ellatas/onkologiai-es-daganatsebeszeti-osztaly/">

                            <div class="card-img ">
                                <img loading="lazy" decoding="async" width="560" height="373" src="https://semmelweis.hu/noiklinika/files/2023/01/RS12697_KA-20120831-IMG_5080-scr.jpg" class="d-block card-custom-max-h  img-fluid n-2 wp-post-image" alt="" srcset="https://semmelweis.hu/noiklinika/files/2023/01/RS12697_KA-20120831-IMG_5080-scr.jpg 950w, https://semmelweis.hu/noiklinika/files/2023/01/RS12697_KA-20120831-IMG_5080-scr-400x267.jpg 400w, https://semmelweis.hu/noiklinika/files/2023/01/RS12697_KA-20120831-IMG_5080-scr-768x512.jpg 768w, https://semmelweis.hu/noiklinika/files/2023/01/RS12697_KA-20120831-IMG_5080-scr-753x502.jpg 753w, https://semmelweis.hu/noiklinika/files/2023/01/RS12697_KA-20120831-IMG_5080-scr-203x135.jpg 203w" sizes="auto, (max-width: 560px) 100vw, 560px" />                            </div>
                            <div class="card-title mb-1">
                                <h3 class="mt-0 pt-1 mb-0 px-2 card-custom-title d-flex align-items-center d-md-block">
                                    <span class="entry-title pt-0 pt-md-1">Onkológiai és Daganatsebészeti Osztály &#8211; Baross utca                                </h3>
                            </div>
                            

                        </a>
                                    </div>

                    
        </div><!-- owl-carousel -->
    </section>

<p>Osztályunk orvosai, szakdolgozói magas színvonalon végzik a daganatos és daganat megelőző állapottal diagnosztizált betegek kivizsgálását, műtéti, illetve műtét utáni ellátását, valamint utógondozását. Orvosaink szaktudása, operatív tapasztalata felöleli a jó- és rosszindulatú nőgyógyászati betegségek széles skáláját. <a href="https://semmelweis.hu/noionkologia/betegellatas/ismertetok/petefeszekrak/">Petefészekből kiinduló térfoglaló folyamatok kivizsgálása és ellátása</a> <a href="https://semmelweis.hu/noionkologia/betegellatas/ismertetok/mehnyakrak/">Méhnyak rákmegelőző, és daganatos állapotainak korszerű kivizsgálása és kezelése</a> <a href="https://semmelweis.hu/noionkologia/betegellatas/ismertetok/mehtestrak/">Méhtest jó és rosszindulatú daganatinak komplex ellátása</a> <a href="https://semmelweis.hu/noionkologia/betegellatas/ismertetok/vulvarak/">Szeméremtest rákmegelőző állapotainak és rosszindulatú daganatainak széleskörű ellátása</a> Méhlepény eredetű daganatok gyógyszeres és műtéti kezelése Nőgyógyászati daganatok gyógyszeres és célzott terápiája Klinikánkon az év minden napján folyamatos ellátás &hellip;</p>
