{"id":30,"date":"2021-08-31T21:08:50","date_gmt":"2021-08-31T19:08:50","guid":{"rendered":"https:\/\/semmelweis.hu\/noidaganatsebeszet\/?page_id=30"},"modified":"2021-09-09T12:33:47","modified_gmt":"2021-09-09T10:33:47","slug":"gy-i-k","status":"publish","type":"page","link":"https:\/\/semmelweis.hu\/noidaganatsebeszet\/gy-i-k\/","title":{"rendered":"GY.I.K"},"content":{"rendered":"<h1>GYAKRAN ISM\u00c9TELT K\u00c9RD\u00c9SEK<\/h1>\n<div class=\"exp-col-content-holder\"><a class=\"expand-cnt-link\" href=\"#\">N\u0151gy\u00f3gy\u00e1szati r\u00e1kos elv\u00e1ltoz\u00e1st mutattak ki n\u00e1lam, mit tegyek? <\/a><\/p>\n<div class=\"hidden-content\">\n<p class=\"hiddenContentp\">Leleteivel jelentkezzen be p\u00e9nteki ambul\u00e1ns rendel\u00e9s\u00fcnkre az al\u00e1bbi telefonsz\u00e1mon: +36206661608 Hozza mag\u00e1val iratait \u00e9s kor\u00e1bbi dokument\u00e1ci\u00f3it. A koll\u00e9g\u00e1k ezen iratok \u00e1tnlz\u00e9se \u00e9s vizsg\u00e1latot k\u00f6vet\u0151en t\u00e1j\u00e9koztatj\u00e1k a tov\u00e1bbi teend\u0151kr\u0151l.<\/p>\n<\/div>\n<\/div>\n<div class=\"exp-col-content-holder\"><a class=\"expand-cnt-link\" href=\"#\">Mibe ker\u00fcl a kivizsg\u00e1l\u00e1s? <\/a><\/p>\n<div class=\"hidden-content\">\n<p class=\"hiddenContentp\">A Semmelweis Egyetem \u00e9rv\u00e9nyes TAJ k\u00e1rtya birtok\u00e1ban a kivizsg\u00e1l\u00e1s \u00e9s a m\u0171t\u00e9t TB-alapon t\u00f6rt\u00e9nik, \u00d6nnek ez\u00e9rt fizetnie nem kell. A ki\u00e1ll\u00edtott beutal\u00f3k felhaszn\u00e1l\u00e1s\u00e1val az \u00f6sszes kieg\u00e9sz\u00edt\u0151 vizsg\u00e1latot is el tudja int\u00e9t\u00e9zni t\u00e9r\u00edt\u00e9smentesen.<\/p>\n<\/div>\n<\/div>\n<div class=\"exp-col-content-holder\"><a class=\"expand-cnt-link\" href=\"#\">R\u00e1kos vagyok, ez m\u0171t\u00e9ttel kezelhet\u0151? <\/a><\/p>\n<div class=\"hidden-content\">\n<p class=\"hiddenContentp\">Ahhoz, hogy meg\u00e1llap\u00edtsuk, hogy valaki val\u00f3ban tud-e egy m\u0171t\u00e9ti beavatkoz\u00e1sb\u00f3l profit\u00e1lni r\u00e9szletesen k\u00f6rbe kell j\u00e1rni a betegs\u00e9g kiterjedts\u00e9g\u00e9t. Mindenkinek egy\u00e9nre szabottan kell megtervez\u00fcnk a ter\u00e1pi\u00e1s terv\u00e9t, ehhez r\u00e9szletes ultrahang \u00e9s k\u00e9palkot\u00f3 vizsg\u00e1latokra van sz\u00fcks\u00e9g, hiszen ez kulcsa annak, hogy a k\u00f3rk\u00e9pet megfelel\u0151en tudjuk kezelni. Ambulanci\u00e1nkon r\u00e9szletesen felvil\u00e1gos\u00edtjuk a teend\u0151kr\u0151l, k\u00e9rjen id\u0151pontot az al\u00e1bbi sz\u00e1mon: +36206661608<\/p>\n<\/div>\n<\/div>\n<div class=\"exp-col-content-holder\"><a class=\"expand-cnt-link\" href=\"#\">R\u00e1kos vagyok, milyen gyorsan tudnak megoper\u00e1lni? <\/a><\/p>\n<div class=\"hidden-content\">\n<p class=\"hiddenContentp\">A kivizsg\u00e1l\u00e1s \u00e9s az alapos el\u0151k\u00e9sz\u00edt\u00e9s rendk\u00edv\u00fcl fontos a m\u0171t\u00e9t mgefelel\u0151 kimenetele \u00e9rdek\u00e9ben. A lehet\u0151 leggyorsabban biztos\u00edtjuk azoknak a betegeknek a m\u0171t\u00e9ti id\u0151pontokat akiknek ezekre t\u00e9nylegesen sz\u00fcks\u00e9g van. A klinik\u00e1nkon k\u00e9t nap csak kiz\u00e1r\u00f3lag onkol\u00f3giai m\u0171t\u00e9teket v\u00e9gz\u00fcnk, \u00edgy biztos\u00edtott a min\u00e9l gyorsabb ell\u00e1t\u00e1s.<\/p>\n<\/div>\n<\/div>\n<div class=\"exp-col-content-holder\"><a class=\"expand-cnt-link\" href=\"#\">Milyen n\u0151gy\u00f3gy\u00e1szati dagantot tudnak megoper\u00e1lni? <\/a><\/p>\n<div class=\"hidden-content\">\n<p class=\"hiddenContentp\">A n\u0151gy\u00f3gy\u00e1szati daganatok teljes palett\u00e1j\u00e1t meg tudjuk oper\u00e1lni.<\/p>\n<\/div>\n<\/div>\n<div class=\"exp-col-content-holder\"><a class=\"expand-cnt-link\" href=\"#\">Milyen extra vizsg\u00e1latok sz\u00fcks\u00e9gesek a m\u0171t\u00e9t el\u0151tt? <\/a><\/p>\n<div class=\"hidden-content\">\n<p class=\"hiddenContentp\">A teljes kivizsg\u00e1l\u00e1si menetrendet a honlapon M\u0171t\u00e9t el\u0151tt\/Kivizsg\u00e1l\u00e1s menete pont alatt tudja megtal\u00e1lni.<\/p>\n<\/div>\n<\/div>\n<div class=\"exp-col-content-holder\"><a class=\"expand-cnt-link\" href=\"#\">Mit hozzak magammal a k\u00f3rh\u00e1zba? <\/a><\/p>\n<div class=\"hidden-content\">\n<p class=\"hiddenContentp\">Az \u00f6sszes m\u0171t\u00e9t napj\u00e1n hasznos tudnival\u00f3t a M\u0171t\u00e9t el\u0151tt\/ A m\u0171t\u00e9t napja men\u00fcpontban tud megtal\u00e1lni.<\/p>\n<\/div>\n<\/div>\n<div class=\"exp-col-content-holder\"><a class=\"expand-cnt-link\" href=\"#\">Milyen gyorsan tudok hazamenni a m\u0171t\u00e9t ut\u00e1n? <\/a><\/p>\n<div class=\"hidden-content\">\n<p class=\"hiddenContentp\">A n\u0151gy\u00f3gy\u00e1szati m\u0171t\u00e9tek ut\u00e1ni fel\u00e9p\u00fcl\u00e9s f\u00fcgg a daganat t\u00edpusa \u00e9s a kiterjedts\u00e9gt\u0151l is. Mivel ezek \u00e1ltal\u00e1ban a beteg \u00e9s betegs\u00e9g\u00e9re szem\u00e9lyre szabottak \u00edgy a regener\u00e1ci\u00f3 is egy\u00e9n f\u00fcgg\u0151. \u00c1tlagosan mondatjuk, hogy egy h\u00e9tn\u00e9l t\u00f6bbet ritka esetben kell a k\u00f3rh\u00e1zban t\u00f6ltenie betegeinknek.<\/p>\n<\/div>\n<\/div>\n<div class=\"exp-col-content-holder\"><a class=\"expand-cnt-link\" href=\"#\">M\u0171t\u00e9t ut\u00e1n milyen teend\u0151im vannak? <\/a><\/p>\n<div class=\"hidden-content\">\n<p class=\"hiddenContentp\">M\u0171t\u00e9ttel nem mindig z\u00e1rul le egy dagantos beteg ter\u00e1pi\u00e1ja. Betegs\u00e9gf\u00fcgg\u0151, de lehet, hogy a m\u0171t\u00e9t ut\u00e1n sz\u00fcks\u00e9ges lehet sug\u00e1r vagy kemoter\u00e1pia is. Err\u0151l a m\u0171t\u00e9t el\u0151tti konzult\u00e1ci\u00f3n r\u00e9szletesen tud besz\u00e9lni a kezel\u0151orvos\u00e1val.<\/p>\n<\/div>\n<\/div>\n<p>&nbsp;<\/p>\n","protected":false},"excerpt":{"rendered":"<p>GYAKRAN ISM\u00c9TELT K\u00c9RD\u00c9SEK <a class=\"expand-cnt-link\" href=\"#\">N\u0151gy\u00f3gy\u00e1szati r\u00e1kos elv\u00e1ltoz\u00e1st mutattak ki n\u00e1lam, mit tegyek? <\/a> Leleteivel jelentkezzen be p\u00e9nteki ambul\u00e1ns rendel\u00e9s\u00fcnkre az al\u00e1bbi telefonsz\u00e1mon: +36206661608 Hozza mag\u00e1val iratait \u00e9s kor\u00e1bbi dokument\u00e1ci\u00f3it. A koll\u00e9g\u00e1k ezen iratok \u00e1tnlz\u00e9se \u00e9s vizsg\u00e1latot k\u00f6vet\u0151en t\u00e1j\u00e9koztatj\u00e1k a tov\u00e1bbi teend\u0151kr\u0151l. <a class=\"expand-cnt-link\" href=\"#\">Mibe ker\u00fcl a kivizsg\u00e1l\u00e1s? <\/a> A Semmelweis Egyetem \u00e9rv\u00e9nyes TAJ k\u00e1rtya birtok\u00e1ban a kivizsg\u00e1l\u00e1s \u00e9s a m\u0171t\u00e9t TB-alapon t\u00f6rt\u00e9nik, \u00d6nnek ez\u00e9rt fizetnie nem kell. A ki\u00e1ll\u00edtott beutal\u00f3k felhaszn\u00e1l\u00e1s\u00e1val az &hellip;<\/p>\n","protected":false},"author":101933,"featured_media":0,"parent":0,"menu_order":5,"comment_status":"closed","ping_status":"closed","template":"","meta":{"_acf_changed":false,"footnotes":""},"categories":[],"tags":[],"class_list":["post-30","page","type-page","status-publish","hentry"],"acf":[],"_links":{"self":[{"href":"https:\/\/semmelweis.hu\/noidaganatsebeszet\/wp-json\/wp\/v2\/pages\/30","targetHints":{"allow":["GET"]}}],"collection":[{"href":"https:\/\/semmelweis.hu\/noidaganatsebeszet\/wp-json\/wp\/v2\/pages"}],"about":[{"href":"https:\/\/semmelweis.hu\/noidaganatsebeszet\/wp-json\/wp\/v2\/types\/page"}],"author":[{"embeddable":true,"href":"https:\/\/semmelweis.hu\/noidaganatsebeszet\/wp-json\/wp\/v2\/users\/101933"}],"replies":[{"embeddable":true,"href":"https:\/\/semmelweis.hu\/noidaganatsebeszet\/wp-json\/wp\/v2\/comments?post=30"}],"version-history":[{"count":6,"href":"https:\/\/semmelweis.hu\/noidaganatsebeszet\/wp-json\/wp\/v2\/pages\/30\/revisions"}],"predecessor-version":[{"id":169,"href":"https:\/\/semmelweis.hu\/noidaganatsebeszet\/wp-json\/wp\/v2\/pages\/30\/revisions\/169"}],"wp:attachment":[{"href":"https:\/\/semmelweis.hu\/noidaganatsebeszet\/wp-json\/wp\/v2\/media?parent=30"}],"wp:term":[{"taxonomy":"category","embeddable":true,"href":"https:\/\/semmelweis.hu\/noidaganatsebeszet\/wp-json\/wp\/v2\/categories?post=30"},{"taxonomy":"post_tag","embeddable":true,"href":"https:\/\/semmelweis.hu\/noidaganatsebeszet\/wp-json\/wp\/v2\/tags?post=30"}],"curies":[{"name":"wp","href":"https:\/\/api.w.org\/{rel}","templated":true}]}}