{"id":27,"date":"2021-08-31T21:12:18","date_gmt":"2021-08-31T19:12:18","guid":{"rendered":"https:\/\/semmelweis.hu\/noidaganatsebeszet\/?page_id=27"},"modified":"2021-09-09T12:26:56","modified_gmt":"2021-09-09T10:26:56","slug":"tajekozatok","status":"publish","type":"page","link":"https:\/\/semmelweis.hu\/noidaganatsebeszet\/tajekozatok\/","title":{"rendered":"T\u00e1j\u00e9kozat\u00f3k"},"content":{"rendered":"<p>&nbsp;<\/p>\n<ul style=\"list-style-type: square;\">\n<li><a href=\"https:\/\/semmelweis.hu\/noidaganatsebeszet\/files\/2021\/09\/HU\u0308VELYFAL-KIMETSZE\u0301S-v1.0-2010.10.01..pdf\">H\u00fcvelyfali kimetsz\u00e9s<\/a><\/li>\n<li><a href=\"https:\/\/semmelweis.hu\/noidaganatsebeszet\/files\/2021\/09\/WERTHEIM-MU\u030bTE\u0301T-v1.0-2010.10.01..pdf\">M\u00e9hnyak daganat Wertheim kezel\u00e9se<\/a><\/li>\n<li><a href=\"https:\/\/semmelweis.hu\/noidaganatsebeszet\/files\/2021\/09\/LOOP-KONIZA\u0301CIO\u0301-V1.0-2010.10.01..pdf\">M\u00e9hnyak magasfrekvenci\u00e1s kimetsz\u00e9se (loop conisatio)\u00a0<\/a><\/li>\n<li><a href=\"https:\/\/semmelweis.hu\/noidaganatsebeszet\/files\/2021\/09\/ABRASIO-v1.0-2010.10.01.-1.pdf\">M\u00e9hkapar\u00e1s (abrasio \/ curettage)\u00a0<\/a><\/li>\n<li><a href=\"https:\/\/semmelweis.hu\/noidaganatsebeszet\/files\/2021\/09\/ME\u0301HTEST-CC-v1.0-2010.10.01..pdf\">M\u00e9htest daganat m\u0171t\u00e9ti kezel\u00e9se\u00a0<\/a><\/li>\n<li><a href=\"https:\/\/semmelweis.hu\/noidaganatsebeszet\/files\/2021\/09\/LSK-HYSTERECOMIA-v1.0-2010.10.01..pdf\">M\u00e9htest elt\u00e1vol\u00edt\u00e1s hast\u00fckr\u00f6z\u00e9s \u00fatj\u00e1n\u00a0<\/a><\/li>\n<li><a href=\"https:\/\/semmelweis.hu\/noidaganatsebeszet\/files\/2021\/09\/PETEFE\u0301SZEK-CC-v1.0-2010.10.01..pdf\">Petef\u00e9szek daganat m\u0171t\u00e9ti kezel\u00e9se\u00a0<\/a><\/li>\n<li><a href=\"https:\/\/semmelweis.hu\/noidaganatsebeszet\/files\/2021\/09\/VULVECTOMIA-v1.0-2010.10.01..pdf\">Szem\u00e9remtest teljes \/ r\u00e9szleges elt\u00e1vol\u00edt\u00e1sa (Vulvectomia)\u00a0<\/a><\/li>\n<li><a href=\"https:\/\/semmelweis.hu\/noidaganatsebeszet\/files\/2021\/09\/SZEME\u0301REMTEST-MU\u030bTE\u0301T-v1.0.-2010.10.01..pdf\">Szem\u00e9remtesten v\u00e9gzett kis m\u0171t\u00e9ti beavatkoz\u00e1s<\/a><\/li>\n<\/ul>\n","protected":false},"excerpt":{"rendered":"<p>&nbsp;<\/p>\n<p><a href=\"https:\/\/semmelweis.hu\/noidaganatsebeszet\/files\/2021\/09\/HU\u0308VELYFAL-KIMETSZE\u0301S-v1.0-2010.10.01..pdf\">H\u00fcvelyfali kimetsz\u00e9s<\/a><br \/>\n<a href=\"https:\/\/semmelweis.hu\/noidaganatsebeszet\/files\/2021\/09\/WERTHEIM-MU\u030bTE\u0301T-v1.0-2010.10.01..pdf\">M\u00e9hnyak daganat Wertheim kezel\u00e9se<\/a><br \/>\n<a href=\"https:\/\/semmelweis.hu\/noidaganatsebeszet\/files\/2021\/09\/LOOP-KONIZA\u0301CIO\u0301-V1.0-2010.10.01..pdf\">M\u00e9hnyak magasfrekvenci\u00e1s kimetsz\u00e9se (loop conisatio)\u00a0<\/a><br \/>\n<a href=\"https:\/\/semmelweis.hu\/noidaganatsebeszet\/files\/2021\/09\/ABRASIO-v1.0-2010.10.01.-1.pdf\">M\u00e9hkapar\u00e1s (abrasio \/ curettage)\u00a0<\/a><br \/>\n<a href=\"https:\/\/semmelweis.hu\/noidaganatsebeszet\/files\/2021\/09\/ME\u0301HTEST-CC-v1.0-2010.10.01..pdf\">M\u00e9htest daganat m\u0171t\u00e9ti kezel\u00e9se\u00a0<\/a><br \/>\n<a href=\"https:\/\/semmelweis.hu\/noidaganatsebeszet\/files\/2021\/09\/LSK-HYSTERECOMIA-v1.0-2010.10.01..pdf\">M\u00e9htest elt\u00e1vol\u00edt\u00e1s hast\u00fckr\u00f6z\u00e9s \u00fatj\u00e1n\u00a0<\/a><br \/>\n<a href=\"https:\/\/semmelweis.hu\/noidaganatsebeszet\/files\/2021\/09\/PETEFE\u0301SZEK-CC-v1.0-2010.10.01..pdf\">Petef\u00e9szek daganat m\u0171t\u00e9ti kezel\u00e9se\u00a0<\/a><br \/>\n<a href=\"https:\/\/semmelweis.hu\/noidaganatsebeszet\/files\/2021\/09\/VULVECTOMIA-v1.0-2010.10.01..pdf\">Szem\u00e9remtest teljes \/ r\u00e9szleges elt\u00e1vol\u00edt\u00e1sa (Vulvectomia)\u00a0<\/a><br \/>\n<a href=\"https:\/\/semmelweis.hu\/noidaganatsebeszet\/files\/2021\/09\/SZEME\u0301REMTEST-MU\u030bTE\u0301T-v1.0.-2010.10.01..pdf\">Szem\u00e9remtesten v\u00e9gzett kis m\u0171t\u00e9ti beavatkoz\u00e1s<\/a><\/p>\n","protected":false},"author":101933,"featured_media":0,"parent":0,"menu_order":4,"comment_status":"closed","ping_status":"closed","template":"","meta":{"_acf_changed":false,"footnotes":""},"categories":[],"tags":[],"class_list":["post-27","page","type-page","status-publish","hentry"],"acf":[],"_links":{"self":[{"href":"https:\/\/semmelweis.hu\/noidaganatsebeszet\/wp-json\/wp\/v2\/pages\/27","targetHints":{"allow":["GET"]}}],"collection":[{"href":"https:\/\/semmelweis.hu\/noidaganatsebeszet\/wp-json\/wp\/v2\/pages"}],"about":[{"href":"https:\/\/semmelweis.hu\/noidaganatsebeszet\/wp-json\/wp\/v2\/types\/page"}],"author":[{"embeddable":true,"href":"https:\/\/semmelweis.hu\/noidaganatsebeszet\/wp-json\/wp\/v2\/users\/101933"}],"replies":[{"embeddable":true,"href":"https:\/\/semmelweis.hu\/noidaganatsebeszet\/wp-json\/wp\/v2\/comments?post=27"}],"version-history":[{"count":3,"href":"https:\/\/semmelweis.hu\/noidaganatsebeszet\/wp-json\/wp\/v2\/pages\/27\/revisions"}],"predecessor-version":[{"id":166,"href":"https:\/\/semmelweis.hu\/noidaganatsebeszet\/wp-json\/wp\/v2\/pages\/27\/revisions\/166"}],"wp:attachment":[{"href":"https:\/\/semmelweis.hu\/noidaganatsebeszet\/wp-json\/wp\/v2\/media?parent=27"}],"wp:term":[{"taxonomy":"category","embeddable":true,"href":"https:\/\/semmelweis.hu\/noidaganatsebeszet\/wp-json\/wp\/v2\/categories?post=27"},{"taxonomy":"post_tag","embeddable":true,"href":"https:\/\/semmelweis.hu\/noidaganatsebeszet\/wp-json\/wp\/v2\/tags?post=27"}],"curies":[{"name":"wp","href":"https:\/\/api.w.org\/{rel}","templated":true}]}}