{"id":25,"date":"2021-08-31T21:12:18","date_gmt":"2021-08-31T19:12:18","guid":{"rendered":"https:\/\/semmelweis.hu\/noidaganatsebeszet\/?page_id=25"},"modified":"2021-09-09T12:16:45","modified_gmt":"2021-09-09T10:16:45","slug":"mutet-elott","status":"publish","type":"page","link":"https:\/\/semmelweis.hu\/noidaganatsebeszet\/mutet-elott\/","title":{"rendered":"M\u0171t\u00e9t el\u0151tt"},"content":{"rendered":"<p>Az al\u00e1bbiakban az onkol\u00f3giai kivizsg\u00e1l\u00e1s menet\u00e9r\u0151l, a k\u00f3rh\u00e1zba indul\u00e1s el\u0151tti otthoni checklist\u00e1r\u00f3l, \u00e9s m\u0171t\u00e9t napj\u00e1n, k\u00f3rh\u00e1zi benttart\u00f3zkod\u00e1sa alatti teend\u0151kr\u0151l olvashat.\u00a0 Minden dokumentum let\u00f6lthet\u0151 a honlapr\u00f3l a f\u00fclek alj\u00e1n.\u00a0\u00a0<\/p>\n<div class=\"responsive-tabs\">\n<h2 class=\"tabtitle\">Kivizsg\u00e1l\u00e1s menete<\/h2>\n<div class=\"tabcontent\">\n\n<p>A m\u0171t\u00e9t el\u0151tti kivizsg\u00e1l\u00e1sa kapcs\u00e1n a\u00a0 k\u00f6nnyebb eligazod\u00e1s c\u00e9lj\u00e1b\u00f3l t\u00e1j\u00e9koztatjuk \u00d6nt a legsz\u00fcks\u00e9gesebb tudnival\u00f3kr\u00f3l a Sz\u00fcl\u00e9szeti \u00e9s N\u0151gy\u00f3gy\u00e1szati Klinika \u00dcll\u0151i \u00fati r\u00e9szleg\u00e9n (1082, Budapest \u00dcll\u0151i \u00fat 78\/A) tervezett m\u0171t\u00e9tje kapcs\u00e1n.<\/p>\n<p>A m\u0171t\u00e9ti el\u0151k\u00e9sz\u00fcletek:<\/p>\n<ul>\n<li>MR vizsg\u00e1lat<\/li>\n<li>Labor: v\u00e9rk\u00e9p, v\u00e9rcsoport+ellenanyagsz\u0171r\u00e9s, m\u00e1j \u00e9s vesefunkci\u00f3, t. vizelet, INR<\/li>\n<li>EKG vizsg\u00e1lat<\/li>\n<li>Mellkas r\u00f6ntgen<\/li>\n<li>Anesthesiol\u00f3giai vizsg\u00e1lat<\/li>\n<li>M\u0171t\u00e9t el\u0151tti teend\u0151k<\/li>\n<\/ul>\n<p><strong>MR vizsg\u00e1lat<\/strong><\/p>\n<p>Az MR vizsg\u00e1lathoz sz\u00fcks\u00e9ges beutal\u00f3t a kivizsg\u00e1l\u00e1s sor\u00e1n megkapta, ennek jobb fels\u0151 sark\u00e1ban tal\u00e1lja az id\u0151pontot, amikor jelentkeznie kell a \u00a0Semmelweis Egyetem Orvosi K\u00e9palkot\u00f3 Klinik\u00e1j\u00e1n.<\/p>\n<p><strong>Labor vizsg\u00e1lat <\/strong><\/p>\n<p>Laborvizsg\u00e1latot t\u00e1rsadalombiztos\u00edt\u00e1si alapon a ter\u00fcletileg illet\u00e9kes laborban tudja elv\u00e9gezni, melyhez sz\u00fcks\u00e9ges beutal\u00f3t az ambul\u00e1ns tal\u00e1lkoz\u00e1s sor\u00e1n \u00e1tadtuk.<\/p>\n<p>Laborvizsg\u00e1latot \u00f6nk\u00f6lts\u00e9gen elv\u00e9gezheti<\/p>\n<ul>\n<li>SE II.sz. Sz\u00fcl\u00e9szeti \u00e9s N\u0151gy\u00f3gy\u00e1szati Klinika Laborj\u00e1ban H-P 07:00-10:00 k\u00f6z\u00f6tt. (Labor: 1082 Bp. \u00dcll\u0151i \u00fat 78\/a, mozg\u00f3l\u00e9pcs\u0151n fel, majd jobbra sz\u00fcl\u0151szoba folyos\u00f3j\u00e1n)<\/li>\n<li>Synlab (\u00dcgyf\u00e9lszolg\u00e1lat:+36 1 5 888 500)<\/li>\n<\/ul>\n<p><strong>EKG vizsg\u00e1lat, Mellkas r\u00f6ntgen<\/strong><\/p>\n<p>Az EKG vizsg\u00e1lat elv\u00e9gz\u00e9s\u00e9hez a beutal\u00f3t az ambul\u00e1ns kivizsg\u00e1l\u00e1s sor\u00e1n megkapta, a vizsg\u00e1latokat \u00f6nk\u00f6lts\u00e9gen is elv\u00e9gezheti.<\/p>\n<p><strong>Anesthesiol\u00f3giai vizsg\u00e1lat <\/strong><\/p>\n<p>A fenti eredm\u00e9nyekkel\u00a0 (m\u0171t\u00e9t id\u0151pontj\u00e1hoz k\u00e9pest <strong><u>egy h\u00f3napn\u00e1l<\/u> <\/strong>egyik lelet sem lehet r\u00e9gebbi jelentkezzen altat\u00f3orvosi\u00a0 vizsg\u00e1latra.<\/p>\n<p>Altat\u00f3orvosi (anaesthesiol\u00f3giai) vizsg\u00e1latra jelentkezzen a +36206661608 -as telefonsz\u00e1mon. Id\u0151pontk\u00e9r\u00e9s kapcs\u00e1n kalkul\u00e1ljon azzal, hogy az anesthesiol\u00f3gusok is leterheltek, \u00edgy az id\u0151pontot j\u00f3 el\u0151re k\u00e9rje meg!<\/p>\n<p><strong>A m\u0171t\u00e9t el\u0151tti teend\u0151k <\/strong><\/p>\n<ul style=\"list-style-type: square;\">\n<li>M\u0171t\u00e9t el\u0151tti napon k\u00f6nny\u0171 reggeli \u00e9s eb\u00e9d, majd eb\u00e9det k\u00f6vet\u0151en hashajt\u00e1s javasolt.<\/li>\n<li>M\u0171t\u00e9tet megel\u0151z\u0151en minden \u00e9kszert, gy\u0171r\u0171t, piercinget el kell t\u00e1vol\u00edtani.<\/li>\n<li>M\u0171t\u00e9t napj\u00e1n \u00e9jf\u00e9lt\u0151l ne egyen, ne igyon semmit (k\u00e1v\u00e9t sem).<\/li>\n<li>Rendszeresen szedett gy\u00f3gyszereit (hacsak az altat\u00f3 orvos nem javasol m\u00e1st) f\u00e9l korty sz\u00e9nsavmentes v\u00edzzel vegye be reggel.<\/li>\n<\/ul>\n<p><strong>Reggel 7:00-kor<\/strong> jelentkezzen a betegfelv\u00e9teli pultn\u00e1l, minden lelet\u00e9vel egy\u00fctt.<\/p>\n<p>K\u00f3rh\u00e1zi benntart\u00f3zkod\u00e1s \u00e1tlagos ideje: hasi, nagyobb h\u00fcvelyi m\u0171t\u00e9tek eset\u00e9n: 3-4 nap (2-3 \u00e9jszaka)<\/p>\n<p><a href=\"https:\/\/semmelweis.hu\/noidaganatsebeszet\/files\/2021\/09\/Kivizsga\u0301la\u0301s-menete.pdf\">Let\u00f6lthet\u0151 dokumentum (pdf)\u00a0<\/a><\/p>\n\n<\/div><h2 class=\"tabtitle\">K\u00f3rh\u00e1zba \u00e9rkez\u00e9s el\u0151tti checklista<\/h2>\n<div class=\"tabcontent\">\n\n<h4>K\u00f3rh\u00e1zba \u00e9rkez\u00e9s el\u0151tti checklista<\/h4>\n<p><strong>M\u0171t\u00e9t el\u0151tti napon elv\u00e9gzend\u0151 otthoni teend\u0151k<\/strong><\/p>\n<ul>\n<li>Smink, m\u0171k\u00f6r\u00f6m, k\u00f6r\u00f6mlakk elt\u00e1vol\u00edt\u00e1sa<\/li>\n<li>M\u0171t\u00e9ti ter\u00fclet ( kiterjesztett) borotv\u00e1l\u00e1sa<\/li>\n<li>\u00c9kszerek elt\u00e1vol\u00edt\u00e1sa<\/li>\n<\/ul>\n<p><strong>K\u00f3rh\u00e1zi felv\u00e9telhez sz\u00fcks\u00e9ges iratok<\/strong><\/p>\n<ul>\n<li>Szem\u00e9lyi igazolv\u00e1ny, lakc\u00edm k\u00e1rtya, TAJ k\u00e1rtya<\/li>\n<li>V\u00e9detts\u00e9gi igazolv\u00e1ny \/ennek hi\u00e1ny\u00e1ban 48 \u00f3r\u00e1s PCR vizsg\u00e1lat eredm\u00e9ny<\/li>\n<li>Kor\u00e1bbi kivizsg\u00e1l\u00e1s dokument\u00e1ci\u00f3k<\/li>\n<li>Laborvizsg\u00e1lat lelete<\/li>\n<li>V\u00e9rcsport lelet<\/li>\n<li>Anaesthesiol\u00f3giai ambul\u00e1ns lap<\/li>\n<\/ul>\n<p><strong>Benttart\u00f3zkod\u00e1s alatt hasznos t\u00e1rgyak<\/strong><\/p>\n<ul>\n<li>Mobiltelefon \u00e9s t\u00f6lt\u0151<\/li>\n<li>H\u00e1l\u00f3ruha, v\u00e1lt\u00f3 h\u00e1l\u00f3ruha<\/li>\n<li>Tiszt\u00e1lkod\u00e1si szerek<\/li>\n<li>Toalettpap\u00edr<\/li>\n<li>Papucs<\/li>\n<li>Iv\u00f3poh\u00e1r<\/li>\n<li>L\u00e1zm\u00e9r\u0151<\/li>\n<li>\u00daj\u00e1sgok \/ olvasnival\u00f3k \/ zenelej\u00e1tsz\u00f3<\/li>\n<\/ul>\n<p><a href=\"https:\/\/semmelweis.hu\/noidaganatsebeszet\/files\/2021\/09\/Ko\u0301rha\u0301zba-e\u0301rkeze\u0301s-elo\u030btti-checklista.docx\">Let\u00f6lthet\u0151 dokumentum (pdf)\u00a0<\/a><\/p>\n\n<\/div><h2 class=\"tabtitle\">A m\u0171t\u00e9t napja<\/h2>\n<div class=\"tabcontent\">\n\n<p>Az al\u00e1bbi t\u00e1j\u00e9koztat\u00f3ban r\u00e9szletes le\u00edr\u00e1st olvashat a m\u0171t\u00e9t napj\u00e1n t\u00f6rt\u00e9n\u0151 teend\u0151kr\u0151l.<\/p>\n<p><strong>BETEGFELV\u00c9TEL<\/strong><\/p>\n<p>A be\u00e9rkez\u00e9s napj\u00e1n adminisztr\u00e1ci\u00f3s, n\u0151v\u00e9ri \u00e9s orvosi betegfelv\u00e9tel fog t\u00f6rt\u00e9nni.<\/p>\n<p>A betegfelv\u00e9tel a f\u0151bej\u00e1ratt\u00f3l jobbra a n\u0151gy\u00f3gy\u00e1szati ambulanci\u00e1n kezd\u0151dik, minden h\u00e9tk\u00f6znap reggel 07:00 \u00f3r\u00e1t\u00f3l.<\/p>\n<p>K\u00e9rj\u00fck legal\u00e1bb 15 perccel kor\u00e1bban \u00e9rkezzen hamrabb, hogy egfelel\u0151 id\u0151ben siker\u00fclj\u00f6n a regisztr\u00e1ci\u00f3s teend\u0151ket elv\u00e9gezni<\/p>\n<p>K\u00e9rj\u00fck, hogy felv\u00e9telkor hozza mag\u00e1val:<\/p>\n<ul>\n<li><strong><em>szem\u00e9lyi igazolv\u00e1ny\u00e1tlakc\u00edm k\u00e1rty\u00e1j\u00e1t<\/em><\/strong><\/li>\n<li><strong><em>betegbiztos\u00edt\u00e1si (TAJ) k\u00e1rty\u00e1j\u00e1t<\/em><\/strong><\/li>\n<li>a m\u0171t\u00e9ti beavatkoz\u00e1shoz sz\u00fcks\u00e9ges, a\u00a0<strong><em>kivizsg\u00e1l\u00e1s kapcs\u00e1n elk\u00e9sz\u00fclt minden lelet\u00e9t<\/em><\/strong><\/li>\n<li>r\u00e9gebbi\u00a0<strong><em>z\u00e1r\u00f3jelent\u00e9seit<\/em><\/strong><\/li>\n<li>egy\u00e9b orvosi dokumentumait.<\/li>\n<li>COVID PCR tesztj\u00e9t ( m\u0171t\u00e9t el\u0151tt 48 \u00f3r\u00e1val kor\u00e1bban ev\u00e9gzett)<\/li>\n<li>V\u00e9detts\u00e9gi igazolv\u00e1ny\u00e1t.<\/li>\n<\/ul>\n<p>Az betegfelv\u00e9telen \u00a0t\u00f6rt\u00e9n\u0151 felv\u00e9tel\u00e9t k\u00f6vet\u0151en a Klinika N\u0151oszt\u00e1ly\u00e1ra fogj\u00e1k ir\u00e1ny\u00edtani. Ez a liftekkel k\u00f6zlekedve a legfels\u0151 emeleten van. Itt t\u00f6rt\u00e9nik a n\u0151v\u00e9ri \u00e9s orvosi betegfelv\u00e9tel, ahol az \u00e1pol\u00e1si dokumentumait \u00e9s orvosi leleteit fogj\u00e1k rendszerezni. Ezt k\u00f6vet\u0151en tudja elfoglalni k\u00f3rterm\u00e9t \u00e9s \u00e1gy\u00e1t.<\/p>\n<p>A n\u0151gy\u00f3gy\u00e1szati oszt\u00e1lyon csak 1-2 \u00e1gyas k\u00f3rtermeink vannak, mindegyik saj\u00e1t f\u00fcrd\u0151szob\u00e1val felszerelve.<\/p>\n<p>Saj\u00e1t k\u00e9nyelme \u00e9rdek\u00e9ben felv\u00e9telkor az al\u00e1bbi t\u00e1rgyakat hozza mag\u00e1val:<\/p>\n<ul>\n<li>Mobiltelefon \u00e9s t\u00f6lt\u0151<\/li>\n<li>saj\u00e1t h\u00e1l\u00f3ruh\u00e1ja \u00e9s egy v\u00e1lt\u00f3 h\u00e1l\u00f3ruha<\/li>\n<li>tiszt\u00e1lkod\u00e1si szerek (szappan\/tusf\u00fcrd\u0151, f\u00e9s\u0171, fog\u00e1pol\u00e1si szerek)<\/li>\n<li>toalettpap\u00edr<\/li>\n<li>papucs<\/li>\n<li>iv\u00f3poh\u00e1r<\/li>\n<li>ha lehets\u00e9ges, saj\u00e1t l\u00e1zm\u00e9r\u0151<\/li>\n<\/ul>\n<p>Egy\u00e9b szem\u00e9lyes t\u00e1rgyait, utcai ruh\u00e1it a k\u00f3rtermekben l\u00e9v\u0151 szekr\u00e9nyekben, \u00e9jjeli szekr\u00e9nyekben helyezheti el. A Klinik\u00e1n t\u00f6lt\u00f6tt id\u0151 megk\u00f6nny\u00edt\u00e9se v\u00e9gett hozhat mag\u00e1val k\u00f6nyvet, \u00fajs\u00e1got, sz\u00e1m\u00edt\u00f3g\u00e9pet, zenelej\u00e1tsz\u00f3t, stb.<\/p>\n<p>K\u00e9rj\u00fck \u00e9rt\u00e9keket ne hozzon mag\u00e1val, hiszen a k\u00f3rh\u00e1zban t\u00f6rt\u00e9n\u0151 benttart\u00f3zkod\u00e1sa alatt t\u00f6bbsz\u00f6r fog a k\u00fcl\u00f6nb\u00f6z\u0151 r\u00e9szlegek (ultrahang, m\u0171t\u0151, posztoperat\u00edv \u0151rz\u0151)\u00a0 k\u00f6z\u00f6tt mozogni \u00e9s az \u00e9rt\u00e9kek \u0151rz\u00e9se nem megoldott. Amennyiben ig\u00e9nyli \u00e9rt\u00e9keit az oszt\u00e1lyos f\u0151n\u0151v\u00e9r tudja elz\u00e1rni.<\/p>\n<p>K\u00e9rj\u00fck k\u00f3rh\u00e1zba \u00e9rkez\u00e9s el\u0151tt <strong>\u00e9kszereit<\/strong> \u00e9s amennyiben visel, k\u00f6r\u00f6mlakkot, <strong>m\u0171k\u00f6rm\u00f6t<\/strong>\u00a0 <strong>t\u00e1vol\u00edtsa<\/strong> el. A m\u0171t\u00e9ti ter\u00fclet hig\u00e9nikusan tart\u00e1sa miatt a <strong>nemiszervek ter\u00fclet\u00e9t le kell borotv\u00e1lni.<\/strong><strong>\u00a0<\/strong><\/p>\n<p><strong>NAPIREND<\/strong><\/p>\n<p>Reggel 06:00-kor a nap tiszt\u00e1lkod\u00e1ssal, h\u0151m\u00e9r\u0151z\u00e9ssel, \u00e1gyak, k\u00f3rtermek rendbet\u00e9tel\u00e9vel kezd\u0151dik, majd a vizsg\u00e1lati anyagok (v\u00e9r, vizelet, stb.) lev\u00e9tele k\u00f6vetkezik. A d\u00e9lel\u0151tti oszt\u00e1lyos vizit 07:30-kor kezd\u0151dik, amikor a betegek az aznapi \u00e9s a m\u00e1snapi vizsg\u00e1latokr\u00f3l, beavatkoz\u00e1sokr\u00f3l, hazabocs\u00e1jt\u00e1sr\u00f3l t\u00e1j\u00e9koztat\u00e1st kapnak<\/p>\n<p>Ekkor van lehet\u0151s\u00e9ge k\u00e9rdezni az oszt\u00e1lyvezet\u0151t\u0151l.<\/p>\n<p>K\u00e9rj\u00fck, hogy a reggeli vizit sor\u00e1n tart\u00f3zkodjon k\u00f3rterm\u00e9ben! A beavatkoz\u00e1sok, m\u0171t\u00e9ti ell\u00e1t\u00e1s, 08:00-kor kezd\u0151dik.<\/p>\n<p><strong>\u00c9TKEZ\u00c9SEK<\/strong><\/p>\n<p>Reggeli: 07:00<br \/>\nEb\u00e9d: 11:30<br \/>\nVacsora: Kioszt\u00e1sa a d\u00e9lut\u00e1ni \u00f3r\u00e1kban t\u00f6rt\u00e9nik.<\/p>\n<p><strong>L\u00c1TOGAT\u00c1SI REND<\/strong><\/p>\n<p>H\u00e9tk\u00f6znapokon \u00e9s h\u00e9tv\u00e9g\u00e9n: 16-17 \u00f3r\u00e1ig<\/p>\n<p>A l\u00e1togat\u00e1si rendet oszt\u00e1lyunkon szigor\u00faan betartjuk \u00e9s betartatjuk az oszt\u00e1lyos\u00a0 g\u00f6rd\u00fcl\u00e9kenny\u00e9 t\u00e9tele \u00e9rdek\u00e9ben.<\/p>\n<p>K\u00e9rj\u00fck, hogy a l\u00e1togat\u00e1s sor\u00e1n vegy\u00e9k figyelembe az al\u00e1bbiakat:<br \/>\n\u2013 A l\u00e1togat\u00e1si id\u0151ben egy betegn\u00e9l egyszerre csak k\u00e9t l\u00e1togat\u00f3 tart\u00f3zkodhat.<br \/>\n\u2013 10 \u00e9v alatti gyermek csak fel\u00fcgyelet mellett tart\u00f3zkodhat a Klinika ter\u00fclet\u00e9n.<br \/>\n\u2013 A Posztoperat\u00edv \u0150rz\u0151 l\u00e1togat\u00e1sa 10 \u00e9v alatti gyermek sz\u00e1m\u00e1ra nem enged\u00e9lyezett.<\/p>\n<p><strong>HAZABOCS\u00c1T\u00c1S<\/strong><\/p>\n<p>A Klinik\u00e1r\u00f3l t\u00f6rt\u00e9n\u0151 hazabocs\u00e1t\u00e1s id\u0151pontj\u00e1r\u00f3l kezel\u0151orvosa, vagy az oszt\u00e1lyvezet\u0151 t\u00e1j\u00e9koztatja \u00d6nt.<\/p>\n<p>A t\u00e1voz\u00e1s napj\u00e1nak d\u00e9lel\u0151ttj\u00e9n a klinikai tart\u00f3zkod\u00e1sr\u00f3l\u00a0<strong>z\u00e1r\u00f3jelent\u00e9st<\/strong>\u00a0\u00e9s\u00a0<strong>igazol\u00e1st\u00a0<\/strong>is kapnak, melyet a h\u00e1ziorvos\u00e1n\u00e1l bemutatva tudja igazolni t\u00e1pp\u00e9nzes jogosults\u00e1g\u00e1t.<\/p>\n<p><a href=\"https:\/\/semmelweis.hu\/noidaganatsebeszet\/files\/2021\/09\/A-mu\u030bte\u0301t-napja-.docx\">Let\u00f6lthet\u0151 dokumentum\u00a0<\/a><\/p>\n<\/div><\/div>\n","protected":false},"excerpt":{"rendered":"<p>Az al\u00e1bbiakban az onkol\u00f3giai kivizsg\u00e1l\u00e1s menet\u00e9r\u0151l, a k\u00f3rh\u00e1zba indul\u00e1s el\u0151tti otthoni checklist\u00e1r\u00f3l, \u00e9s m\u0171t\u00e9t napj\u00e1n, k\u00f3rh\u00e1zi benttart\u00f3zkod\u00e1sa alatti teend\u0151kr\u0151l olvashat.\u00a0 Minden dokumentum let\u00f6lthet\u0151 a honlapr\u00f3l a f\u00fclek alj\u00e1n.\u00a0\u00a0 A m\u0171t\u00e9t el\u0151tti kivizsg\u00e1l\u00e1sa kapcs\u00e1n a\u00a0 k\u00f6nnyebb eligazod\u00e1s c\u00e9lj\u00e1b\u00f3l t\u00e1j\u00e9koztatjuk \u00d6nt a legsz\u00fcks\u00e9gesebb tudnival\u00f3kr\u00f3l a Sz\u00fcl\u00e9szeti \u00e9s N\u0151gy\u00f3gy\u00e1szati Klinika \u00dcll\u0151i \u00fati r\u00e9szleg\u00e9n (1082, Budapest \u00dcll\u0151i \u00fat 78\/A) &hellip;<\/p>\n","protected":false},"author":101933,"featured_media":0,"parent":0,"menu_order":3,"comment_status":"closed","ping_status":"closed","template":"","meta":{"_acf_changed":false,"footnotes":""},"categories":[],"tags":[],"class_list":["post-25","page","type-page","status-publish","hentry"],"acf":[],"_links":{"self":[{"href":"https:\/\/semmelweis.hu\/noidaganatsebeszet\/wp-json\/wp\/v2\/pages\/25","targetHints":{"allow":["GET"]}}],"collection":[{"href":"https:\/\/semmelweis.hu\/noidaganatsebeszet\/wp-json\/wp\/v2\/pages"}],"about":[{"href":"https:\/\/semmelweis.hu\/noidaganatsebeszet\/wp-json\/wp\/v2\/types\/page"}],"author":[{"embeddable":true,"href":"https:\/\/semmelweis.hu\/noidaganatsebeszet\/wp-json\/wp\/v2\/users\/101933"}],"replies":[{"embeddable":true,"href":"https:\/\/semmelweis.hu\/noidaganatsebeszet\/wp-json\/wp\/v2\/comments?post=25"}],"version-history":[{"count":7,"href":"https:\/\/semmelweis.hu\/noidaganatsebeszet\/wp-json\/wp\/v2\/pages\/25\/revisions"}],"predecessor-version":[{"id":159,"href":"https:\/\/semmelweis.hu\/noidaganatsebeszet\/wp-json\/wp\/v2\/pages\/25\/revisions\/159"}],"wp:attachment":[{"href":"https:\/\/semmelweis.hu\/noidaganatsebeszet\/wp-json\/wp\/v2\/media?parent=25"}],"wp:term":[{"taxonomy":"category","embeddable":true,"href":"https:\/\/semmelweis.hu\/noidaganatsebeszet\/wp-json\/wp\/v2\/categories?post=25"},{"taxonomy":"post_tag","embeddable":true,"href":"https:\/\/semmelweis.hu\/noidaganatsebeszet\/wp-json\/wp\/v2\/tags?post=25"}],"curies":[{"name":"wp","href":"https:\/\/api.w.org\/{rel}","templated":true}]}}