{"id":51,"date":"2013-06-04T19:37:21","date_gmt":"2013-06-04T17:34:28","guid":{"rendered":"http:\/\/semmelweis-egyetem.hu\/nkok\/?page_id=51"},"modified":"2023-10-13T11:04:28","modified_gmt":"2023-10-13T09:04:28","slug":"bemutatkozas","status":"publish","type":"page","link":"https:\/\/semmelweis.hu\/nkok\/","title":{"rendered":"Bemutatkoz\u00e1s"},"content":{"rendered":"<p style=\"text-align: justify\">A Nanomedicina Kutat\u00e1si \u00e9s Oktat\u00e1si K\u00f6zpont (NKOK) 2008-ban alakult a Semmelweis Egyetemen, a Nemzeti Fejleszt\u00e9si \u00dcgyn\u00f6ks\u00e9g egy, a nanomedicina ter\u00fclet\u00e9n v\u00e9gzend\u0151 kutat\u00e1st \u00e9s fejleszt\u00e9st t\u00e1mogat\u00f3 p\u00e1ly\u00e1zat finansz\u00edroz\u00e1s\u00e1val. A K\u00f6zpontot a Semmelweis Egyetem Szen\u00e1tusa a tudom\u00e1nyos rektorhelyettes ir\u00e1ny\u00edt\u00e1sa alatt \u00e1ll\u00f3 \u00f6n\u00e1ll\u00f3 szervezetk\u00e9nt ismerte el. Az NKOK kutat\u00f3i f\u0151k\u00e9nt nano-gy\u00f3gyszer jel\u00f6ltekkel \u00e9s gy\u00f3gyszersz\u00e1ll\u00edt\u00f3 nano-rendszerekkel folytatnak in vitro \u00e9s in vivo vizsg\u00e1latokat. A csoport nemzetk\u00f6zileg is elismert, egyed\u00fcl\u00e1ll\u00f3 tapasztalattal rendelkezik a nano-gy\u00f3gyszerek (f\u0151k\u00e9nt liposz\u00f3m\u00e1k) komplement aktiv\u00e1l\u00e1son alapul\u00f3 \u00e9s inf\u00fazi\u00f3s reakci\u00f3kban megnyilv\u00e1nul\u00f3 akut immunol\u00f3giai mell\u00e9khat\u00e1sainak vizsg\u00e1lat\u00e1ban, el\u0151re jelz\u00e9s\u00e9ben \u00e9s megel\u0151z\u00e9s\u00e9ben. Az NKOK r\u00e9sze a Semmelweis Egyetem Nanotudom\u00e1nyi H\u00e1l\u00f3zat\u00e1nak \u00e9s szoros adminisztrat\u00edv \u00e9s tudom\u00e1nyos egy\u00fcttm\u0171k\u00f6d\u00e9st \u00e1pol a K\u00f3r\u00e9lettani Int\u00e9zettel. T\u00f6bb FP-7-es konzorcium tagjak\u00e9nt az NKOK sz\u00e9les nemzetk\u00f6zi kapcsolatrendszerrel rendelkezik, \u00e9s \u00e9lvezi a Richter Gedeon NyRT t\u00e1mogat\u00e1s\u00e1t. Fontos tov\u00e1bbi k\u00fcldet\u00e9s a nanomedicina magas szint\u0171 oktat\u00e1sa alap \u00e9s post-gradu\u00e1lis szinten, valamint a t\u00e1rgy n\u00e9pszer\u0171s\u00edt\u00e9se.<\/p>\n","protected":false},"excerpt":{"rendered":"<p>A Nanomedicina Kutat\u00e1si \u00e9s Oktat\u00e1si K\u00f6zpont (NKOK) 2008-ban alakult a Semmelweis Egyetemen, a Nemzeti Fejleszt\u00e9si \u00dcgyn\u00f6ks\u00e9g egy, a nanomedicina ter\u00fclet\u00e9n v\u00e9gzend\u0151 kutat\u00e1st \u00e9s fejleszt\u00e9st t\u00e1mogat\u00f3 p\u00e1ly\u00e1zat finansz\u00edroz\u00e1s\u00e1val. A K\u00f6zpontot a Semmelweis Egyetem Szen\u00e1tusa a tudom\u00e1nyos rektorhelyettes ir\u00e1ny\u00edt\u00e1sa alatt \u00e1ll\u00f3 \u00f6n\u00e1ll\u00f3 szervezetk\u00e9nt ismerte el. Az NKOK kutat\u00f3i f\u0151k\u00e9nt nano-gy\u00f3gyszer jel\u00f6ltekkel \u00e9s gy\u00f3gyszersz\u00e1ll\u00edt\u00f3 nano-rendszerekkel folytatnak in vitro &hellip;<\/p>\n","protected":false},"author":177,"featured_media":0,"parent":0,"menu_order":0,"comment_status":"open","ping_status":"open","template":"","meta":{"_acf_changed":false,"footnotes":""},"categories":[],"tags":[],"class_list":["post-51","page","type-page","status-publish","hentry"],"acf":[],"_links":{"self":[{"href":"https:\/\/semmelweis.hu\/nkok\/wp-json\/wp\/v2\/pages\/51","targetHints":{"allow":["GET"]}}],"collection":[{"href":"https:\/\/semmelweis.hu\/nkok\/wp-json\/wp\/v2\/pages"}],"about":[{"href":"https:\/\/semmelweis.hu\/nkok\/wp-json\/wp\/v2\/types\/page"}],"author":[{"embeddable":true,"href":"https:\/\/semmelweis.hu\/nkok\/wp-json\/wp\/v2\/users\/177"}],"replies":[{"embeddable":true,"href":"https:\/\/semmelweis.hu\/nkok\/wp-json\/wp\/v2\/comments?post=51"}],"version-history":[{"count":8,"href":"https:\/\/semmelweis.hu\/nkok\/wp-json\/wp\/v2\/pages\/51\/revisions"}],"predecessor-version":[{"id":183,"href":"https:\/\/semmelweis.hu\/nkok\/wp-json\/wp\/v2\/pages\/51\/revisions\/183"}],"wp:attachment":[{"href":"https:\/\/semmelweis.hu\/nkok\/wp-json\/wp\/v2\/media?parent=51"}],"wp:term":[{"taxonomy":"category","embeddable":true,"href":"https:\/\/semmelweis.hu\/nkok\/wp-json\/wp\/v2\/categories?post=51"},{"taxonomy":"post_tag","embeddable":true,"href":"https:\/\/semmelweis.hu\/nkok\/wp-json\/wp\/v2\/tags?post=51"}],"curies":[{"name":"wp","href":"https:\/\/api.w.org\/{rel}","templated":true}]}}