{"id":259,"date":"2024-04-17T18:00:13","date_gmt":"2024-04-17T16:00:13","guid":{"rendered":"https:\/\/semmelweis.hu\/nkok\/?page_id=259"},"modified":"2024-04-17T18:00:13","modified_gmt":"2024-04-17T16:00:13","slug":"2022-1-2-5-tet-ipari-kr-2022-00009","status":"publish","type":"page","link":"https:\/\/semmelweis.hu\/nkok\/2022-1-2-5-tet-ipari-kr-2022-00009\/","title":{"rendered":"2022-1.2.5-T\u00c9T-IPARI-KR-2022-00009"},"content":{"rendered":"<p><strong>T\u00e1mogat\u00f3:<\/strong>\u00a0Nemzeti Kutat\u00e1si, Fejleszt\u00e9si \u00e9s Innov\u00e1ci\u00f3s Hivatal\u00a0<\/p>\n<p><strong>Keret program:<\/strong> Nemzeti Kutat\u00e1si, Fejleszt\u00e9si \u00e9s Innov\u00e1ci\u00f3s Alap, 2. Innov\u00e1ci\u00f3s alapr\u00e9sze<\/p>\n<p><strong>P\u00e1ly\u00e1zat c\u00edme:<\/strong> A ter\u00e1pi\u00e1s v\u00e9rsz\u0171r\u0151 k\u00e9sz\u00fcl\u00e9kek immunol\u00f3giai szempontok szerinti biztons\u00e1g\u00e1nak jav\u00edt\u00e1sa<\/p>\n<p><strong>Projekt azonos\u00edt\u00f3:<\/strong>2022-1.2.5-T\u00c9T-IPARI-KR-2022-00009<\/p>\n<p><strong>Id\u0151szak:\u00a0<\/strong>2022.10.01-2025.10.31.<\/p>\n<p><strong>Elnyert \u00f6sszeg:<\/strong>\u00a0 70 000 000 Ft<\/p>\n<p><strong>A projekt t\u00e1rgya a\u00a0ter\u00e1pi\u00e1s v\u00e9rsz\u0171r\u0151 k\u00e9sz\u00fcl\u00e9kek immunol\u00f3giai szempontok szerinti biztons\u00e1g\u00e1nak jav\u00edt\u00e1sa.<\/strong><\/p>\n<p>A tera\u0301pia\u0301s ve\u0301rszu\u030bro\u030b eszko\u0308zo\u0308k fejleszte\u0301se ira\u0301nt, amelyek ku\u0308lo\u0308nbo\u0308zo\u030b ti\u0301pusu\u0301 ege\u0301szse\u0301gu\u0308gyi proble\u0301ma\u0301k (pl. vesebetegse\u0301gek, hiperimmuniza\u0301cio\u0301, vi\u0301rusferto\u030bze\u0301sek, bizonyos ra\u0301kos betegse\u0301gek) kezele\u0301se\u0301re szolga\u0301lnak, sze\u0301lesko\u0308ru\u030b e\u0301rdeklo\u030bde\u0301s mutatkozik. Az elja\u0301ra\u0301s alapja\u0301t azok a patronok ke\u0301pezik, amelyek hate\u0301konyan e\u0301s biztonsa\u0301gosan ke\u0301pesek elta\u0301voli\u0301tani a ve\u0301rplazma\u0301bo\u0301l a ku\u0308lo\u0308nfe\u0301le bio- molekula\u0301kat: pl. vi\u0301rusre\u0301szecske\u0301ket, ra\u0301kos betegse\u0301gek sora\u0301n keletkezo\u030b exoszo\u0301ma\u0301kat, vagy specifikus antitesteket. Ezek a szu\u030bro\u030btechnolo\u0301gia\u0301k o\u0308tvo\u0308zik a hemodiali\u0301zis kezele\u0301s bevett gyakorlata\u0301t olyan fejlett mikrogyo\u0308ngyo\u0308kkel konjuga\u0301lt komponensekkel, amelyek a ve\u0301r sejtes elemeivel ugyan nem e\u0301rintkeznek, de szelekti\u0301ven megko\u0308tik e\u0301s\/vagy inaktiva\u0301lja\u0301k a plazma\u0301ban le\u0301vo\u030b ce\u0301lmolekula\u0301kat. Ba\u0301r ezen az elven mu\u030bko\u0308do\u030b elso\u030bgenera\u0301cio\u0301s ke\u0301szu\u0308le\u0301kek korai klinikai haszna\u0301lata megkezdo\u030bdo\u0308tt, tova\u0301bbra is jelento\u030bs az ige\u0301ny ezek immunolo\u0301giai kocka\u0301zata\u0301nak felme\u0301re\u0301se\u0301re e\u0301s cso\u0308kkente\u0301se\u0301re, hiszen a\u0301ltala\u0301nosan ismert te\u0301ny, hogy veleszu\u0308letett immunreakcio\u0301kat va\u0301ltanak ki.<\/p>\n<p class=\"ng-star-inserted\"><strong>A projekt c\u00e9lkit\u0171z\u00e9se<\/strong><\/p>\n<p><span style=\"font-size: 1rem\"><span style=\"font-size: 1rem\">A jelen kollabora\u0301cio\u0301s munka ce\u0301lja <\/span><\/span><span style=\"font-size: 1rem\">ennek az ige\u0301nynek a kiele\u0301gi\u0301te\u0301se\u0301re ira\u0301nyul, azaz a ve\u0301rszu\u030bro\u030b membra\u0301nok e\u0301s a ku\u0308lso\u030b (sejttel nem e\u0301rintkezo\u030b) te\u0301rben levo\u030b mikrogyo\u0308ngyo\u0308k immunolo\u0301giai biztonsa\u0301ga\u0301nak felme\u0301re\u0301se\u0301t e\u0301s javi\u0301ta\u0301sa\u0301t ce\u0301lozza a legmodernebb in vivo vizsga\u0301lati mo\u0301dszerek bevete\u0301se\u0301vel. A plazmaszu\u030bre\u0301shez haszna\u0301lt patronok immunolo\u0301giai biztonsa\u0301ga\u0301nak vizsga\u0301lataihoz a magyar csapat tagjai in vivo serte\u0301smodellt fejlesztenek ki, a koreai csapat pedig mikrogyo\u0308ngyo\u0308ket tervez a ve\u0301rszu\u030bro\u030b ke\u0301szu\u0308le\u0301kekbe, amelyekkel a ve\u0301rplazma filtra\u0301tum funkcionalita\u0301sa befolya\u0301solhato\u0301. Az anyagme\u0301rno\u0308ki e\u0301s az immunolo\u0301giai kutata\u0301si profilok o\u0308tvo\u0308ze\u0301se a ko\u0308zo\u0308s projektben vila\u0301gszi\u0301nvonalu\u0301 leheto\u030bse\u0301geket teremt a plazmaszu\u030bro\u030b patronok haszna\u0301lata sora\u0301n kialakulo\u0301 veleszu\u0308letett immunreakcio\u0301k tanulma\u0301nyoza\u0301sa\u0301hoz, e\u0301s az immunolo\u0301giailag biztonsa\u0301gosabb anyagok fejleszte\u0301se\u0301hez, ami az u\u0301jgenera\u0301cio\u0301s tera\u0301pia\u0301s ve\u0301rszu\u030bro\u030b ke\u0301szu\u0308le\u0301kek fejleszte\u0301se\u0301be direkt mo\u0301don a\u0301tu\u0308ltetheto\u030b.<\/span><span style=\"font-size: 1rem\">\u00a0Ennek \u00e9rdek\u00e9ben a Semmelweis Egyetem kutat\u00f3i in vivo sert\u00e9smodellt fejlesztenek ki, a koreai csapat pedig mikrogy\u00f6ngy\u00f6ket tervez a v\u00e9rsz\u0171r\u0151 k\u00e9sz\u00fcl\u00e9kekbe, amelyekkel a v\u00e9rplazma filtr\u00e1tum funkcionalit\u00e1sa befoly\u00e1solhat\u00f3.<\/span><\/p>\n<p><strong>R\u00e9sztvev\u0151k:<\/strong><\/p>\n<ul>\n<li>Semmelweis Egyetem, Transzl\u00e1ci\u00f3s Medicina Int\u00e9zet &#8211; Magyarorsz\u00e1g<\/li>\n<li><span style=\"font-size: 1rem\">Sungkyunkwan University<\/span>, Jongno-gu, Sz\u00f6ul, \u2013 D\u00e9l-Korea<\/li>\n<\/ul>\n<p>&nbsp;<\/p>\n<p><img loading=\"lazy\" decoding=\"async\" class=\"alignright\" src=\"https:\/\/semmelweis.hu\/nkok\/files\/2024\/04\/TET_palyazat-logo.jpg\" width=\"364\" height=\"165\" \/><\/p>\n","protected":false},"excerpt":{"rendered":"<p>T\u00e1mogat\u00f3:\u00a0Nemzeti Kutat\u00e1si, Fejleszt\u00e9si \u00e9s Innov\u00e1ci\u00f3s Hivatal\u00a0 Keret program: Nemzeti Kutat\u00e1si, Fejleszt\u00e9si \u00e9s Innov\u00e1ci\u00f3s Alap, 2. Innov\u00e1ci\u00f3s alapr\u00e9sze P\u00e1ly\u00e1zat c\u00edme: A ter\u00e1pi\u00e1s v\u00e9rsz\u0171r\u0151 k\u00e9sz\u00fcl\u00e9kek immunol\u00f3giai szempontok szerinti biztons\u00e1g\u00e1nak jav\u00edt\u00e1sa Projekt azonos\u00edt\u00f3:2022-1.2.5-T\u00c9T-IPARI-KR-2022-00009 Id\u0151szak:\u00a02022.10.01-2025.10.31. Elnyert \u00f6sszeg:\u00a0 70 000 000 Ft A projekt t\u00e1rgya a\u00a0ter\u00e1pi\u00e1s v\u00e9rsz\u0171r\u0151 k\u00e9sz\u00fcl\u00e9kek immunol\u00f3giai szempontok szerinti biztons\u00e1g\u00e1nak jav\u00edt\u00e1sa. A tera\u0301pia\u0301s ve\u0301rszu\u030bro\u030b eszko\u0308zo\u0308k fejleszte\u0301se ira\u0301nt, amelyek &hellip;<\/p>\n","protected":false},"author":102230,"featured_media":0,"parent":0,"menu_order":0,"comment_status":"closed","ping_status":"closed","template":"","meta":{"_acf_changed":false,"footnotes":""},"categories":[],"tags":[],"class_list":["post-259","page","type-page","status-publish","hentry"],"acf":[],"_links":{"self":[{"href":"https:\/\/semmelweis.hu\/nkok\/wp-json\/wp\/v2\/pages\/259","targetHints":{"allow":["GET"]}}],"collection":[{"href":"https:\/\/semmelweis.hu\/nkok\/wp-json\/wp\/v2\/pages"}],"about":[{"href":"https:\/\/semmelweis.hu\/nkok\/wp-json\/wp\/v2\/types\/page"}],"author":[{"embeddable":true,"href":"https:\/\/semmelweis.hu\/nkok\/wp-json\/wp\/v2\/users\/102230"}],"replies":[{"embeddable":true,"href":"https:\/\/semmelweis.hu\/nkok\/wp-json\/wp\/v2\/comments?post=259"}],"version-history":[{"count":10,"href":"https:\/\/semmelweis.hu\/nkok\/wp-json\/wp\/v2\/pages\/259\/revisions"}],"predecessor-version":[{"id":276,"href":"https:\/\/semmelweis.hu\/nkok\/wp-json\/wp\/v2\/pages\/259\/revisions\/276"}],"wp:attachment":[{"href":"https:\/\/semmelweis.hu\/nkok\/wp-json\/wp\/v2\/media?parent=259"}],"wp:term":[{"taxonomy":"category","embeddable":true,"href":"https:\/\/semmelweis.hu\/nkok\/wp-json\/wp\/v2\/categories?post=259"},{"taxonomy":"post_tag","embeddable":true,"href":"https:\/\/semmelweis.hu\/nkok\/wp-json\/wp\/v2\/tags?post=259"}],"curies":[{"name":"wp","href":"https:\/\/api.w.org\/{rel}","templated":true}]}}