{"id":2,"date":"2013-06-04T19:28:07","date_gmt":"2013-03-18T15:52:06","guid":{"rendered":"http:\/\/semmelweis-egyetem.hu\/nkok\/?page_id=2"},"modified":"2025-03-24T13:11:29","modified_gmt":"2025-03-24T12:11:29","slug":"munkatarsak","status":"publish","type":"page","link":"https:\/\/semmelweis.hu\/nkok\/munkatarsak\/","title":{"rendered":"Munkat\u00e1rsak"},"content":{"rendered":"<table style=\"width: 675px;height: 826px\" border=\"0\" align=\"left\">\n<tbody>\n<tr>\n<td><span lang=\"HU\">N\u00e9v<\/span><\/td>\n<td><span lang=\"HU\">Beoszt\u00e1s<\/span><\/td>\n<td><span lang=\"HU\">Email<\/span><\/td>\n<\/tr>\n<tr>\n<td><span lang=\"HU\">Prof. Dr. Szebeni J\u00e1nos MD. PhD. DSc.<\/span><\/td>\n<td><span lang=\"HU\">igazgat\u00f3<\/span><\/td>\n<td>\u00a0<span lang=\"HU\">jszebeni2@gmail.com<\/span><\/td>\n<\/tr>\n<tr>\n<td><span lang=\"HU\">Prof. Dr. Rosivall L\u00e1szl\u00f3 MD.PhD. DSc.<\/span><\/td>\n<td><span lang=\"HU\">oktat\u00e1si igazgat\u00f3<\/span><\/td>\n<td>\u00a0<span lang=\"HU\">roslasz@net.sote.hu<\/span><\/td>\n<\/tr>\n<tr>\n<td><span lang=\"HU\">Dr. Urbanics Rudolf MD. PhD.<\/span><\/td>\n<td><span lang=\"HU\">kutat\u00e1s vezet\u0151 (in vivo)<\/span><\/td>\n<td>\u00a0<span lang=\"HU\">urbanicsr@gmail.com<\/span><\/td>\n<\/tr>\n<tr>\n<td><span lang=\"HU\">Dr. D\u00e9zsi L\u00e1szl\u00f3 PhD. Dr. habil.<br \/>\n<\/span><\/td>\n<td><span lang=\"HU\">f\u0151munkat\u00e1rs (in vivo)<\/span><\/td>\n<td><span lang=\"HU\">dezsi.laszlo@med.semmelweis-univ.hu<\/span><\/td>\n<\/tr>\n<tr>\n<td>\n<p><span lang=\"HU\">Dr. Kozma Tibor Gergely<\/span><\/p>\n<\/td>\n<td><span lang=\"HU\">kutat\u00f3<\/span><\/td>\n<td>gkozma@seroscience.com<\/td>\n<\/tr>\n<tr>\n<td><span lang=\"HU\">M\u00e9sz\u00e1ros Tam\u00e1s MSC<\/span><\/td>\n<td><span lang=\"HU\">beosztott kutat\u00f3 (in vitro)<\/span><\/td>\n<td><span lang=\"HU\">tmeszaros@seroscience.com<\/span><\/td>\n<\/tr>\n<tr>\n<td><span lang=\"HU\">Facsk\u00f3 R\u00e9ka<\/span><\/td>\n<td><span lang=\"HU\">PhD hallgat\u00f3<\/span><\/td>\n<td>facsko.reka.seroscience@gmail.com<\/td>\n<\/tr>\n<tr>\n<td><span lang=\"HU\">Ber\u00e9nyi Petra <em>(tart\u00f3san t\u00e1vol)<\/em><\/span><\/td>\n<td>kutat\u00e1si munkat\u00e1rs<\/td>\n<td>\u00a0berenyipetra@gmail.com<\/td>\n<\/tr>\n<tr>\n<td><span lang=\"HU\">Pint\u00e9r Ibolya Katalin<\/span><\/td>\n<td>\u00a0<span lang=\"HU\">munka\u00fcgyi szak\u00e9rt\u0151<\/span><\/td>\n<td>ipinter@seroscience.com<\/td>\n<\/tr>\n<\/tbody>\n<\/table>\n","protected":false},"excerpt":{"rendered":"<p>N\u00e9v Beoszt\u00e1s Email Prof. Dr. Szebeni J\u00e1nos MD. PhD. DSc. igazgat\u00f3 \u00a0jszebeni2@gmail.com Prof. Dr. Rosivall L\u00e1szl\u00f3 MD.PhD. DSc. oktat\u00e1si igazgat\u00f3 \u00a0roslasz@net.sote.hu Dr. Urbanics Rudolf MD. PhD. kutat\u00e1s vezet\u0151 (in vivo) \u00a0urbanicsr@gmail.com Dr. D\u00e9zsi L\u00e1szl\u00f3 PhD. Dr. habil. f\u0151munkat\u00e1rs (in vivo) dezsi.laszlo@med.semmelweis-univ.hu Dr. Kozma Tibor Gergely kutat\u00f3 gkozma@seroscience.com M\u00e9sz\u00e1ros Tam\u00e1s MSC beosztott kutat\u00f3 (in vitro) tmeszaros@seroscience.com &hellip;<\/p>\n","protected":false},"author":158,"featured_media":0,"parent":0,"menu_order":0,"comment_status":"open","ping_status":"open","template":"","meta":{"_acf_changed":false,"footnotes":""},"categories":[],"tags":[],"class_list":["post-2","page","type-page","status-publish","hentry"],"acf":[],"_links":{"self":[{"href":"https:\/\/semmelweis.hu\/nkok\/wp-json\/wp\/v2\/pages\/2","targetHints":{"allow":["GET"]}}],"collection":[{"href":"https:\/\/semmelweis.hu\/nkok\/wp-json\/wp\/v2\/pages"}],"about":[{"href":"https:\/\/semmelweis.hu\/nkok\/wp-json\/wp\/v2\/types\/page"}],"author":[{"embeddable":true,"href":"https:\/\/semmelweis.hu\/nkok\/wp-json\/wp\/v2\/users\/158"}],"replies":[{"embeddable":true,"href":"https:\/\/semmelweis.hu\/nkok\/wp-json\/wp\/v2\/comments?post=2"}],"version-history":[{"count":10,"href":"https:\/\/semmelweis.hu\/nkok\/wp-json\/wp\/v2\/pages\/2\/revisions"}],"predecessor-version":[{"id":291,"href":"https:\/\/semmelweis.hu\/nkok\/wp-json\/wp\/v2\/pages\/2\/revisions\/291"}],"wp:attachment":[{"href":"https:\/\/semmelweis.hu\/nkok\/wp-json\/wp\/v2\/media?parent=2"}],"wp:term":[{"taxonomy":"category","embeddable":true,"href":"https:\/\/semmelweis.hu\/nkok\/wp-json\/wp\/v2\/categories?post=2"},{"taxonomy":"post_tag","embeddable":true,"href":"https:\/\/semmelweis.hu\/nkok\/wp-json\/wp\/v2\/tags?post=2"}],"curies":[{"name":"wp","href":"https:\/\/api.w.org\/{rel}","templated":true}]}}