{"id":9,"date":"2024-05-16T14:17:44","date_gmt":"2024-05-16T12:17:44","guid":{"rendered":"https:\/\/semmelweis.hu\/nkl\/?page_id=9"},"modified":"2024-12-05T14:21:24","modified_gmt":"2024-12-05T13:21:24","slug":"teruletek","status":"publish","type":"page","link":"https:\/\/semmelweis.hu\/nkl\/teruletek\/","title":{"rendered":"Kutat\u00e1si ter\u00fcletek"},"content":{"rendered":"<h5>Az NKL Projekt szakmai vezet\u0151je: Prof Dr. Merkely B\u00e9la P\u00e9ter rektor\u00a0(Semmelweis Egyetem)<\/h5>\n<p><strong><u>F\u0150 KUTAT\u00c1SI TER\u00dcLETEK: <\/u><\/strong><\/p>\n<ul>\n<li>Klinikai \u2013 epidemiol\u00f3giai programok az iszk\u00e9mi\u00e1s sz\u00edvbetegs\u00e9g \u00e9s a sz\u00edvel\u00e9gtelens\u00e9g vizsg\u00e1lat\u00e1ra<\/li>\n<li>COVID-19 fert\u0151z\u00e9s lehets\u00e9ges k\u00f6z\u00e9p- \u00e9s hossz\u00fat\u00e1v\u00fa kardiovaszkul\u00e1ris hat\u00e1sai<\/li>\n<li>Innovat\u00edv gy\u00f3gyszer-biotechnol\u00f3giai fejleszt\u00e9sek<\/li>\n<li>\u00daj gy\u00f3gyszert\u00e1mad\u00e1spontok felder\u00edt\u00e9se \u00e9s megl\u00e9v\u0151 gy\u00f3gyszerek \u00fajrapozicion\u00e1l\u00e1sa<\/li>\n<li>Hum\u00e1n induk\u00e1lt pluripotens \u0151ssejt alap\u00fa in vitro kardiovaszkul\u00e1ris platformok<\/li>\n<li>Innovat\u00edv orvostechnikai \u00e9s diagnosztikai eszk\u00f6z\u00f6k \u00e9s adatb\u00e1zisok<\/li>\n<li>Extracellul\u00e1ris vezikula alap\u00fa diagnosztikai- \u00e9s ter\u00e1pi\u00e1s hat\u00e1s-markerek \u00e9s m\u00e9r\u00e9si m\u00f3dszerek<\/li>\n<\/ul>\n<p>\u00a0A NKL Projekt 3 kutat\u00e1si pill\u00e9rre (modulra) \u00e9p\u00fcl, amelyek mindegyike alapvet\u0151en j\u00e1rul hozz\u00e1 ahhoz, hogy haz\u00e1nk lakoss\u00e1ga a sz\u00edv \u00e9s \u00e9rrendszeri megbeteged\u00e9sek sz\u00e1m\u00e1nak cs\u00f6kkent\u00e9s\u00e9n kereszt\u00fcl hosszabb, \u00e9s id\u0151s korban is eg\u00e9szs\u00e9ges \u2212 min\u0151s\u00e9gi \u2212 \u00e9letet \u00e9lhessen. A projekt v\u00e1rhat\u00f3 eredm\u00e9nyek\u00e9nt \u00faj kardiovaszkul\u00e1ris eg\u00e9szs\u00e9gfejleszt\u00e9si- \u00e9s betegs\u00e9gmegel\u0151z\u00e9si programok ker\u00fclnek majd kidolgoz\u00e1sra.<\/p>\n<ol>\n<li><span style=\"font-size: 1rem\">KLINIKAI\/TRANSZL\u00c1CI\u00d3S \u2013 EPIDEMIOL\u00d3GIAI PROGRAMOK modul<\/span><\/li>\n<li>INNOVAT\u00cdV GY\u00d3GYSZER-BIOTECHNOL\u00d3GIAI FEJLESZT\u00c9SEK modul<\/li>\n<li>INNOVAT\u00cdV ORVOSTECHNIKAI \u00c9S DIAGNOSZTIKAI ESZK\u00d6Z\u00d6K \u00c9S ADATB\u00c1ZISOK FEJLESZT\u00c9SE modul<\/li>\n<\/ol>\n","protected":false},"excerpt":{"rendered":"<p>Az NKL Projekt szakmai vezet\u0151je: Prof Dr. Merkely B\u00e9la P\u00e9ter rektor\u00a0(Semmelweis Egyetem) F\u0150 KUTAT\u00c1SI TER\u00dcLETEK: Klinikai \u2013 epidemiol\u00f3giai programok az iszk\u00e9mi\u00e1s sz\u00edvbetegs\u00e9g \u00e9s a sz\u00edvel\u00e9gtelens\u00e9g vizsg\u00e1lat\u00e1ra COVID-19 fert\u0151z\u00e9s lehets\u00e9ges k\u00f6z\u00e9p- \u00e9s hossz\u00fat\u00e1v\u00fa kardiovaszkul\u00e1ris hat\u00e1sai Innovat\u00edv gy\u00f3gyszer-biotechnol\u00f3giai fejleszt\u00e9sek \u00daj gy\u00f3gyszert\u00e1mad\u00e1spontok felder\u00edt\u00e9se \u00e9s megl\u00e9v\u0151 gy\u00f3gyszerek \u00fajrapozicion\u00e1l\u00e1sa Hum\u00e1n induk\u00e1lt pluripotens \u0151ssejt alap\u00fa in vitro kardiovaszkul\u00e1ris platformok Innovat\u00edv orvostechnikai &hellip;<\/p>\n","protected":false},"author":12,"featured_media":0,"parent":0,"menu_order":2,"comment_status":"closed","ping_status":"closed","template":"template-fullwidth.php","meta":{"_acf_changed":false,"footnotes":""},"categories":[],"tags":[],"class_list":["post-9","page","type-page","status-publish","hentry"],"acf":[],"_links":{"self":[{"href":"https:\/\/semmelweis.hu\/nkl\/wp-json\/wp\/v2\/pages\/9","targetHints":{"allow":["GET"]}}],"collection":[{"href":"https:\/\/semmelweis.hu\/nkl\/wp-json\/wp\/v2\/pages"}],"about":[{"href":"https:\/\/semmelweis.hu\/nkl\/wp-json\/wp\/v2\/types\/page"}],"author":[{"embeddable":true,"href":"https:\/\/semmelweis.hu\/nkl\/wp-json\/wp\/v2\/users\/12"}],"replies":[{"embeddable":true,"href":"https:\/\/semmelweis.hu\/nkl\/wp-json\/wp\/v2\/comments?post=9"}],"version-history":[{"count":10,"href":"https:\/\/semmelweis.hu\/nkl\/wp-json\/wp\/v2\/pages\/9\/revisions"}],"predecessor-version":[{"id":311,"href":"https:\/\/semmelweis.hu\/nkl\/wp-json\/wp\/v2\/pages\/9\/revisions\/311"}],"wp:attachment":[{"href":"https:\/\/semmelweis.hu\/nkl\/wp-json\/wp\/v2\/media?parent=9"}],"wp:term":[{"taxonomy":"category","embeddable":true,"href":"https:\/\/semmelweis.hu\/nkl\/wp-json\/wp\/v2\/categories?post=9"},{"taxonomy":"post_tag","embeddable":true,"href":"https:\/\/semmelweis.hu\/nkl\/wp-json\/wp\/v2\/tags?post=9"}],"curies":[{"name":"wp","href":"https:\/\/api.w.org\/{rel}","templated":true}]}}