{"id":60,"date":"2024-07-09T11:00:38","date_gmt":"2024-07-09T09:00:38","guid":{"rendered":"https:\/\/semmelweis.hu\/nkl\/?page_id=60"},"modified":"2025-09-12T12:56:38","modified_gmt":"2025-09-12T10:56:38","slug":"konzorciumvezeto","status":"publish","type":"page","link":"https:\/\/semmelweis.hu\/nkl\/rolunk\/konzorciumvezeto\/","title":{"rendered":"Konzorciumvezet\u0151"},"content":{"rendered":"<h5>Az NKL Projekt konzorciumvezet\u0151je a Semmelweis Egyetem<\/h5>\n<p>A Semmelweis Egyetem Magyarorsz\u00e1g \u00e9s a k\u00f6z\u00e9p-eur\u00f3pai r\u00e9gi\u00f3 vezet\u0151 orvos-eg\u00e9szs\u00e9g\u00fcgyi fels\u0151oktat\u00e1si int\u00e9zm\u00e9nye, mely szakegyetemk\u00e9nt egyed\u00fcl\u00e1ll\u00f3 az orsz\u00e1gban. H\u00e1rom f\u0151 tev\u00e9kenys\u00e9ge az oktat\u00e1s, kutat\u00e1s-innov\u00e1ci\u00f3 \u00e9s gy\u00f3gy\u00edt\u00e1s; e h\u00e1rmas egys\u00e9g teszi nemzetk\u00f6zileg is elismert tud\u00e1sk\u00f6zpontt\u00e1 a t\u00f6bb mint 250 \u00e9ves egyetemet.<\/p>\n<p><strong>A Semmelweis Egyetem (SE) konzorciumvezet\u0151k\u00e9nt <\/strong>experiment\u00e1lis \u00e9s klinikai kardiol\u00f3giai, farmakol\u00f3giai \u00e9s klinikai farmakol\u00f3giai, gyullad\u00e1s-immunol\u00f3giai, gerontol\u00f3giai, n\u00e9peg\u00e9szs\u00e9g\u00fcgyi, epidemiol\u00f3giai \u00e9s bioinformatikai ter\u00fcleteken szak\u00e9rt\u0151 kutat\u00f3k <b>bevon\u00e1s\u00e1val \u00e9s <\/b>r\u00e9szv\u00e9tel\u00e9vel val\u00f3s\u00edtja meg a projektet.<\/p>\n<p>Az er\u0151s akad\u00e9miai szektor alapjaira \u00e9p\u00edtve (a SE a kardiovaszkul\u00e1ris kutat\u00e1sokban a vil\u00e1g 112 legjobb szakegyeteme, a VSZ\u00c9K a vil\u00e1g 10 vezet\u0151 sz\u00edvtranszplant\u00e1ci\u00f3s centruma k\u00f6zt van), kiemelked\u0151 kardiovaszkul\u00e1ris betegell\u00e1t\u00e1si h\u00e1t\u00e9rre \u00e9s legmodernebb <strong>kutat\u00e1si infrastrukt\u00far\u00e1ra (<\/strong>core-facilit\u00e1sokra) t\u00e1maszkodva a Nemzeti Kardiovaszkul\u00e1ris Laborat\u00f3rium Eur\u00f3p\u00e1ban is egyed\u00fcl\u00e1ll\u00f3 tudom\u00e1nyos k\u00f6zpontt\u00e1 fog v\u00e1lni. A projekt el\u0151zm\u00e9nyek\u00e9nt a Nemzeti Sz\u00edvprogramban m\u00e1r megval\u00f3s\u00edtott \u00e9s a <strong>jelen programban tov\u00e1bbfejlesztett, illetve \u00fajonnan l\u00e9trehozott kutat\u00e1si infrastrukt\u00fara <\/strong>a program megval\u00f3s\u00edt\u00e1s\u00e1n t\u00fal k\u00fcls\u0151 akad\u00e9miai \u00e9s ipari partnereknek KFI szolg\u00e1ltat\u00e1s ny\u00fajt\u00e1s\u00e1t is szolg\u00e1lja.<\/p>\n<p>Honlap: <a href=\"https:\/\/semmelweis.hu\/\">https:\/\/semmelweis.hu\/<\/a><\/p>\n<h5>\u00a0<\/h5>\n<h5>Szakmai kapcsolattart\u00f3: prof. Dr. Ferdinandy P\u00e9ter, tudom\u00e1nyos \u00e9s innov\u00e1ci\u00f3s rektorhelyettes<\/h5>\n<ul>\n<li>E-mail: <a href=\"mailto:tudomanyos.rektorhelyettes@semmelweis.hu\">tudomanyos.rektorhelyettes@semmelweis.hu<\/a><\/li>\n<li>Telefon: +36 1 266 0791<\/li>\n<\/ul>\n<p>&nbsp;<\/p>\n<h5>A p\u00e1ly\u00e1zati projektmenedzsment tev\u00e9kenys\u00e9get a Semmelweis Egyetem P\u00e1ly\u00e1zati Menedzsment K\u00f6zpontja v\u00e9gzi.<\/h5>\n<ul>\n<li>C\u00edm: 1085 Budapest, Baross utca 22.<\/li>\n<li>Levelez\u00e9si c\u00edm: 1085 Budapest, \u00dcll\u0151i \u00fat 26.; 1428 Budapest, Pf.2.<\/li>\n<li>E-mail: <a href=\"mailto:project@semmelweis.hu\">project@semmelweis.hu<\/a><\/li>\n<li>Telefon: +36 1 459-1500<\/li>\n<li>Honlap: \/<a href=\"https:\/\/semmelweis.hu\/kfipalyazat\/palyazatok\/tarsfinanszirozott-palyazatok\/rrf\/nemzeti-laboratoriumok\/\" target=\"_blank\" rel=\"noopener\">https:\/\/semmelweis.hu\/kfipalyazat\/palyazatok\/tarsfinanszirozott-palyazatok\/rrf\/nemzeti-laboratoriumok\/<\/a><\/li>\n<\/ul>\n","protected":false},"excerpt":{"rendered":"<p>Az NKL Projekt konzorciumvezet\u0151je a Semmelweis Egyetem A Semmelweis Egyetem Magyarorsz\u00e1g \u00e9s a k\u00f6z\u00e9p-eur\u00f3pai r\u00e9gi\u00f3 vezet\u0151 orvos-eg\u00e9szs\u00e9g\u00fcgyi fels\u0151oktat\u00e1si int\u00e9zm\u00e9nye, mely szakegyetemk\u00e9nt egyed\u00fcl\u00e1ll\u00f3 az orsz\u00e1gban. H\u00e1rom f\u0151 tev\u00e9kenys\u00e9ge az oktat\u00e1s, kutat\u00e1s-innov\u00e1ci\u00f3 \u00e9s gy\u00f3gy\u00edt\u00e1s; e h\u00e1rmas egys\u00e9g teszi nemzetk\u00f6zileg is elismert tud\u00e1sk\u00f6zpontt\u00e1 a t\u00f6bb mint 250 \u00e9ves egyetemet. A Semmelweis Egyetem (SE) konzorciumvezet\u0151k\u00e9nt experiment\u00e1lis \u00e9s klinikai kardiol\u00f3giai, &hellip;<\/p>\n","protected":false},"author":102384,"featured_media":0,"parent":6,"menu_order":0,"comment_status":"closed","ping_status":"closed","template":"","meta":{"_acf_changed":false,"footnotes":""},"categories":[],"tags":[],"class_list":["post-60","page","type-page","status-publish","hentry"],"acf":[],"_links":{"self":[{"href":"https:\/\/semmelweis.hu\/nkl\/wp-json\/wp\/v2\/pages\/60","targetHints":{"allow":["GET"]}}],"collection":[{"href":"https:\/\/semmelweis.hu\/nkl\/wp-json\/wp\/v2\/pages"}],"about":[{"href":"https:\/\/semmelweis.hu\/nkl\/wp-json\/wp\/v2\/types\/page"}],"author":[{"embeddable":true,"href":"https:\/\/semmelweis.hu\/nkl\/wp-json\/wp\/v2\/users\/102384"}],"replies":[{"embeddable":true,"href":"https:\/\/semmelweis.hu\/nkl\/wp-json\/wp\/v2\/comments?post=60"}],"version-history":[{"count":11,"href":"https:\/\/semmelweis.hu\/nkl\/wp-json\/wp\/v2\/pages\/60\/revisions"}],"predecessor-version":[{"id":370,"href":"https:\/\/semmelweis.hu\/nkl\/wp-json\/wp\/v2\/pages\/60\/revisions\/370"}],"up":[{"embeddable":true,"href":"https:\/\/semmelweis.hu\/nkl\/wp-json\/wp\/v2\/pages\/6"}],"wp:attachment":[{"href":"https:\/\/semmelweis.hu\/nkl\/wp-json\/wp\/v2\/media?parent=60"}],"wp:term":[{"taxonomy":"category","embeddable":true,"href":"https:\/\/semmelweis.hu\/nkl\/wp-json\/wp\/v2\/categories?post=60"},{"taxonomy":"post_tag","embeddable":true,"href":"https:\/\/semmelweis.hu\/nkl\/wp-json\/wp\/v2\/tags?post=60"}],"curies":[{"name":"wp","href":"https:\/\/api.w.org\/{rel}","templated":true}]}}