{"id":731,"date":"2014-05-19T11:54:32","date_gmt":"2014-03-27T11:52:36","guid":{"rendered":"http:\/\/semmelweis.hu\/nki\/?page_id=731"},"modified":"2024-06-05T14:31:24","modified_gmt":"2024-06-05T12:31:24","slug":"aufgaben","status":"publish","type":"page","link":"https:\/\/semmelweis.hu\/nki\/de\/uber-uns\/aufgaben\/","title":{"rendered":"Unsere Aufgaben"},"content":{"rendered":"<div class=\"w-100 keretes\" style=\"text-align: justify\"><strong>Das Ziel des Direktorats f\u00fcr Internationale Beziehungen ist es, durch die Erschlie\u00dfung und Nutzung der internationalen Kooperationsm\u00f6glichkeiten die Mission der Semmelweis Universit\u00e4t im Feld der Bildung, der Heilung und Forschung zu unterst\u00fctzen.<\/strong><\/div>\n<div>\u00a0<\/div>\n<div><strong style=\"font-size: 1rem\">Das DIREKTORAT F\u00dcR INTERNATIONALE BEZIEHUNGEN:<\/strong><\/div>\n<div>\n<div><strong><img loading=\"lazy\" decoding=\"async\" class=\"wp-image-32123 alignright\" src=\"https:\/\/semmelweis.hu\/nki\/files\/2024\/05\/SE_INT_LOGO_GRAD_GOLD.jpg\" alt=\"\" width=\"392\" height=\"392\" \/><\/strong><\/div>\n<div>\u00a0<\/div>\n<ul style=\"font-weight: 400\">\n<li>Nimmt an der Entwicklung der internationalen Strategie der Universit\u00e4t teil;<\/li>\n<li>Initiiert die Umsetzung der internationalen Strategie der Universit\u00e4t;<\/li>\n<\/ul>\n<p>INTERNATIONALE PARTNERSCHAFT:<\/p>\n<ul style=\"font-weight: 400\">\n<li>\u00dcberwacht<strong> <a href=\"https:\/\/semmelweis.hu\/nki\/de\/partnerinstitute\/\" target=\"_blank\" rel=\"noopener\">internationale Partnerschaften<\/a> <\/strong>und Zusammenarbeiten;<\/li>\n<li>Organisiert <strong><a href=\"https:\/\/semmelweis.hu\/nki\/de\/category\/internationale-nachrichten\/\" target=\"_blank\" rel=\"noopener\">diplomatische Besuche und Vereinbarungen<\/a> <\/strong>mit internationalen Partnern;<\/li>\n<li>Arbeitet mit <strong><a href=\"https:\/\/semmelweis.hu\/nki\/de\/internationale-beziehungen\/\" target=\"_blank\" rel=\"noopener\">professionellen internationalen Organisationen<\/a><\/strong> zusammen;<\/li>\n<li>Nimmt an internationalen Akkreditierungsverfahren teil.<\/li>\n<\/ul>\n<p>INTERNATIONALE MOBILIT\u00c4T:<\/p>\n<ul style=\"font-weight: 400\">\n<li>Verwaltet die<strong><a href=\"https:\/\/semmelweis.hu\/nki\/de\/mobilitatsprogramme-in-europa\/\" target=\"_blank\" rel=\"noopener\"> Mobilit\u00e4ts- und Austauschprogramme<\/a><\/strong> der Universit\u00e4t (Erasmus+, Pann\u00f3nia, Stipendium, Diaszp\u00f3ra, Visegr\u00e1d, CEEPUS, Makovecz);<\/li>\n<li>Koordiniert <strong><a href=\"https:\/\/semmelweis.hu\/nki\/de\/stipendien\/\" target=\"_blank\" rel=\"noopener\">bilaterale Stipendienprogramme<\/a><\/strong> und Stipendien;<\/li>\n<\/ul>\n<p>INTERNATIONALE PROGRAMME:<\/p>\n<ul style=\"font-weight: 400\">\n<li>Koordiniert das Portfolio der <strong><a href=\"https:\/\/semmelweis.hu\/nki\/de\/internationale-kurzprogramme\/\" target=\"_blank\" rel=\"noopener\">internationalen Kurzprogramme<\/a><\/strong> der Universit\u00e4t;<\/li>\n<li>Tr\u00e4gt zu den internationalen Werbeveranstaltungen und Aktivit\u00e4ten der Universit\u00e4t bei;<\/li>\n<li>Tr\u00e4gt zur Erweiterung der internationalen Alumni-Gemeinschaft der Universit\u00e4t bei;<\/li>\n<li>Bietet Unterst\u00fctzung f\u00fcr die <strong>Fundraising<\/strong>-Aktivit\u00e4ten der Universit\u00e4t.<\/li>\n<\/ul>\n<\/div>\n","protected":false},"excerpt":{"rendered":"<p>Das Ziel des Direktorats f\u00fcr Internationale Beziehungen ist es, durch die Erschlie\u00dfung und Nutzung der internationalen Kooperationsm\u00f6glichkeiten die Mission der Semmelweis Universit\u00e4t im Feld der Bildung, der Heilung und Forschung zu unterst\u00fctzen. \u00a0 Das DIREKTORAT F\u00dcR INTERNATIONALE BEZIEHUNGEN: \u00a0 Nimmt an der Entwicklung der internationalen Strategie der Universit\u00e4t teil; Initiiert die Umsetzung der internationalen Strategie &hellip;<\/p>\n","protected":false},"author":203,"featured_media":0,"parent":727,"menu_order":1,"comment_status":"closed","ping_status":"closed","template":"template-fullwidth.php","meta":{"_acf_changed":false,"footnotes":""},"categories":[],"tags":[],"class_list":["post-731","page","type-page","status-publish","hentry"],"acf":[],"_links":{"self":[{"href":"https:\/\/semmelweis.hu\/nki\/wp-json\/wp\/v2\/pages\/731","targetHints":{"allow":["GET"]}}],"collection":[{"href":"https:\/\/semmelweis.hu\/nki\/wp-json\/wp\/v2\/pages"}],"about":[{"href":"https:\/\/semmelweis.hu\/nki\/wp-json\/wp\/v2\/types\/page"}],"author":[{"embeddable":true,"href":"https:\/\/semmelweis.hu\/nki\/wp-json\/wp\/v2\/users\/203"}],"replies":[{"embeddable":true,"href":"https:\/\/semmelweis.hu\/nki\/wp-json\/wp\/v2\/comments?post=731"}],"version-history":[{"count":11,"href":"https:\/\/semmelweis.hu\/nki\/wp-json\/wp\/v2\/pages\/731\/revisions"}],"predecessor-version":[{"id":32839,"href":"https:\/\/semmelweis.hu\/nki\/wp-json\/wp\/v2\/pages\/731\/revisions\/32839"}],"up":[{"embeddable":true,"href":"https:\/\/semmelweis.hu\/nki\/wp-json\/wp\/v2\/pages\/727"}],"wp:attachment":[{"href":"https:\/\/semmelweis.hu\/nki\/wp-json\/wp\/v2\/media?parent=731"}],"wp:term":[{"taxonomy":"category","embeddable":true,"href":"https:\/\/semmelweis.hu\/nki\/wp-json\/wp\/v2\/categories?post=731"},{"taxonomy":"post_tag","embeddable":true,"href":"https:\/\/semmelweis.hu\/nki\/wp-json\/wp\/v2\/tags?post=731"}],"curies":[{"name":"wp","href":"https:\/\/api.w.org\/{rel}","templated":true}]}}