{"id":6370,"date":"2022-01-13T12:36:33","date_gmt":"2022-01-13T11:36:33","guid":{"rendered":"https:\/\/semmelweis.hu\/nki\/?page_id=6370"},"modified":"2024-05-15T11:57:28","modified_gmt":"2024-05-15T09:57:28","slug":"eszak-amerikai-partnerintezmenyeink","status":"publish","type":"page","link":"https:\/\/semmelweis.hu\/nki\/partnerintezmenyek\/eszak-amerikai-partnerintezmenyeink\/","title":{"rendered":"\u00c9szak-Amerikai partnerint\u00e9zm\u00e9nyek"},"content":{"rendered":"\n<table id=\"tablepress-4\" class=\"tablepress tablepress-id-4 tbody-has-connected-cells\">\n<thead>\n<tr class=\"row-1\">\n\t<td class=\"column-1\"><\/td><th class=\"column-2\">R\u00e9szt vev\u0151 karok<\/th><th class=\"column-3\">Kapcsolat jellege<\/th><th class=\"column-4\">Kapcsolat kezdete<\/th>\n<\/tr>\n<\/thead>\n<tbody class=\"row-striping\">\n<tr class=\"row-2\">\n\t<td colspan=\"4\" rowspan=\"2\" class=\"column-1\"><h4 id=\"egyesultallamok\"><strong>Egyes\u00fclt \u00c1llamok<\/strong><\/h4><\/td>\n<\/tr>\n<tr class=\"row-3\">\n\t\n<\/tr>\n<tr class=\"row-4\">\n\t<td rowspan=\"2\" class=\"column-1\"><a href=\"https:\/\/www.brighamandwomens.org\/\"><img loading=\"lazy\" decoding=\"async\" src=\"https:\/\/semmelweis.hu\/nki\/files\/2020\/05\/Brigham_and_Womens_Hospital_logo.svg_.png\" alt=\"\" width=\"100\" height=\"101\" class=\"aligncenter size-full wp-image-332\" \/><\/a><\/td><td colspan=\"3\" class=\"column-2\"><strong>The Brigham and Women's Hospital<\/td>\n<\/tr>\n<tr class=\"row-5\">\n\t<td class=\"column-2\">\u00c1ltal\u00e1nos<\/td><td class=\"column-3\">Oktat\u00f3csere<br \/>\nHallgat\u00f3csere<br \/>\nK\u00f6z\u00f6s kutat\u00e1s<\/td><td class=\"column-4\">2018<\/td>\n<\/tr>\n<tr class=\"row-6\">\n\t<td rowspan=\"2\" class=\"column-1\"><a href=\"http:\/\/www.emory.edu\/home\/index.html\"><img loading=\"lazy\" decoding=\"async\" src=\"https:\/\/semmelweis.hu\/nki\/files\/2020\/05\/Emory-University-logo-2.jpg\" alt=\"\" width=\"100\" height=\"100\" class=\"aligncenter size-full wp-image-333\" \/><\/td><td colspan=\"3\" class=\"column-2\">Emoy University<\/td>\n<\/tr>\n<tr class=\"row-7\">\n\t<td class=\"column-2\">\u00c1ltal\u00e1nos Orvostudom\u00e1nyi Kar<\/td><td class=\"column-3\">Hallgat\u00f3csere<br \/>\nHallgat\u00f3i gyakorlat<\/td><td class=\"column-4\">2018<\/td>\n<\/tr>\n<tr class=\"row-8\">\n\t<td rowspan=\"2\" class=\"column-1\"><a href=\"https:\/\/www2.naz.edu\/\"><img loading=\"lazy\" decoding=\"async\" src=\"https:\/\/semmelweis.hu\/nki\/files\/2014\/03\/Nazareth-College-logo.png\" alt=\"\" width=\"100\" height=\"97\" class=\"aligncenter size-full wp-image-335\" \/><\/td><td colspan=\"3\" class=\"column-2\"><strong>Nazareth College<\/td>\n<\/tr>\n<tr class=\"row-9\">\n\t<td class=\"column-2\">Eg\u00e9szs\u00e9gtudom\u00e1nyi Kar<\/td><td class=\"column-3\">Oktat\u00e1s<br \/>\nKutat\u00e1s<\/td><td class=\"column-4\">2001<\/td>\n<\/tr>\n<tr class=\"row-10\">\n\t<td rowspan=\"2\" class=\"column-1\"><a href=\"http:\/\/www.rutgers.edu\/\"><img loading=\"lazy\" decoding=\"async\" src=\"https:\/\/semmelweis.hu\/nki\/files\/2014\/03\/Rutgers-University-logo.png\" alt=\"\" width=\"100\" height=\"100\" class=\"aligncenter size-full wp-image-336\" srcset=\"https:\/\/semmelweis.hu\/nki\/files\/2014\/03\/Rutgers-University-logo.png 100w, https:\/\/semmelweis.hu\/nki\/files\/2014\/03\/Rutgers-University-logo-90x90.png 90w\" sizes=\"auto, (max-width: 100px) 100vw, 100px\" \/><\/td><td colspan=\"3\" class=\"column-2\"><strong>Rutgers University<\/td>\n<\/tr>\n<tr class=\"row-11\">\n\t<td class=\"column-2\">Eg\u00e9szs\u00e9gtudom\u00e1nyi Kar<br \/>\n\u00c1ltal\u00e1nos Orvostudom\u00e1nyi Kar<\/td><td class=\"column-3\">Oktat\u00e1s<br \/>\nKutat\u00e1s<br \/>\nOktat\u00f3csere<br \/>\nHallgat\u00f3csere<\/td><td class=\"column-4\">2012<\/td>\n<\/tr>\n<tr class=\"row-12\">\n\t<td rowspan=\"2\" class=\"column-1\"><a href=\"http:\/\/www.umassmed.edu\/\"><img loading=\"lazy\" decoding=\"async\" src=\"https:\/\/semmelweis.hu\/nki\/files\/2014\/03\/UMMS-logo.png\" alt=\"\" width=\"100\" height=\"103\" class=\"aligncenter size-full wp-image-339\" \/><\/td><td colspan=\"3\" class=\"column-2\"><strong>University of Massachusetts Medical School<\/td>\n<\/tr>\n<tr class=\"row-13\">\n\t<td class=\"column-2\">\u00c1ltal\u00e1nos<\/td><td class=\"column-3\">Oktat\u00f3csere<br \/>\nHallgat\u00f3csere<br \/>\nK\u00f6z\u00f6s kutat\u00e1s<\/td><td class=\"column-4\">2011<\/td>\n<\/tr>\n<tr class=\"row-14\">\n\t<td rowspan=\"2\" class=\"column-1\"><a href=\"http:\/\/www.buffalo.edu\/\"><img loading=\"lazy\" decoding=\"async\" src=\"https:\/\/semmelweis.hu\/nki\/files\/2014\/03\/University-at-Buffalo-logo.png\" alt=\"\" width=\"100\" height=\"98\" class=\"aligncenter size-full wp-image-340\" \/><\/td><td colspan=\"3\" class=\"column-2\"><strong>University at Buffalo (State University of New York)<\/td>\n<\/tr>\n<tr class=\"row-15\">\n\t<td class=\"column-2\">\u00c1ltal\u00e1nos Orvostudom\u00e1nyi Kar<\/td><td class=\"column-3\">Hallgat\u00f3csere<\/td><td class=\"column-4\">1995<\/td>\n<\/tr>\n<tr class=\"row-16\">\n\t<td rowspan=\"2\" class=\"column-1\"><a href=\"http:\/\/www.westga.edu\/\"><img loading=\"lazy\" decoding=\"async\" src=\"https:\/\/semmelweis.hu\/nki\/files\/2014\/03\/University-of-West-Georgia-logo.png\" alt=\"\" width=\"100\" height=\"100\" class=\"aligncenter size-full wp-image-341\" srcset=\"https:\/\/semmelweis.hu\/nki\/files\/2014\/03\/University-of-West-Georgia-logo.png 100w, https:\/\/semmelweis.hu\/nki\/files\/2014\/03\/University-of-West-Georgia-logo-90x90.png 90w\" sizes=\"auto, (max-width: 100px) 100vw, 100px\" \/><\/td><td colspan=\"3\" class=\"column-2\"><strong>University of West Georgia<\/td>\n<\/tr>\n<tr class=\"row-17\">\n\t<td class=\"column-2\">Eg\u00e9szs\u00e9gtudom\u00e1nyi Kar<\/td><td class=\"column-3\">R\u00f6vid k\u00e9pz\u00e9si program<\/td><td class=\"column-4\">2013<\/td>\n<\/tr>\n<tr class=\"row-18\">\n\t<td rowspan=\"2\" class=\"column-1\"><a href=\"https:\/\/www.gwu.edu\/\"><img loading=\"lazy\" decoding=\"async\" src=\"https:\/\/semmelweis.hu\/nki\/files\/2020\/06\/0.png\" alt=\"\" width=\"100\" height=\"100\" class=\"aligncenter size-full wp-image-341\" \/><\/td><td colspan=\"3\" class=\"column-2\"><strong>George Washington University <\/td>\n<\/tr>\n<tr class=\"row-19\">\n\t<td class=\"column-2\">Eg\u00e9szs\u00e9gtudom\u00e1nyi Kar<\/td><td class=\"column-3\">Oktat\u00f3csere<br \/>\nHallgat\u00f3csere<br \/>\nK\u00f6z\u00f6s kutat\u00e1s<\/td><td class=\"column-4\">2019<\/td>\n<\/tr>\n<tr class=\"row-20\">\n\t<td colspan=\"4\" rowspan=\"2\" class=\"column-1\"><h4 id=\"kanada\"><strong>   Kanada<\/strong><\/h4><\/td>\n<\/tr>\n<tr class=\"row-21\">\n\t\n<\/tr>\n<tr class=\"row-22\">\n\t<td rowspan=\"2\" class=\"column-1\"><a href=\"http:\/\/www.carleton.ca\/\"><img loading=\"lazy\" decoding=\"async\" src=\"https:\/\/semmelweis.hu\/nki\/files\/2014\/03\/Carleton-University-logo.png\" alt=\"\" width=\"77\" height=\"100\" class=\"aligncenter size-full wp-image-344\" \/><\/td><td colspan=\"3\" class=\"column-2\"><strong>Carleton University<\/td>\n<\/tr>\n<tr class=\"row-23\">\n\t<td class=\"column-2\">\u00c1ltal\u00e1nos Orvostudom\u00e1nyi Kar<\/td><td class=\"column-3\">Oktat\u00f3csere<br \/>\nHallgat\u00f3csere<\/td><td class=\"column-4\">2005<\/td>\n<\/tr>\n<tr class=\"row-24\">\n\t<td rowspan=\"2\" class=\"column-1\"><a href=\"http:\/\/www.schulich.uwo.ca\/\"><img loading=\"lazy\" decoding=\"async\" src=\"https:\/\/semmelweis.hu\/nki\/files\/2017\/10\/Schulich-2.jpg\" alt=\"\" width=\"100\" height=\"150\" class=\"aligncenter size-full wp-image-344\" \/><\/td><td colspan=\"3\" class=\"column-2\"><strong>University of Western Ontario - Schulich School of Medicine and Dentistry<\/td>\n<\/tr>\n<tr class=\"row-25\">\n\t<td class=\"column-2\">\u00c1ltal\u00e1nos Orvostudom\u00e1nyi Kar<\/td><td class=\"column-3\">Hallgat\u00f3csere<\/td><td class=\"column-4\">2017<\/td>\n<\/tr>\n<\/tbody>\n<\/table>\n\n","protected":false},"excerpt":{"rendered":"","protected":false},"author":101614,"featured_media":28793,"parent":6155,"menu_order":4,"comment_status":"closed","ping_status":"closed","template":"template-fullwidth.php","meta":{"_acf_changed":false,"footnotes":""},"categories":[],"tags":[264],"class_list":["post-6370","page","type-page","status-publish","has-post-thumbnail","hentry","tag-kontinens"],"acf":[],"_links":{"self":[{"href":"https:\/\/semmelweis.hu\/nki\/wp-json\/wp\/v2\/pages\/6370","targetHints":{"allow":["GET"]}}],"collection":[{"href":"https:\/\/semmelweis.hu\/nki\/wp-json\/wp\/v2\/pages"}],"about":[{"href":"https:\/\/semmelweis.hu\/nki\/wp-json\/wp\/v2\/types\/page"}],"author":[{"embeddable":true,"href":"https:\/\/semmelweis.hu\/nki\/wp-json\/wp\/v2\/users\/101614"}],"replies":[{"embeddable":true,"href":"https:\/\/semmelweis.hu\/nki\/wp-json\/wp\/v2\/comments?post=6370"}],"version-history":[{"count":4,"href":"https:\/\/semmelweis.hu\/nki\/wp-json\/wp\/v2\/pages\/6370\/revisions"}],"predecessor-version":[{"id":31342,"href":"https:\/\/semmelweis.hu\/nki\/wp-json\/wp\/v2\/pages\/6370\/revisions\/31342"}],"up":[{"embeddable":true,"href":"https:\/\/semmelweis.hu\/nki\/wp-json\/wp\/v2\/pages\/6155"}],"wp:featuredmedia":[{"embeddable":true,"href":"https:\/\/semmelweis.hu\/nki\/wp-json\/wp\/v2\/media\/28793"}],"wp:attachment":[{"href":"https:\/\/semmelweis.hu\/nki\/wp-json\/wp\/v2\/media?parent=6370"}],"wp:term":[{"taxonomy":"category","embeddable":true,"href":"https:\/\/semmelweis.hu\/nki\/wp-json\/wp\/v2\/categories?post=6370"},{"taxonomy":"post_tag","embeddable":true,"href":"https:\/\/semmelweis.hu\/nki\/wp-json\/wp\/v2\/tags?post=6370"}],"curies":[{"name":"wp","href":"https:\/\/api.w.org\/{rel}","templated":true}]}}