{"id":444,"date":"2014-08-19T11:11:54","date_gmt":"2014-05-19T11:45:01","guid":{"rendered":"http:\/\/semmelweis.hu\/nki\/?page_id=444"},"modified":"2025-02-07T15:31:22","modified_gmt":"2025-02-07T14:31:22","slug":"kihelyezett-kepzeseink","status":"publish","type":"page","link":"https:\/\/semmelweis.hu\/nki\/kihelyezett-kepzeseink\/","title":{"rendered":"Kihelyezett k\u00e9pz\u00e9seink"},"content":{"rendered":"<div class=\"keretes w-100\" style=\"text-align: justify\"><strong>A Semmelweis Egyetem \u00fatt\u00f6r\u0151 t\u00f6rekv\u00e9seinek k\u00f6sz\u00f6nhet\u0151en azon eur\u00f3pai fels\u0151oktat\u00e1si int\u00e9zm\u00e9nyek k\u00f6z\u00f6tt volt, amelyek els\u0151k\u00e9nt hoztak l\u00e9tre k\u00fclf\u00f6ldre kihelyezett k\u00e9pz\u00e9seket. Ezen k\u00e9pz\u00e9seink lehet\u0151v\u00e9 teszik, hogy Semmelweis diplom\u00e1t kapjanak olyan \u2013 els\u0151sorban k\u00fclf\u00f6ldi \u2013 hallgat\u00f3k, akik tanulm\u00e1nyaik jelent\u0151s r\u00e9sz\u00e9t a partnerint\u00e9zm\u00e9nyn\u00e9l v\u00e9gzik.<\/strong><\/div>\n<div class=\"responsive-tabs\">\n<h2 class=\"tabtitle\">N\u00e9metorsz\u00e1g, Hamburg<br \/>\n\u00c1ltal\u00e1nos Orvostudom\u00e1nyi Kar<\/h2>\n<div class=\"tabcontent\">\n\n<div class=\"exp-col-content-holder\"><a class=\"expand-cnt-link\" href=\"#\">Asklepios Campus<\/a><\/p>\n<div class=\"hidden-content\">\n<p style=\"text-align: justify\">A Semmelweis Egyetem \u00e9s az <strong>Asklepios Medical School<\/strong> gy\u00fcm\u00f6lcs\u00f6z\u0151 egy\u00fcttm\u0171k\u00f6d\u00e9se \u00faj t\u00e1vlatokat nyitott meg az eur\u00f3pai egyetemek vil\u00e1g\u00e1ban. Az egyed\u00fcl\u00e1ll\u00f3 oktat\u00e1si modell lehet\u0151s\u00e9get ny\u00fajt a Semmelweis Egyetem idegen nyelv\u0171 hallgat\u00f3i sz\u00e1m\u00e1ra, hogy a budapesti elm\u00e9leti k\u00e9pz\u00e9s ut\u00e1n tanulm\u00e1nyaikat a <strong>magyar tanterv alapj\u00e1n<\/strong>, a hamburgi campuson folytass\u00e1k, \u00e9s a <strong>Semmelweis Egyetem diplom\u00e1j\u00e1t<\/strong> kapj\u00e1k meg.<\/p>\n<p><img loading=\"lazy\" decoding=\"async\" class=\"aligncenter wp-image-32019 size-full\" src=\"https:\/\/semmelweis.hu\/nki\/files\/2024\/05\/asklepios-campus-hamburg-startseite-01-.jpeg\" alt=\"\" width=\"1232\" height=\"693\" srcset=\"https:\/\/semmelweis.hu\/nki\/files\/2024\/05\/asklepios-campus-hamburg-startseite-01-.jpeg 1232w, https:\/\/semmelweis.hu\/nki\/files\/2024\/05\/asklepios-campus-hamburg-startseite-01--400x225.jpeg 400w, https:\/\/semmelweis.hu\/nki\/files\/2024\/05\/asklepios-campus-hamburg-startseite-01--1024x576.jpeg 1024w, https:\/\/semmelweis.hu\/nki\/files\/2024\/05\/asklepios-campus-hamburg-startseite-01--768x432.jpeg 768w, https:\/\/semmelweis.hu\/nki\/files\/2024\/05\/asklepios-campus-hamburg-startseite-01--753x424.jpeg 753w\" sizes=\"auto, (max-width: 1232px) 100vw, 1232px\" \/><\/p>\n<div class=\"keretes\"><strong>K\u00e9pz\u00e9s: <\/strong>\u00c1ltal\u00e1nos orvos<strong><br \/>\nIndul\u00e1si \u00e9v:<\/strong> 2008<br \/>\n<strong>K\u00e9pz\u00e9s nyelve:<\/strong> n\u00e9met<br \/>\n<strong>Oktat\u00f3k:<\/strong> n\u00e9met, magyar<br \/>\n<strong>Kiadott diploma:<\/strong> M.D.<\/div>\n<p style=\"text-align: justify\">A Semmelweis Egyetem \u00c1ltal\u00e1nos Orvostudom\u00e1nyi Kar Asklepios Campus Hamburg <strong>k\u00e9tnemzetis\u00e9g\u0171 kar<\/strong>, mely a Semmelweis Egyetem \u00c1ltal\u00e1nos Orvostudom\u00e1nyi Kar\u00e1nak keretein bel\u00fcl m\u0171k\u00f6dik, \u00e9s az Amszterdami Szerz\u0151d\u00e9s alapj\u00e1n hoztak l\u00e9tre. Sikeres \u00e9s egyed\u00fcl\u00e1ll\u00f3 minta j\u00f6tt Eur\u00f3p\u00e1ban l\u00e9tre, amely a min\u0151s\u00e9gi pr\u00f3b\u00e1t m\u00e1r ki\u00e1llta.<\/p>\n<p><a class=\"btn btn-secondary\" href=\"https:\/\/semmelweis.hu\/deutsch\/studiengange\/humanmedizin\/\" target=\"_blank\" rel=\"noopener noreferrer\">B\u0150VEBBEN N\u00c9MET\u00dcL&#8230;<\/a><\/p>\n<\/div>\n<\/div>\n\n<\/div><h2 class=\"tabtitle\">N\u00e9metorsz\u00e1g, Kaiserslautern<br \/>\n\u00c1ltal\u00e1nos Orvostudom\u00e1nyi Kar<\/h2>\n<div class=\"tabcontent\">\n\n<div class=\"exp-col-content-holder\"><a class=\"expand-cnt-link\" href=\"#\">Westpfalz-Klinikum <\/a><\/p>\n<div class=\"hidden-content\">\n<p class=\"hiddenContentp\">A 2025\/2026-os tan\u00e9vt\u0151l a Semmelweis Egyetem \u00e9s a n\u00e9met <strong>Westpfalz-Klinikum<\/strong> k\u00f6z\u00f6s orvosi k\u00e9pz\u00e9st ind\u00edt, amelyet Budapesten \u00e9s Kaiserslauternben val\u00f3s\u00edtanak meg. A <strong>k\u00e9pz\u00e9s k\u00e9t szakaszb\u00f3l \u00e1ll<\/strong>: az els\u0151 h\u00e1rom \u00e9v az elm\u00e9leti k\u00e9pz\u00e9s, amely a budapesti Semmelweis Egyetemen zajlik, m\u00edg a m\u00e1sodik h\u00e1rom \u00e9v a klinikai modul, amely a Rajna-vid\u00e9k-pfalzi Westpfalz-Klinikumban t\u00f6rt\u00e9nik.<\/p>\n<p><img loading=\"lazy\" decoding=\"async\" class=\"aligncenter wp-image-33121 size-full\" src=\"https:\/\/semmelweis.hu\/nki\/files\/2024\/10\/csm_banner-slider-standort_l_KL_1_7421813ad01200x800.jpg\" alt=\"\" width=\"1200\" height=\"800\" srcset=\"https:\/\/semmelweis.hu\/nki\/files\/2024\/10\/csm_banner-slider-standort_l_KL_1_7421813ad01200x800.jpg 1200w, https:\/\/semmelweis.hu\/nki\/files\/2024\/10\/csm_banner-slider-standort_l_KL_1_7421813ad01200x800-400x267.jpg 400w, https:\/\/semmelweis.hu\/nki\/files\/2024\/10\/csm_banner-slider-standort_l_KL_1_7421813ad01200x800-1024x683.jpg 1024w, https:\/\/semmelweis.hu\/nki\/files\/2024\/10\/csm_banner-slider-standort_l_KL_1_7421813ad01200x800-768x512.jpg 768w, https:\/\/semmelweis.hu\/nki\/files\/2024\/10\/csm_banner-slider-standort_l_KL_1_7421813ad01200x800-753x502.jpg 753w, https:\/\/semmelweis.hu\/nki\/files\/2024\/10\/csm_banner-slider-standort_l_KL_1_7421813ad01200x800-203x135.jpg 203w\" sizes=\"auto, (max-width: 1200px) 100vw, 1200px\" \/><\/p>\n<div class=\"keretes\">\n<p><strong>K\u00e9pz\u00e9s:<\/strong>\u00c1ltal\u00e1nos orvos<strong><br \/>\nIndul\u00e1si \u00e9v:<\/strong> 2025<br \/>\n<strong>K\u00e9pz\u00e9s nyelve:<\/strong> n\u00e9met<br \/>\n<strong>Oktat\u00f3k:<\/strong> magyar, n\u00e9met<br \/>\n<strong>Kiadott diploma:<\/strong> M.D<\/p>\n<\/div>\n<p>A program egyed\u00fcl\u00e1ll\u00f3 abban, hogy a tananyagot <strong>n\u00e9met nyelven<\/strong> oktatj\u00e1k, a k\u00e9pz\u00e9s viszont a magyar tanterv alapj\u00e1n t\u00f6rt\u00e9nik. A v\u00e9gz\u0151s hallgat\u00f3k a <strong>Semmelweis Egyetem diplom\u00e1j\u00e1t<\/strong> kapj\u00e1k meg, amely nemzetk\u00f6zileg elismert v\u00e9gzetts\u00e9get biztos\u00edt sz\u00e1mukra. Ezen fel\u00fcl a hallgat\u00f3knak lehet\u0151s\u00e9g\u00fck lesz bekapcsol\u00f3dni a k\u00e9t int\u00e9zm\u00e9ny <strong>k\u00f6z\u00f6s kutat\u00e1si projektjeibe<\/strong>, ami tov\u00e1bb er\u0151s\u00edti a Semmelweis Egyetem \u00e9s a Westpfalz-Klinikum k\u00f6z\u00f6tti tudom\u00e1nyos \u00e9s kutat\u00e1si egy\u00fcttm\u0171k\u00f6d\u00e9st.<\/p>\n<p><a class=\"btn btn-secondary\" href=\"https:\/\/semmelweis.hu\/deutsch\/studiengange\/humanmedizin\/\" target=\"_blank\" rel=\"noopener noreferrer\">B\u0150VEBBEN N\u00c9MET\u00dcL&#8230;<\/a><\/p>\n<\/div>\n<\/div>\n\n<\/div><h2 class=\"tabtitle\">Sv\u00e1jc, Lug\u00e1n\u00f3<br \/>\nEg\u00e9szs\u00e9gtudom\u00e1nyi Kar<\/h2>\n<div class=\"tabcontent\">\n\n<div class=\"exp-col-content-holder\"><a class=\"expand-cnt-link\" href=\"#\">Lugano International Campus<\/a><\/p>\n<div class=\"hidden-content\">\n<p style=\"text-align: justify\">A Semmelweis Egyetem lugan\u00f3i k\u00e9pz\u00e9se a kor\u00e1bbi L.U.de.S (Libera Universit\u00e0 degli Studi) <strong>Lugan\u00f3i Egyetemmel egy\u00fcttm\u0171k\u00f6dve<\/strong> az Eg\u00e9szs\u00e9gtudom\u00e1nyi Kar kezdem\u00e9nyez\u00e9sek\u00e9nt j\u00f6tt l\u00e9tre. A lugan\u00f3i fizioter\u00e1pi\u00e1s alapk\u00e9pz\u00e9s (BSc) <strong>teljes eg\u00e9sz\u00e9ben megegyezik<\/strong> az Eg\u00e9szs\u00e9gtudom\u00e1nyi Kar \u00e1ltal aj\u00e1nlott alapk\u00e9pz\u00e9ssel.<\/p>\n<p><img loading=\"lazy\" decoding=\"async\" class=\"aligncenter wp-image-32100 size-full\" src=\"https:\/\/semmelweis.hu\/nki\/files\/2024\/05\/358548670_673803518109226_2553052672309583968_n.jpeg\" alt=\"\" width=\"2048\" height=\"1366\" srcset=\"https:\/\/semmelweis.hu\/nki\/files\/2024\/05\/358548670_673803518109226_2553052672309583968_n.jpeg 2048w, https:\/\/semmelweis.hu\/nki\/files\/2024\/05\/358548670_673803518109226_2553052672309583968_n-400x267.jpeg 400w, https:\/\/semmelweis.hu\/nki\/files\/2024\/05\/358548670_673803518109226_2553052672309583968_n-1024x683.jpeg 1024w, https:\/\/semmelweis.hu\/nki\/files\/2024\/05\/358548670_673803518109226_2553052672309583968_n-768x512.jpeg 768w, https:\/\/semmelweis.hu\/nki\/files\/2024\/05\/358548670_673803518109226_2553052672309583968_n-1536x1025.jpeg 1536w, https:\/\/semmelweis.hu\/nki\/files\/2024\/05\/358548670_673803518109226_2553052672309583968_n-753x502.jpeg 753w, https:\/\/semmelweis.hu\/nki\/files\/2024\/05\/358548670_673803518109226_2553052672309583968_n-203x135.jpeg 203w\" sizes=\"auto, (max-width: 2048px) 100vw, 2048px\" \/><\/p>\n<div class=\"keretes\" style=\"text-align: justify\"><strong>K\u00e9pz\u00e9s: <\/strong>Gy\u00f3gytorn\u00e1sz BSc<strong><br \/>\nIndul\u00e1si \u00e9v:<\/strong> 2009<br \/>\n<strong>K\u00e9pz\u00e9s nyelve:<\/strong> olasz<br \/>\n<strong>Oktat\u00f3k:<\/strong> sv\u00e1jci<br \/>\n<strong>Kiadott diploma:<\/strong> BSc<\/div>\n<p style=\"text-align: justify\">A k\u00e9pz\u00e9s 4 tan\u00e9ven kereszt\u00fcl folyik \u00e9s <strong>elm\u00e9leti, illetve gyakorlati oktat\u00e1sb\u00f3l<\/strong> tev\u0151dik \u00f6ssze \u00e9s az oktat\u00e1s nyelve olasz. A diploma megszerz\u00e9s\u00e9t k\u00f6vet\u0151en a frissen v\u00e9gzett szakemberek az Eur\u00f3pai Uni\u00f3 teljes ter\u00fclet\u00e9n elhelyezkedhetnek. A Magyar Akkredit\u00e1ci\u00f3s Bizotts\u00e1g 2009-ben enged\u00e9lyezte a k\u00e9pz\u00e9st, \u00e9s azt k\u00f6vet\u0151en a program elindult 19 regisztr\u00e1lt hallgat\u00f3val. A m\u00e1sodik \u00e9vben m\u00e1r 60-an jelentkeztek a lugan\u00f3i k\u00e9pz\u00e9sre. Jelenleg 286 hallgat\u00f3 tanul a lugan\u00f3i fizioter\u00e1pi\u00e1s alapk\u00e9pz\u00e9sen, ami a program siker\u00e9t igazolja.<\/p>\n<p><a class=\"btn btn-secondary\" href=\"https:\/\/uniludes.ch\/\" target=\"_blank\" rel=\"noopener noreferrer\">TOV\u00c1BB&#8230;<\/a><\/p>\n<\/div>\n<\/div>\n\n<\/div><h2 class=\"tabtitle\">Szlov\u00e1kia, Pozsony<br \/>\nEg\u00e9szs\u00e9g\u00fcgyi K\u00f6zszolg\u00e1lati Kar<\/h2>\n<div class=\"tabcontent\">\n\n<div class=\"exp-col-content-holder\"><a class=\"expand-cnt-link\" href=\"#\">BRATISLAVA Health Management Academy<\/a><\/p>\n<div class=\"hidden-content\">\n<p>A Semmelweis Egyetem Eg\u00e9szs\u00e9g\u00fcgyi K\u00f6zszolg\u00e1lati Kara Pozsonyban hozott l\u00e9tre egy sz\u00e9khelyen k\u00edv\u00fcli k\u00e9pz\u00e9st, melynek keret\u00e9ben egy <strong>eg\u00e9szs\u00e9g\u00fcgyi menedzser programban<\/strong> vehetnek r\u00e9szt a tanulni v\u00e1gy\u00f3k.<\/p>\n<p><b><img loading=\"lazy\" decoding=\"async\" class=\"aligncenter wp-image-32098 size-full\" src=\"https:\/\/semmelweis.hu\/nki\/files\/2024\/05\/RS27253_KA-20150116-IMG_2951-scr.jpeg\" alt=\"\" width=\"950\" height=\"633\" srcset=\"https:\/\/semmelweis.hu\/nki\/files\/2024\/05\/RS27253_KA-20150116-IMG_2951-scr.jpeg 950w, https:\/\/semmelweis.hu\/nki\/files\/2024\/05\/RS27253_KA-20150116-IMG_2951-scr-400x267.jpeg 400w, https:\/\/semmelweis.hu\/nki\/files\/2024\/05\/RS27253_KA-20150116-IMG_2951-scr-768x512.jpeg 768w, https:\/\/semmelweis.hu\/nki\/files\/2024\/05\/RS27253_KA-20150116-IMG_2951-scr-753x502.jpeg 753w, https:\/\/semmelweis.hu\/nki\/files\/2024\/05\/RS27253_KA-20150116-IMG_2951-scr-203x135.jpeg 203w\" sizes=\"auto, (max-width: 950px) 100vw, 950px\" \/><\/b><\/p>\n<div class=\"keretes\"><strong>K\u00e9pz\u00e9s: <\/strong>Eg\u00e9szs\u00e9g\u00fcgyi Menedzser MSc <strong><br \/>\nIndul\u00e1si \u00e9v:<\/strong> 2010<br \/>\n<strong>K\u00e9pz\u00e9s nyelve:<\/strong> szlov\u00e1k<br \/>\n<strong>Oktat\u00f3k:<\/strong> szlov\u00e1k<br \/>\n<strong>Kiadott diploma:<\/strong> MSc<\/div>\n<p style=\"text-align: justify\">A szlov\u00e1k nyelven foly\u00f3, a pozsonyi Health Management Academy-val (HMA) k\u00f6z\u00f6sen szervezett posztgradu\u00e1lis program 2010-ben indult, az els\u0151 \u00e9vfolyam v\u00e9gz\u0151s hallgat\u00f3i 2013-ban vehett\u00e9k \u00e1t diplom\u00e1jukat.<\/p>\n<p><a class=\"btn btn-secondary\" href=\"https:\/\/www.hma.sk\/\" target=\"_blank\" rel=\"noopener noreferrer\">TOV\u00c1BB&#8230;<\/a><\/p>\n<\/div>\n<\/div>\n\n<\/div><h2 class=\"tabtitle\">Rom\u00e1nia, Illyefalva<br \/>\nPet\u0151 Andr\u00e1s Kar<\/h2>\n<div class=\"tabcontent\">\n\n<div class=\"exp-col-content-holder\"><a class=\"expand-cnt-link\" href=\"#\">KONDUKTOR K\u00c9PZ\u00c9S<\/a><\/p>\n<div class=\"hidden-content\">\n<p style=\"text-align: justify\">A Semmelweis Egyetem Pet\u0151 Andr\u00e1s Kar\u00e1nak nappali tagozatos tansz\u00e9ke n\u00e9gy\u00e9ves, <strong>magas sz\u00ednvonal\u00fa, szakmai-gyakorlati<\/strong> k\u00e9pz\u00e9st ny\u00fajt Ilieni telep\u00fcl\u00e9sen, a kondukt\u00edv nevel\u00e9s ter\u00fclet\u00e9n. A <strong>nyolc f\u00e9l\u00e9vb\u0151<\/strong>l \u00e1ll\u00f3 k\u00e9pz\u00e9s c\u00e9lja olyan pedag\u00f3giai szakemberek k\u00e9pz\u00e9se, akik elm\u00e9letileg megalapozott ismeretek \u00e9s k\u00e9pess\u00e9gek birtok\u00e1ban alkalmasak b\u00e1rmely \u00e9letkor\u00fa saj\u00e1tos nevel\u00e9si ig\u00e9ny\u0171 mozg\u00e1ss\u00e9r\u00fclt (k\u00f6zponti idegrendszeri s\u00e9r\u00fclt) kondukt\u00edv nevel\u00e9ssel megval\u00f3s\u00edtott fejleszt\u00e9s\u00e9re. <br \/>\nA diploma megszerz\u00e9se lehet\u0151v\u00e9 teszi k\u00fcl\u00f6nleges kondukt\u00edv pedag\u00f3giai tev\u00e9kenys\u00e9gek folytat\u00e1s\u00e1t, melyek a teljes szem\u00e9lyis\u00e9g fejleszt\u00e9s\u00e9t szolg\u00e1lj\u00e1k k\u00fcl\u00f6nb\u00f6z\u0151 mozg\u00e1skorl\u00e1tozotts\u00e1ggal \u00e9l\u0151 gyermekek, fiatal feln\u0151ttek \u00e9s id\u0151sek eset\u00e9ben, akik idegrendszeri s\u00e9r\u00fcl\u00e9sek (agyv\u00e9rz\u00e9s, Parkinson-k\u00f3r, MS) miatt szenvednek. A<strong> f\u0151 c\u00e9l:<\/strong> az idegrendszeri s\u00e9r\u00fcl\u00e9sekb\u0151l ered\u0151 mozg\u00e1skorl\u00e1tozottakat \u00e9s speci\u00e1lis oktat\u00e1si ig\u00e9ny\u0171eket k\u00e9pess\u00e9 tenni az \u00f6n\u00e1ll\u00f3s\u00e1gra \u00e9s a f\u00fcggetlen \u00e9letvitelre. \u00cdgy cs\u00f6kken s\u00e9r\u00fcl\u00e9kenys\u00e9g\u00fck, \u00e9s teljes jog\u00fa tagjaiv\u00e1 v\u00e1lhatnak a t\u00e1rsadalomnak.<\/p>\n<p><img loading=\"lazy\" decoding=\"async\" class=\"aligncenter wp-image-32099 size-full\" src=\"https:\/\/semmelweis.hu\/nki\/files\/2024\/05\/RS135253_C19A2948-scr.jpeg\" alt=\"\" width=\"1200\" height=\"777\" srcset=\"https:\/\/semmelweis.hu\/nki\/files\/2024\/05\/RS135253_C19A2948-scr.jpeg 1200w, https:\/\/semmelweis.hu\/nki\/files\/2024\/05\/RS135253_C19A2948-scr-400x259.jpeg 400w, https:\/\/semmelweis.hu\/nki\/files\/2024\/05\/RS135253_C19A2948-scr-1024x663.jpeg 1024w, https:\/\/semmelweis.hu\/nki\/files\/2024\/05\/RS135253_C19A2948-scr-768x497.jpeg 768w, https:\/\/semmelweis.hu\/nki\/files\/2024\/05\/RS135253_C19A2948-scr-753x488.jpeg 753w\" sizes=\"auto, (max-width: 1200px) 100vw, 1200px\" \/><\/p>\n<div class=\"keretes\" style=\"text-align: justify\"><strong>Indul\u00e1si \u00e9v:<\/strong> 2018<br \/>\n<strong>K\u00e9pz\u00e9s nyelve:<\/strong> magyar<br \/>\n<strong>Oktat\u00f3k:<\/strong> magyar (Pet\u0151 Andr\u00e1s Kar)<br \/>\n<strong>Kiadott diploma:<\/strong> BA<br \/>\n<strong>K\u00e9pz\u00e9s:<\/strong> konduktork\u00e9pz\u00e9s \u00f3vodapedag\u00f3gusi vagy tan\u00edt\u00f3i specializ\u00e1ci\u00f3val<\/div>\n<p style=\"text-align: justify\">Az elm\u00e9leti k\u00e9pz\u00e9s <strong>t\u00f6mb\u00f6s\u00edtett<\/strong>, a gyakorlati k\u00e9pz\u00e9s <strong>3 hetes ciklusokkal<\/strong> szakaszonk\u00e9nt ker\u00fcl megszervez\u00e9sre. Az \u00f3vodapedag\u00f3gus specializ\u00e1ci\u00f3 c\u00e9lja, hogy olyan konduktorokat k\u00e9pezzen, akik felk\u00e9sz\u00fcltek az \u00f3vod\u00e1skor\u00fa <strong>mozg\u00e1ss\u00e9r\u00fclt gyermekek<\/strong> (integr\u00e1lt \/ inkluz\u00edv csoportok) <strong>nevel\u00e9s\u00e9re, fejleszt\u00e9s\u00e9re<\/strong>, a mindenkori \u00f3vodai nevel\u00e9si program megval\u00f3s\u00edt\u00e1s\u00e1ra. A tan\u00edt\u00f3 specializ\u00e1ci\u00f3 c\u00e9lja, hogy olyan konduktorokat k\u00e9pezzen, akik felk\u00e9sz\u00fcltek az 1\u20144. oszt\u00e1lyos mozg\u00e1ss\u00e9r\u00fclt gyermekek (integr\u00e1lt \/ inkluz\u00edv oszt\u00e1lyok) nevel\u00e9s\u00e9re, oktat\u00e1s\u00e1ra, a mindenkori tanterv megval\u00f3s\u00edt\u00e1s\u00e1ra. A konduktor k\u00e9pz\u00e9s\u00e9nek kulcsfontoss\u00e1g\u00fa eleme a<strong> gyakorlati k\u00e9pz\u00e9s<\/strong>, amely az oktat\u00e1si folyamat szerves r\u00e9sz\u00e9t k\u00e9pezi. <strong>Garant\u00e1ljuk<\/strong>: szakmai felk\u00e9sz\u00fclts\u00e9get, min\u0151s\u00e9get, gyakorlatiass\u00e1got! Jellemzi a csal\u00e1dias l\u00e9gk\u00f6r, a t\u00e1mogat\u00f3 hallgat\u00f3i k\u00f6z\u00f6ss\u00e9g, valamint a sz\u00e1ll\u00e1s \u00e9s \u00e9tkez\u00e9s lehet\u0151s\u00e9ge.<\/p>\n<p><a class=\"btn btn-secondary\" href=\"https:\/\/www.facebook.com\/people\/KIDA-Pet%C5%91-Fejleszt%C5%91-%C3%A9s-K%C3%A9pz%C5%91k%C3%B6zpont-Illyefalva\/100070216874346\/\" target=\"_blank\" rel=\"noopener noreferrer\">B\u0150VEBBEN&#8230;<\/a><\/p>\n<\/div>\n<\/div>\n\n<\/div><h2 class=\"tabtitle\">Szerbia, Szabadka \u00e9s Zenta<br \/>\nPet\u0151 Andr\u00e1s Kar<\/h2>\n<div class=\"tabcontent\">\n\n<div class=\"exp-col-content-holder\"><a class=\"expand-cnt-link\" href=\"#\">KONDUKTOR K\u00c9PZ\u00c9S<\/a><\/p>\n<div class=\"hidden-content\">\n<p style=\"text-align: justify\">A <strong>4 f\u00e9l\u00e9ves<\/strong>, 120 kredites k\u00e9pz\u00e9s c\u00e9lja olyan<strong> pedag\u00f3giai szakemberek k\u00e9pz\u00e9se<\/strong>, akik elm\u00e9letileg megalapozott ismeretek \u00e9s k\u00e9pess\u00e9gek birtok\u00e1ban alkalmasak b\u00e1rmely \u00e9letkor\u00fa saj\u00e1tos nevel\u00e9si ig\u00e9ny\u0171 mozg\u00e1ss\u00e9r\u00fclt (k\u00f6zponti idegrendszeri s\u00e9r\u00fclt) <strong>kondukt\u00edv nevel\u00e9ssel<\/strong> megval\u00f3s\u00edtott fejleszt\u00e9s\u00e9re konduktor (konduktor-tan\u00edt\u00f3, konduktor-\u00f3vodapedag\u00f3gus) ir\u00e1ny\u00edt\u00e1sa mellett. A kondukt\u00edv pedag\u00f3giai tant\u00e1rgyak mellett biomedikai tant\u00e1rgyakat is tan\u00edtanak a elm\u00e9leti \u00f3r\u00e1k keret\u00e9ben, de a <strong>f\u0151 hangs\u00faly a gyakorlaton van<\/strong>, ami majdnem hetven sz\u00e1zal\u00e9k\u00e1t teszi ki az eg\u00e9sz k\u00e9pz\u00e9snek. A szakir\u00e1ny\u00fa tov\u00e1bbk\u00e9pz\u00e9s gyakorlat-orient\u00e1lt k\u00e9pz\u00e9s. A gyakorlati k\u00e9pz\u00e9s (hospit\u00e1l\u00e1s, csoportos \u00e9s egy\u00e9ni gyakorlat) biztos\u00edtja a v\u00e9gzett hallgat\u00f3k sz\u00e1m\u00e1ra b\u00e1rmely \u00e9letkor\u00fa k\u00f6zponti idegrendszeri s\u00e9r\u00fclt (mozg\u00e1ss\u00e9r\u00fclt) szem\u00e9lyis\u00e9g- \u00e9s mozg\u00e1sfejleszt\u00e9s\u00e9hez sz\u00fcks\u00e9ges korszer\u0171 elj\u00e1r\u00e1sok, m\u00f3dszerek megismer\u00e9s\u00e9t, a tanultak gyakorl\u00e1s\u00e1t \u00e9s alkalmaz\u00e1s\u00e1t egy\u00e9ni \u00e9s csoportos foglalkoz\u00e1sokon, tov\u00e1bb\u00e1 fejleszti a speci\u00e1lis konduktori, nevel\u0151i k\u00e9pess\u00e9geket, technikai j\u00e1rtass\u00e1got. A gyakorlatban az elm\u00e9let alkalmaz\u00e1sa egy\u00e9ni \u00e9s csoportos foglalkoz\u00e1sok keret\u00e9ben t\u00f6rt\u00e9nik, ahol oktat\u00e1si k\u00e9szs\u00e9gek, technikai k\u00e9szs\u00e9gek \u00e9s speci\u00e1lis konduktork\u00e9szs\u00e9gek is fejleszt\u00e9sre ker\u00fclnek.<\/p>\n<p><img loading=\"lazy\" decoding=\"async\" class=\"aligncenter wp-image-32131 size-full\" src=\"https:\/\/semmelweis.hu\/nki\/files\/2024\/05\/pak-zenta-753x505-1.jpeg\" alt=\"\" width=\"753\" height=\"505\" srcset=\"https:\/\/semmelweis.hu\/nki\/files\/2024\/05\/pak-zenta-753x505-1.jpeg 753w, https:\/\/semmelweis.hu\/nki\/files\/2024\/05\/pak-zenta-753x505-1-400x268.jpeg 400w, https:\/\/semmelweis.hu\/nki\/files\/2024\/05\/pak-zenta-753x505-1-203x135.jpeg 203w\" sizes=\"auto, (max-width: 753px) 100vw, 753px\" \/><\/p>\n<div class=\"keretes\"><strong>Indul\u00e1si \u00e9v:<\/strong> 2019<br \/>\n<strong>K\u00e9pz\u00e9s nyelve:<\/strong> magyar<br \/>\n<strong>Oktat\u00f3k:<\/strong> magyar<br \/>\n<strong>Kiadott diploma:<\/strong> oklev\u00e9l<br \/>\n<strong>K\u00e9pz\u00e9s:\u00a0<\/strong>konduktor seg\u00edt\u0151<br \/>\n<strong>Partnerint\u00e9zm\u00e9ny:<\/strong> Szekeres L\u00e1szl\u00f3 Alap\u00edtv\u00e1ny<\/div>\n<p style=\"text-align: justify\">A kar oktat\u00f3i <strong>t\u00f6bb mint 1400 elm\u00e9leti \u00e9s gyakorlati \u00f3r\u00e1t tartanak<\/strong> a r\u00e9szt vev\u0151 hallgat\u00f3knak ez alatt a n\u00e9gy f\u00e9l\u00e9v alatt, akik k\u00e9s\u0151bb <strong>diplom\u00e1s konduktorok mellett dolgozhatnak<\/strong> majd seg\u00e9dpedag\u00f3gusk\u00e9nt. <strong>Ugyanazzal a diplom\u00e1val rendelkeznek majd, amit a Semmelweis Egyetem \u00e1ll\u00edt ki,<\/strong> amellyel a v\u00e9gzettek k\u00e9s\u0151bb konduktork\u00e9nt is dolgozhatnak.<br \/>\nAz elm\u00e9leti, t\u00f6mb\u00f6s\u00edtett k\u00e9pz\u00e9s helysz\u00edne Szabadka, a szakaszos form\u00e1ban szervezett gyakorlati k\u00e9pz\u00e9s helysz\u00edne Zenta.<\/p>\n<p><a class=\"btn btn-secondary\" href=\"https:\/\/www.szla.org.rs\/web\/a-szekeres-laszlo-alapitvany-szervezeseben-folyo-kepzesek\/\" target=\"_blank\" rel=\"noopener noreferrer\">B\u0150VEBBEN&#8230;<\/a><\/p>\n<\/div>\n<\/div>\n<h4><span style=\"font-size: 18pt\">\u00a0<\/span><\/h4>\n","protected":false},"excerpt":{"rendered":"<p>A Semmelweis Egyetem \u00fatt\u00f6r\u0151 t\u00f6rekv\u00e9seinek k\u00f6sz\u00f6nhet\u0151en azon eur\u00f3pai fels\u0151oktat\u00e1si int\u00e9zm\u00e9nyek k\u00f6z\u00f6tt volt, amelyek els\u0151k\u00e9nt hoztak l\u00e9tre k\u00fclf\u00f6ldre kihelyezett k\u00e9pz\u00e9seket. Ezen k\u00e9pz\u00e9seink lehet\u0151v\u00e9 teszik, hogy Semmelweis diplom\u00e1t kapjanak olyan \u2013 els\u0151sorban k\u00fclf\u00f6ldi \u2013 hallgat\u00f3k, akik tanulm\u00e1nyaik jelent\u0151s r\u00e9sz\u00e9t a partnerint\u00e9zm\u00e9nyn\u00e9l v\u00e9gzik. <a class=\"expand-cnt-link\" href=\"#\">Asklepios Campus<\/a> A Semmelweis Egyetem \u00e9s az Asklepios Medical School gy\u00fcm\u00f6lcs\u00f6z\u0151 egy\u00fcttm\u0171k\u00f6d\u00e9se \u00faj t\u00e1vlatokat nyitott meg az &hellip;<\/p>\n","protected":false},"author":203,"featured_media":0,"parent":0,"menu_order":41,"comment_status":"closed","ping_status":"closed","template":"template-fullwidth.php","meta":{"_acf_changed":false,"footnotes":""},"categories":[],"tags":[],"class_list":["post-444","page","type-page","status-publish","hentry"],"acf":[],"_links":{"self":[{"href":"https:\/\/semmelweis.hu\/nki\/wp-json\/wp\/v2\/pages\/444","targetHints":{"allow":["GET"]}}],"collection":[{"href":"https:\/\/semmelweis.hu\/nki\/wp-json\/wp\/v2\/pages"}],"about":[{"href":"https:\/\/semmelweis.hu\/nki\/wp-json\/wp\/v2\/types\/page"}],"author":[{"embeddable":true,"href":"https:\/\/semmelweis.hu\/nki\/wp-json\/wp\/v2\/users\/203"}],"replies":[{"embeddable":true,"href":"https:\/\/semmelweis.hu\/nki\/wp-json\/wp\/v2\/comments?post=444"}],"version-history":[{"count":15,"href":"https:\/\/semmelweis.hu\/nki\/wp-json\/wp\/v2\/pages\/444\/revisions"}],"predecessor-version":[{"id":33661,"href":"https:\/\/semmelweis.hu\/nki\/wp-json\/wp\/v2\/pages\/444\/revisions\/33661"}],"wp:attachment":[{"href":"https:\/\/semmelweis.hu\/nki\/wp-json\/wp\/v2\/media?parent=444"}],"wp:term":[{"taxonomy":"category","embeddable":true,"href":"https:\/\/semmelweis.hu\/nki\/wp-json\/wp\/v2\/categories?post=444"},{"taxonomy":"post_tag","embeddable":true,"href":"https:\/\/semmelweis.hu\/nki\/wp-json\/wp\/v2\/tags?post=444"}],"curies":[{"name":"wp","href":"https:\/\/api.w.org\/{rel}","templated":true}]}}