{"id":410,"date":"2014-05-09T10:49:13","date_gmt":"2014-03-27T11:29:55","guid":{"rendered":"http:\/\/semmelweis.hu\/nki\/?page_id=410"},"modified":"2024-05-16T13:32:40","modified_gmt":"2024-05-16T11:32:40","slug":"csereegyezmenyes-kapcsolatok","status":"publish","type":"page","link":"https:\/\/semmelweis.hu\/nki\/nemzetkozi-kapcsolataink\/csereegyezmenyes-kapcsolatok\/","title":{"rendered":"Csereegyezm\u00e9nyes kapcsolatok"},"content":{"rendered":"<div class=\"keretes w-100\">\n<p style=\"text-align: justify\">A Nemzetk\u00f6zi Kapcsolatok Igazgat\u00f3s\u00e1ga hossz\u00fa \u00e9vek \u00f3ta \u00e1pol csereegyezm\u00e9nyes kapcsolatokat Eur\u00f3p\u00e1n bel\u00fcl \u00e9s a tengerent\u00falon. Ezeknek k\u00f6sz\u00f6nhet\u0151en a Semmelweis Egyetem kutat\u00f3inak, oktat\u00f3inak \u00e9s hallgat\u00f3inak p\u00e1ly\u00e1zat \u00fatj\u00e1n lehet\u0151s\u00e9ge ny\u00edlik a k\u00fclf\u00f6ldi t\u00e1rsint\u00e9zm\u00e9nyn\u00e9l gyakorlatot, kieg\u00e9sz\u00edt\u0151 tanulm\u00e1nyokat, kutat\u00e1si projekteket vagy oktat\u00f3i tev\u00e9kenys\u00e9get v\u00e9gezni.<\/p>\n<\/div>\n<p style=\"text-align: center\"><a class=\"btn btn-secondary\" href=\"https:\/\/semmelweis.hu\/nki\/category\/palyazati-felhivasok\/\">AKUT\u00c1LIS P\u00c1LY\u00c1ZATOK<\/a><\/p>\n<p>Az al\u00e1bbi partnerint\u00e9zm\u00e9nyekkel k\u00f6t\u00f6tt csereegyezm\u00e9nyes kapcsolatok p\u00e1ly\u00e1zat \u00fatj\u00e1n el\u00e9rhet\u0151 csereprogramokat tesznek lehet\u0151v\u00e9 hallgat\u00f3k \u00e9s oktat\u00f3k sz\u00e1m\u00e1ra.<\/p>\n<p>&nbsp;<\/p>\n<h4 style=\"text-align: justify\"><span style=\"color: #000000;font-size: 24pt\">Amerikai Egyes\u00fclt \u00c1llamok<\/span><\/h4>\n<address><strong>Houston Methodist Hospital<\/strong><\/address>\n<address><img loading=\"lazy\" decoding=\"async\" class=\"alignleft  wp-image-28928\" src=\"https:\/\/semmelweis.hu\/nki\/files\/2022\/01\/Methodist-logo-300x194-1.png\" alt=\"\" width=\"130\" height=\"84\" \/>A csereprogramot a Hungarian Medical Association of America (HMAA) szponzor\u00e1lja \u00e9s menedzseli. Aprogram 6. \u00e9ves orvostanhallgat\u00f3k sz\u00e1m\u00e1ra tesz lehet\u0151v\u00e9 12 hetes, kreditpontot \u00e9r\u0151 elekt\u00edv klinikai gyakorlatot. A program lehet\u0151v\u00e9 teszi, hogy a hallgat\u00f3k orvosi ismeretei b\u0151v\u00fcljenek, \u00faj tapasztalatokat szerezzenek, \u00e9s hossz\u00fa t\u00e1v\u00fa szakmai kapcsolatokat alak\u00edtsanak ki. A rot\u00e1ci\u00f3k \u00e9vente n\u00e9gy id\u0151pontban indulnak.<\/address>\n<address><b>State University of New York Buffalo School of Medicine (Buffal\u00f3i Egyetem)<\/b><\/address>\n<p style=\"text-align: justify\"><a href=\"http:\/\/buffalo.edu\"><img loading=\"lazy\" decoding=\"async\" class=\"size-full wp-image-340 alignleft\" src=\"https:\/\/semmelweis.hu\/nki\/files\/2014\/03\/University-at-Buffalo-logo.png\" alt=\"University at Buffalo logo\" width=\"100\" height=\"98\" \/><\/a>A Semmelweis Egyetem \u00e9s a New York \u00c1llami Egyetem Buffal\u00f3i Campusa (State University of New York Buffalo School of Medicine) k\u00f6z\u00f6tt 1995 \u00f3ta \u00e1ll fenn csereegyezm\u00e9nyes kapcsolat, aminek k\u00f6sz\u00f6nhet\u0151en m\u00e1r sz\u00e1mos magyar orvostanhallgat\u00f3 v\u00e9gezhetett 3 h\u00f3napos szakmai gyakorlatot az Egyes\u00fclt \u00c1llamokban. A kiutaz\u00e1si lehet\u0151s\u00e9get a hallgat\u00f3k minden \u00e9vben ki\u00edr\u00e1sra ker\u00fcl\u0151 p\u00e1ly\u00e1zat alapj\u00e1n nyerhetik el.<\/p>\n<address><b>University of California Davis School of Medicine (UC Davis Orvosi Egyetem)<\/b><\/address>\n<p style=\"text-align: justify\"><a href=\"http:\/\/www.ucdmc.ucdavis.edu\/medschool\/\"><img loading=\"lazy\" decoding=\"async\" class=\"size-full wp-image-413 alignleft\" src=\"https:\/\/semmelweis.hu\/nki\/files\/2014\/03\/University-of-California-Davis-School-of-Medicine-logo.png\" alt=\"University of California Davis School of Medicine logo\" width=\"100\" height=\"100\" \/><\/a>A University of California Davis School of Medicine-nel l\u00e9trej\u00f6tt meg\u00e1llapod\u00e1s alapj\u00e1n 2007 \u00f3ta \u00e9vente t\u00f6bb 5. \u00e9s 6. \u00e9ves orvostanhallgat\u00f3 p\u00e1ly\u00e1zhat 3 h\u00f3nap id\u0151tartam\u00fa 100%-ban finansz\u00edrozott szakmai gyakorlatra az Egyes\u00fclt \u00c1llamokba. \u00a0<\/p>\n<p style=\"text-align: justify\"><b><br \/>\nRutgers University (Rutgers Egyetem)<br \/>\n<\/b><\/p>\n<p style=\"text-align: justify\"><a href=\"https:\/\/www.rutgers.edu\/\" target=\"_blank\" rel=\"noopener noreferrer\"><img loading=\"lazy\" decoding=\"async\" class=\"alignleft  wp-image-3141\" src=\"https:\/\/semmelweis.hu\/nki\/files\/2017\/10\/Rutgers-University-logo.png\" alt=\"\" width=\"100\" height=\"100\" \/><\/a>A \u00a0Semmelweis Egyetem \u00e9s a Rutgers University 2015. szeptember\u00e9ben egy\u00fcttm\u0171k\u00f6d\u00e9si sz\u00e1nd\u00e9knyilatkozatot \u00a0\u00edrt al\u00e1. Az egy\u00fcttm\u0171k\u00f6d\u00e9s kiterjed oktat\u00e1sra, kutat\u00e1sra, egyar\u00e1nt. A k\u00f6lcs\u00f6n\u00f6s mobilit\u00e1st az Erasmus+ program keret\u00e9ben val\u00f3s\u00edtjuk meg. Az \u00edgy megval\u00f3s\u00edtott oktat\u00f3i \u00e9s hallgat\u00f3i mobilit\u00e1si egy\u00fcttm\u0171k\u00f6d\u00e9s el\u0151seg\u00edti a k\u00e9t egyetem programjai k\u00f6z\u00f6tti \u00e1tj\u00e1rhat\u00f3s\u00e1g felt\u00e9rk\u00e9pez\u00e9s\u00e9t.<\/p>\n<hr \/>\n<h4><span style=\"font-size: 24pt\">KANADA<\/span><\/h4>\n<p><strong>University of Western Ontario Schulich School of Medicine and Dentistry<\/strong><\/p>\n<p><a href=\"https:\/\/semmelweis.hu\/nki\/files\/2017\/10\/Schulich-2.jpg\"><img loading=\"lazy\" decoding=\"async\" class=\"alignleft  wp-image-3131\" src=\"https:\/\/semmelweis.hu\/nki\/files\/2017\/10\/Schulich-2-150x150.jpg\" alt=\"\" width=\"100\" height=\"100\" srcset=\"https:\/\/semmelweis.hu\/nki\/files\/2017\/10\/Schulich-2-150x150.jpg 150w, https:\/\/semmelweis.hu\/nki\/files\/2017\/10\/Schulich-2-144x144.jpg 144w, https:\/\/semmelweis.hu\/nki\/files\/2017\/10\/Schulich-2-90x90.jpg 90w\" sizes=\"auto, (max-width: 100px) 100vw, 100px\" \/><\/a>A Semmelweis Egyetem \u00e9s a University of Western Ontario Schulich School of Medicine and Dentistry \u00e1ltal k\u00f6t\u00f6tt egy\u00fcttm\u0171k\u00f6d\u00e9si sz\u00e1nd\u00e9knyilatkozat \u00e9rtelm\u00e9ben az amerikai egyetem k\u00e9t f\u0151 \u00f6t\u00f6d\u00e9ves hallgat\u00f3t fogad a Semmewleis Egyetemr\u0151l n\u00e9gyhetes ny\u00e1ri gyakorlat c\u00e9lj\u00e1b\u00f3l.<\/p>\n<hr \/>\n<h4><span style=\"font-size: 24pt\">D\u00e9l-Korea<\/span><\/h4>\n<address><strong>Seoul National University<\/strong><\/address>\n<address><a href=\"https:\/\/semmelweis.hu\/nki\/files\/2020\/05\/Seoul_national_university_emblem.svg_.png\"><img loading=\"lazy\" decoding=\"async\" class=\"alignleft  wp-image-6260\" src=\"https:\/\/semmelweis.hu\/nki\/files\/2020\/05\/Seoul_national_university_emblem.svg_-150x150.png\" alt=\"\" width=\"100\" height=\"100\" \/><\/a>A Semmelweis Egyetem \u00e9s a Seoul National University \u00e1ltal k\u00f6t\u00f6tt egy\u00fcttm\u0171k\u00f6d\u00e9si sz\u00e1nd\u00e9knyilatkozat \u00e9rtelm\u00e9ben az amerikai egyetem k\u00e9t f\u0151 \u00f6t\u00f6d\u00e9ves hallgat\u00f3t fogad a Semmewleis Egyetemr\u0151l ny\u00e1ri gyakorlat c\u00e9lj\u00e1b\u00f3l.<\/address>\n<hr \/>\n<h4><span style=\"font-size: 24pt\">Jap\u00e1n<\/span><\/h4>\n<address><b>Saitama Medical University (Saitama Egyetem)<\/b><\/address>\n<p style=\"text-align: justify\"><a href=\"http:\/\/www.saitama-med.ac.jp\/\"><img loading=\"lazy\" decoding=\"async\" class=\"size-full wp-image-393 alignleft\" src=\"https:\/\/semmelweis.hu\/nki\/files\/2014\/03\/Saitama-Medical-University-logo-2.png\" alt=\"Saitama Medical University logo 2\" width=\"75\" height=\"66\" \/><\/a>A Saitama Egyetemmel fenn\u00e1ll\u00f3 egyedi \u00e9s kiv\u00e1l\u00f3 kapcsolatunknak k\u00f6sz\u00f6nhet\u0151en minden \u00e9vben k\u00e9t hallgat\u00f3 \u00e9s egy oktat\u00f3 utazhat ki Jap\u00e1nba szakmai gyakorlatra, illetve hasonl\u00f3 sz\u00e1m\u00fa jap\u00e1n hallgat\u00f3t \u00e9s oktat\u00f3t fogad a Semmelweis Egyetem.<\/p>\n<hr \/>\n<h4 style=\"text-align: justify\"><span style=\"font-size: 24pt\">N\u00e9metorsz\u00e1g<\/span><\/h4>\n<address><b>University of Freiburg (Freiburgi Egyetem)<\/b><\/address>\n<p style=\"text-align: justify\"><a href=\"http:\/\/www.uni-freiburg.de\/\"><img loading=\"lazy\" decoding=\"async\" class=\"size-full wp-image-356 alignleft\" src=\"https:\/\/semmelweis.hu\/nki\/files\/2014\/03\/University-of-Freiburg-logo_2-black.png\" alt=\"University of Freiburg logo_2 (black)\" width=\"100\" height=\"100\" \/><\/a>A Freiburgi Albert-Ludwigs Egyetemmel fenn\u00e1ll\u00f3 m\u00e1r t\u00f6bb mint h\u00e1rom \u00e9vtizedes kollabor\u00e1ci\u00f3 egyetem\u00fcnk legr\u00e9gibb \u00e9s legjobban m\u0171k\u00f6d\u0151 egyetemk\u00f6zi kapcsolatai k\u00f6z\u00e9 sorolhat\u00f3. A kiterjedt egy\u00fcttm\u0171k\u00f6d\u00e9si lehet\u0151s\u00e9geknek k\u00f6sz\u00f6nhet\u0151en a Semmelweis Egyetem kutat\u00f3inak, oktat\u00f3inak \u00e9s hallgat\u00f3inak lehet\u0151s\u00e9g\u00fck van az \u00e1ltal\u00e1nos orvostudom\u00e1ny, a fogorvostudom\u00e1ny \u00e9s a gy\u00f3gyszer\u00e9sztudom\u00e1ny ter\u00fcletein meghirdetett p\u00e1ly\u00e1zatok elnyer\u00e9s\u00e9re minden \u00e9vben. (Ezen fel\u00fcl k\u00e9t\u00e9vente k\u00f6z\u00f6s tudom\u00e1nyos \u00fcl\u00e9st szervez a Freiburgi Egyetem, a Heidelbergi Egyetem \u00e9s a Semmelweis Egyetem, hogy kutat\u00f3ik megvitass\u00e1k az orvostudom\u00e1ny legaktu\u00e1lisabb k\u00e9rd\u00e9seit.)<b> <\/b><\/p>\n<address><b>University of Heidelberg (Heidelbergi Egyetem)<\/b><\/address>\n<p style=\"text-align: justify\"><a href=\"http:\/\/www.uni-heidelberg.de\/\"><img loading=\"lazy\" decoding=\"async\" class=\"size-full wp-image-355 alignleft\" src=\"https:\/\/semmelweis.hu\/nki\/files\/2014\/03\/Heidelberg-University-logo.png\" alt=\"Heidelberg University logo\" width=\"100\" height=\"98\" \/><\/a>N\u00e9metorsz\u00e1g legr\u00e9gebbi egyetem\u00e9vel, a Heidelbergi Ruprecht-Karls Egyetemmel 1983-ban k\u00f6t\u00f6tt szerz\u0151d\u00e9st a Semmelweis Egyetem. A szerz\u0151d\u00e9sk\u00f6t\u00e9snek k\u00f6sz\u00f6nhet\u0151en az \u00e9vek sor\u00e1n sz\u00e1mos ter\u00fcleten j\u00f6tt l\u00e9tre szoros egy\u00fcttm\u0171k\u00f6d\u00e9s a k\u00e9t int\u00e9zm\u00e9ny k\u00f6z\u00f6tt. Minden \u00e9vben \u00f6sszesen 5 h\u00e9t kutat\u00f3csere \u00e9s n\u00e9gyszer t\u00edz h\u00f3nap hallgat\u00f3i \u00f6szt\u00f6nd\u00edj ker\u00fcl kioszt\u00e1sra. Emellett az orvostanhallgat\u00f3k r\u00e9sz\u00e9re lehet\u0151s\u00e9g van 1 h\u00f3napos n\u00e9met nyelvtanfolyamon val\u00f3 r\u00e9szv\u00e9telre is. A Heidelbergi Egyetem az egyik f\u0151 szervez\u0151je a k\u00e9t\u00e9venk\u00e9nt megrendez\u00e9sre ker\u00fcl\u0151 Heidelberg-Freiburg-Budapest tudom\u00e1nyos konferenci\u00e1nak.<\/p>\n<hr \/>\n<h4><span style=\"font-size: 24pt\">Olaszorsz\u00e1g<\/span><\/h4>\n<address><b>The University of Padova (Padovai Egyetem)<\/b><\/address>\n<p><a href=\"http:\/\/www.unipd.it\/en\/\"><img loading=\"lazy\" decoding=\"async\" class=\"size-full wp-image-360 alignleft\" src=\"https:\/\/semmelweis.hu\/nki\/files\/2014\/03\/University-of-Padova-logo.png\" alt=\"University of Padova logo\" width=\"100\" height=\"99\" \/><\/a>Kapcsolatunk a Padovai Egyetemmel az 1987-ben al\u00e1\u00edrt egy\u00fcttm\u0171k\u00f6d\u00e9si egyezm\u00e9nnyel kezd\u0151d\u00f6tt hivatalosan. Minden \u00e9vben 4 h\u00e9t kutat\u00f3cser\u00e9re van lehet\u0151s\u00e9g az \u00e1ltal\u00e1nos orvostudom\u00e1ny, a fogorvostudom\u00e1ny \u00e9s a gy\u00f3gyszer\u00e9sztudom\u00e1ny ter\u00fcletein.<\/p>\n<p>&nbsp;<\/p>\n<p>&nbsp;<\/p>\n","protected":false},"excerpt":{"rendered":"<p>A Nemzetk\u00f6zi Kapcsolatok Igazgat\u00f3s\u00e1ga hossz\u00fa \u00e9vek \u00f3ta \u00e1pol csereegyezm\u00e9nyes kapcsolatokat Eur\u00f3p\u00e1n bel\u00fcl \u00e9s a tengerent\u00falon. Ezeknek k\u00f6sz\u00f6nhet\u0151en a Semmelweis Egyetem kutat\u00f3inak, oktat\u00f3inak \u00e9s hallgat\u00f3inak p\u00e1ly\u00e1zat \u00fatj\u00e1n lehet\u0151s\u00e9ge ny\u00edlik a k\u00fclf\u00f6ldi t\u00e1rsint\u00e9zm\u00e9nyn\u00e9l gyakorlatot, kieg\u00e9sz\u00edt\u0151 tanulm\u00e1nyokat, kutat\u00e1si projekteket vagy oktat\u00f3i tev\u00e9kenys\u00e9get v\u00e9gezni. <a class=\"btn btn-secondary\" href=\"https:\/\/semmelweis.hu\/nki\/category\/palyazati-felhivasok\/\">AKUT\u00c1LIS P\u00c1LY\u00c1ZATOK<\/a> Az al\u00e1bbi partnerint\u00e9zm\u00e9nyekkel k\u00f6t\u00f6tt csereegyezm\u00e9nyes kapcsolatok p\u00e1ly\u00e1zat \u00fatj\u00e1n el\u00e9rhet\u0151 csereprogramokat tesznek lehet\u0151v\u00e9 hallgat\u00f3k \u00e9s oktat\u00f3k &hellip;<\/p>\n","protected":false},"author":203,"featured_media":0,"parent":197,"menu_order":1,"comment_status":"closed","ping_status":"closed","template":"template-fullwidth.php","meta":{"_acf_changed":false,"footnotes":""},"categories":[],"tags":[],"class_list":["post-410","page","type-page","status-publish","hentry"],"acf":[],"_links":{"self":[{"href":"https:\/\/semmelweis.hu\/nki\/wp-json\/wp\/v2\/pages\/410","targetHints":{"allow":["GET"]}}],"collection":[{"href":"https:\/\/semmelweis.hu\/nki\/wp-json\/wp\/v2\/pages"}],"about":[{"href":"https:\/\/semmelweis.hu\/nki\/wp-json\/wp\/v2\/types\/page"}],"author":[{"embeddable":true,"href":"https:\/\/semmelweis.hu\/nki\/wp-json\/wp\/v2\/users\/203"}],"replies":[{"embeddable":true,"href":"https:\/\/semmelweis.hu\/nki\/wp-json\/wp\/v2\/comments?post=410"}],"version-history":[{"count":14,"href":"https:\/\/semmelweis.hu\/nki\/wp-json\/wp\/v2\/pages\/410\/revisions"}],"predecessor-version":[{"id":32328,"href":"https:\/\/semmelweis.hu\/nki\/wp-json\/wp\/v2\/pages\/410\/revisions\/32328"}],"up":[{"embeddable":true,"href":"https:\/\/semmelweis.hu\/nki\/wp-json\/wp\/v2\/pages\/197"}],"wp:attachment":[{"href":"https:\/\/semmelweis.hu\/nki\/wp-json\/wp\/v2\/media?parent=410"}],"wp:term":[{"taxonomy":"category","embeddable":true,"href":"https:\/\/semmelweis.hu\/nki\/wp-json\/wp\/v2\/categories?post=410"},{"taxonomy":"post_tag","embeddable":true,"href":"https:\/\/semmelweis.hu\/nki\/wp-json\/wp\/v2\/tags?post=410"}],"curies":[{"name":"wp","href":"https:\/\/api.w.org\/{rel}","templated":true}]}}