{"id":29163,"date":"2022-01-27T14:28:12","date_gmt":"2022-01-27T13:28:12","guid":{"rendered":"https:\/\/semmelweis.hu\/nki\/?page_id=29163"},"modified":"2025-08-22T12:08:23","modified_gmt":"2025-08-22T10:08:23","slug":"adatkezeles","status":"publish","type":"page","link":"https:\/\/semmelweis.hu\/nki\/adatkezeles\/","title":{"rendered":"Adatkezel\u00e9s"},"content":{"rendered":"<h1>ADATKEZEL\u00c9SSEL KAPCSOLATOS INFORM\u00c1CI\u00d3K<\/h1>\n<p>Nemzetk\u00f6zi Kapcsolatok \u00e9s Alumni Igazgat\u00f3s\u00e1g \u2013 adatkezel\u00e9si t\u00e1j\u00e9koztat\u00f3: <!--StartFragment --> <a href=\"https:\/\/semmelweis.hu\/nki\/files\/2024\/12\/Adatkezelesi_tajekoztato_honlapra_2024.pdf\">Adatkezelesi_tajekoztato_honlapra_2024.pdf<\/a><\/p>\n<ul>\n<li>Az adatkezel\u0151\u00a0<strong>bilater\u00e1lis egyetemi egyezm\u00e9nyen alapul\u00f3 tev\u00e9kenys\u00e9g\u00e9vel<\/strong>\u00a0\u00f6sszef\u00fcgg\u0151 adatkezel\u00e9sekkel kapcsolatos inform\u00e1ci\u00f3k el\u00e9rhet\u0151s\u00e9ge:\u00a0<br \/>\n<a href=\"https:\/\/semmelweis.hu\/nki\/files\/2024\/09\/78978_2_KSNKO_2024_Adatkezelesi_nyilvantartas_ADL.xlsx\">ADL_bilateralis_2024_szept<\/a><\/li>\n<li>Az adatkezel\u0151 <b>utaztat\u00e1ssal kapcsolatos tev\u00e9kenys\u00e9g\u00e9vel<\/b>\u00a0\u00f6sszef\u00fcgg\u0151 adatkezel\u00e9sekkel kapcsolatos inform\u00e1ci\u00f3k el\u00e9rhet\u0151s\u00e9ge:\u00a0<br \/>\n<a href=\"https:\/\/semmelweis.hu\/nki\/files\/2024\/09\/78978_2_KSNKO_2024_Adatkezelesi_nyilvantartas_ADL-7.xlsx\">ADL_utaztatas_2024_szept<\/a><\/li>\n<li>Az adatkezel\u0151 <b>Erasmus+ mobilit\u00e1ssal kapcsolatos tev\u00e9kenys\u00e9g\u00e9vel<\/b>\u00a0\u00f6sszef\u00fcgg\u0151 adatkezel\u00e9sekkel kapcsolatos inform\u00e1ci\u00f3k el\u00e9rhet\u0151s\u00e9ge:\u00a0<br \/>\n<a href=\"https:\/\/semmelweis.hu\/nki\/files\/2024\/09\/78978_2_KSNKO_2024_Adatkezelesi_nyilvantartas_ADL-8.xlsx\">ADL_Erasmus+_2024_szept<\/a><\/li>\n<li>Az adatkezel\u0151 <b>Pann\u00f3nia \u00d6szt\u00f6nd\u00edj mobilit\u00e1ssal kapcsolatos tev\u00e9kenys\u00e9g\u00e9vel<\/b> \u00f6sszef\u00fcgg\u0151 adatkezel\u00e9sekkel kapcsolatos inform\u00e1ci\u00f3k el\u00e9rhet\u0151s\u00e9ge <a href=\"https:\/\/semmelweis.hu\/nki\/files\/2024\/09\/78978_2_KSNKO_2024_Adatkezelesi_nyilvantartas_ADL-9.xlsx\">ADL_pannonia_2024_szept<\/a><\/li>\n<li>Az adatkezel\u0151 <b>egy\u00e9b mobilit\u00e1ssal kapcsolatos tev\u00e9kenys\u00e9g\u00e9vel<\/b>\u00a0\u00f6sszef\u00fcgg\u0151 adatkezel\u00e9sekkel kapcsolatos inform\u00e1ci\u00f3k el\u00e9rhet\u0151s\u00e9ge:\u00a0<br \/>\n<a href=\"https:\/\/semmelweis.hu\/nki\/files\/2024\/09\/78978_2_KSNKO_2024_Adatkezelesi_nyilvantartas_ADL-10.xlsx\">ADL_egyeb_mobilitas_2024_szept<\/a><\/li>\n<li>Az adatkezel\u0151 <strong>iratkezel\u00e9si<\/strong> <strong>tev\u00e9kenys\u00e9g\u00e9vel<\/strong>\u00a0\u00f6sszef\u00fcgg\u0151 adatkezel\u00e9sekkel kapcsolatos inform\u00e1ci\u00f3k el\u00e9rhet\u0151s\u00e9ge:\u00a0<br \/>\n<a href=\"https:\/\/semmelweis.hu\/nki\/files\/2024\/09\/78978_2_KSNKO_2024_Adatkezelesi_nyilvantartas_ADL-11.xlsx\">ADL_iratkezeles_2024_szept<\/a><\/li>\n<li>Az adatkezel\u0151\u00a0<strong>munka\u00fcgyi adatkezel\u00e9si<\/strong>\u00a0<strong>tev\u00e9kenys\u00e9g\u00e9vel<\/strong>\u00a0\u00f6sszef\u00fcgg\u0151 adatkezel\u00e9sekkel kapcsolatos inform\u00e1ci\u00f3k el\u00e9rhet\u0151s\u00e9ge:\u00a0<br \/>\n<a href=\"https:\/\/semmelweis.hu\/nki\/files\/2024\/09\/78978_2_KSNKO_2024_Adatkezelesi_nyilvantartas_ADL-12.xlsx\">ADL_munkaugyi_2024_szept<\/a><\/li>\n<\/ul>\n","protected":false},"excerpt":{"rendered":"<p>ADATKEZEL\u00c9SSEL KAPCSOLATOS INFORM\u00c1CI\u00d3K Nemzetk\u00f6zi Kapcsolatok \u00e9s Alumni Igazgat\u00f3s\u00e1g \u2013 adatkezel\u00e9si t\u00e1j\u00e9koztat\u00f3: <a href=\"https:\/\/semmelweis.hu\/nki\/files\/2024\/12\/Adatkezelesi_tajekoztato_honlapra_2024.pdf\">Adatkezelesi_tajekoztato_honlapra_2024.pdf<\/a> Az adatkezel\u0151\u00a0bilater\u00e1lis egyetemi egyezm\u00e9nyen alapul\u00f3 tev\u00e9kenys\u00e9g\u00e9vel\u00a0\u00f6sszef\u00fcgg\u0151 adatkezel\u00e9sekkel kapcsolatos inform\u00e1ci\u00f3k el\u00e9rhet\u0151s\u00e9ge:\u00a0 <a href=\"https:\/\/semmelweis.hu\/nki\/files\/2024\/09\/78978_2_KSNKO_2024_Adatkezelesi_nyilvantartas_ADL.xlsx\">ADL_bilateralis_2024_szept<\/a> Az adatkezel\u0151 utaztat\u00e1ssal kapcsolatos tev\u00e9kenys\u00e9g\u00e9vel\u00a0\u00f6sszef\u00fcgg\u0151 adatkezel\u00e9sekkel kapcsolatos inform\u00e1ci\u00f3k el\u00e9rhet\u0151s\u00e9ge:\u00a0 <a href=\"https:\/\/semmelweis.hu\/nki\/files\/2024\/09\/78978_2_KSNKO_2024_Adatkezelesi_nyilvantartas_ADL-7.xlsx\">ADL_utaztatas_2024_szept<\/a> Az adatkezel\u0151 Erasmus+ mobilit\u00e1ssal kapcsolatos tev\u00e9kenys\u00e9g\u00e9vel\u00a0\u00f6sszef\u00fcgg\u0151 adatkezel\u00e9sekkel kapcsolatos inform\u00e1ci\u00f3k el\u00e9rhet\u0151s\u00e9ge:\u00a0 <a href=\"https:\/\/semmelweis.hu\/nki\/files\/2024\/09\/78978_2_KSNKO_2024_Adatkezelesi_nyilvantartas_ADL-8.xlsx\">ADL_Erasmus+_2024_szept<\/a> Az adatkezel\u0151 Pann\u00f3nia \u00d6szt\u00f6nd\u00edj mobilit\u00e1ssal kapcsolatos tev\u00e9kenys\u00e9g\u00e9vel \u00f6sszef\u00fcgg\u0151 adatkezel\u00e9sekkel kapcsolatos inform\u00e1ci\u00f3k el\u00e9rhet\u0151s\u00e9ge <a href=\"https:\/\/semmelweis.hu\/nki\/files\/2024\/09\/78978_2_KSNKO_2024_Adatkezelesi_nyilvantartas_ADL-9.xlsx\">ADL_pannonia_2024_szept<\/a> Az adatkezel\u0151 egy\u00e9b &hellip;<\/p>\n","protected":false},"author":362,"featured_media":0,"parent":0,"menu_order":52,"comment_status":"closed","ping_status":"closed","template":"","meta":{"_acf_changed":false,"footnotes":""},"categories":[],"tags":[],"class_list":["post-29163","page","type-page","status-publish","hentry"],"acf":[],"_links":{"self":[{"href":"https:\/\/semmelweis.hu\/nki\/wp-json\/wp\/v2\/pages\/29163","targetHints":{"allow":["GET"]}}],"collection":[{"href":"https:\/\/semmelweis.hu\/nki\/wp-json\/wp\/v2\/pages"}],"about":[{"href":"https:\/\/semmelweis.hu\/nki\/wp-json\/wp\/v2\/types\/page"}],"author":[{"embeddable":true,"href":"https:\/\/semmelweis.hu\/nki\/wp-json\/wp\/v2\/users\/362"}],"replies":[{"embeddable":true,"href":"https:\/\/semmelweis.hu\/nki\/wp-json\/wp\/v2\/comments?post=29163"}],"version-history":[{"count":10,"href":"https:\/\/semmelweis.hu\/nki\/wp-json\/wp\/v2\/pages\/29163\/revisions"}],"predecessor-version":[{"id":34093,"href":"https:\/\/semmelweis.hu\/nki\/wp-json\/wp\/v2\/pages\/29163\/revisions\/34093"}],"wp:attachment":[{"href":"https:\/\/semmelweis.hu\/nki\/wp-json\/wp\/v2\/media?parent=29163"}],"wp:term":[{"taxonomy":"category","embeddable":true,"href":"https:\/\/semmelweis.hu\/nki\/wp-json\/wp\/v2\/categories?post=29163"},{"taxonomy":"post_tag","embeddable":true,"href":"https:\/\/semmelweis.hu\/nki\/wp-json\/wp\/v2\/tags?post=29163"}],"curies":[{"name":"wp","href":"https:\/\/api.w.org\/{rel}","templated":true}]}}