{"id":29076,"date":"2022-01-21T09:47:57","date_gmt":"2022-01-21T08:47:57","guid":{"rendered":"https:\/\/semmelweis.hu\/nki\/?page_id=29076"},"modified":"2022-02-17T01:17:58","modified_gmt":"2022-02-17T00:17:58","slug":"targyalas-a-karoly-egyetemen-tudomanyos-es-egyuttmukodesi-lehetosegekrol","status":"publish","type":"page","link":"https:\/\/semmelweis.hu\/nki\/targyalas-a-karoly-egyetemen-tudomanyos-es-egyuttmukodesi-lehetosegekrol\/","title":{"rendered":"T\u00e1rgyal\u00e1s a K\u00e1roly Egyetemen tudom\u00e1nyos \u00e9s egy\u00fcttm\u0171k\u00f6d\u00e9si lehet\u0151s\u00e9gekr\u0151l"},"content":{"rendered":"<p>A Medikus Zenekar pr\u00e1gai turn\u00e9j\u00e1nak aprop\u00f3j\u00e1n Dr. Alp\u00e1r Al\u00e1n, a Semmelweis Egyetem nemzetk\u00f6zi oktat\u00e1s\u00e9rt felel\u0151s rektorhelyettes vezet\u00e9s\u00e9vel gy\u00fcm\u00f6lcs\u00f6z\u0151 tal\u00e1lkoz\u00f3nk volt a K\u00e1roly Egyetem vezet\u0151ivel. Professzor Jan \u0160krha nemzetk\u00f6zi kapcsolatok\u00e9rt felel\u0151s rektorhelyettes r\u00e9szv\u00e9tel\u00e9vel zajlott megbesz\u00e9l\u00e9sen tov\u00e1bbi tudom\u00e1nyos \u00e9s kutat\u00e1si egy\u00fcttm\u0171k\u00f6d\u00e9si lehet\u0151s\u00e9gekr\u0151l t\u00e1rgyaltunk.<\/p>\n<p>&nbsp;<\/p>\n","protected":false},"excerpt":{"rendered":"<p>A Medikus Zenekar pr\u00e1gai turn\u00e9j\u00e1nak aprop\u00f3j\u00e1n Dr. Alp\u00e1r Al\u00e1n, a Semmelweis Egyetem nemzetk\u00f6zi oktat\u00e1s\u00e9rt felel\u0151s rektorhelyettes vezet\u00e9s\u00e9vel gy\u00fcm\u00f6lcs\u00f6z\u0151 tal\u00e1lkoz\u00f3nk volt a K\u00e1roly Egyetem vezet\u0151ivel. Professzor Jan \u0160krha nemzetk\u00f6zi kapcsolatok\u00e9rt felel\u0151s rektorhelyettes r\u00e9szv\u00e9tel\u00e9vel zajlott megbesz\u00e9l\u00e9sen tov\u00e1bbi tudom\u00e1nyos \u00e9s kutat\u00e1si egy\u00fcttm\u0171k\u00f6d\u00e9si lehet\u0151s\u00e9gekr\u0151l t\u00e1rgyaltunk.<br \/>\n&nbsp;<\/p>\n","protected":false},"author":362,"featured_media":29065,"parent":0,"menu_order":23,"comment_status":"closed","ping_status":"closed","template":"","meta":{"_acf_changed":false,"footnotes":""},"categories":[268],"tags":[],"class_list":["post-29076","page","type-page","status-publish","has-post-thumbnail","hentry","category-diplomacia"],"acf":[],"_links":{"self":[{"href":"https:\/\/semmelweis.hu\/nki\/wp-json\/wp\/v2\/pages\/29076","targetHints":{"allow":["GET"]}}],"collection":[{"href":"https:\/\/semmelweis.hu\/nki\/wp-json\/wp\/v2\/pages"}],"about":[{"href":"https:\/\/semmelweis.hu\/nki\/wp-json\/wp\/v2\/types\/page"}],"author":[{"embeddable":true,"href":"https:\/\/semmelweis.hu\/nki\/wp-json\/wp\/v2\/users\/362"}],"replies":[{"embeddable":true,"href":"https:\/\/semmelweis.hu\/nki\/wp-json\/wp\/v2\/comments?post=29076"}],"version-history":[{"count":1,"href":"https:\/\/semmelweis.hu\/nki\/wp-json\/wp\/v2\/pages\/29076\/revisions"}],"predecessor-version":[{"id":29077,"href":"https:\/\/semmelweis.hu\/nki\/wp-json\/wp\/v2\/pages\/29076\/revisions\/29077"}],"wp:featuredmedia":[{"embeddable":true,"href":"https:\/\/semmelweis.hu\/nki\/wp-json\/wp\/v2\/media\/29065"}],"wp:attachment":[{"href":"https:\/\/semmelweis.hu\/nki\/wp-json\/wp\/v2\/media?parent=29076"}],"wp:term":[{"taxonomy":"category","embeddable":true,"href":"https:\/\/semmelweis.hu\/nki\/wp-json\/wp\/v2\/categories?post=29076"},{"taxonomy":"post_tag","embeddable":true,"href":"https:\/\/semmelweis.hu\/nki\/wp-json\/wp\/v2\/tags?post=29076"}],"curies":[{"name":"wp","href":"https:\/\/api.w.org\/{rel}","templated":true}]}}

Tárgyalás a Károly Egyetemen tudományos és együttműködési lehetőségekről

<p>A Medikus Zenekar prágai turnéjának apropóján Dr. Alpár Alán, a Semmelweis Egyetem nemzetközi oktatásért felelős rektorhelyettes vezetésével gyümölcsöző találkozónk volt a Károly Egyetem vezetőivel. Professzor Jan Škrha nemzetközi kapcsolatokért felelős rektorhelyettes részvételével zajlott megbeszélésen további tudományos és kutatási együttműködési lehetőségekről tárgyaltunk.</p>
<p>&nbsp;</p>

<p>A Medikus Zenekar prágai turnéjának apropóján Dr. Alpár Alán, a Semmelweis Egyetem nemzetközi oktatásért felelős rektorhelyettes vezetésével gyümölcsöző találkozónk volt a Károly Egyetem vezetőivel. Professzor Jan Škrha nemzetközi kapcsolatokért felelős rektorhelyettes részvételével zajlott megbeszélésen további tudományos és kutatási együttműködési lehetőségekről tárgyaltunk.<br />
&nbsp;</p>
