{"id":29,"date":"2014-05-19T11:57:12","date_gmt":"2012-03-06T08:00:03","guid":{"rendered":"http:\/\/semmelweis-egyetem.hu\/nki\/?page_id=29"},"modified":"2026-03-19T13:09:20","modified_gmt":"2026-03-19T12:09:20","slug":"munkatarsaink","status":"publish","type":"page","link":"https:\/\/semmelweis.hu\/nki\/az-igazgatosagrol\/munkatarsaink\/","title":{"rendered":"Munkat\u00e1rsaink"},"content":{"rendered":"<h6><b>Dr. Heged\u00fcs Tam\u00e1s<\/b><br \/>\n<em>Igazgat\u00f3<\/em><\/h6>\n<h6><a href=\"mailto:hegedus.tamas@semmelweis.hu\">hegedus.tamas@semmelweis.hu<\/a><\/h6>\n<hr \/>\n<h6><b>V\u00e1g\u00f3 Levente B\u00e9la<\/b><br \/>\n<em>Igazgat\u00f3helyettes<\/em><\/h6>\n<h6><a href=\"mailto:vago.levente@semmelweis.hu\">vago.levente@semmelweis.hu<\/a><\/h6>\n<hr \/>\n<h6><b>K\u00f3sa L\u00e1szl\u00f3<\/b><br \/>\n<em>Igazgat\u00f3helyettes<\/em><\/h6>\n<h6><a href=\"mailto:kosa.laszlo@semmelweis.hu\">kosa.laszlo@semmelweis.hu<\/a><\/h6>\n<hr \/>\n<h6><span style=\"font-size: 24px;font-weight: 600\">NEMZETK\u00d6ZI KAPCSOLATOK IRODA<\/span><\/h6>\n<hr \/>\n<p><img loading=\"lazy\" decoding=\"async\" class=\"alignleft wp-image-33171\" src=\"https:\/\/semmelweis.hu\/nki\/files\/2024\/10\/Dia-400x400.jpg\" alt=\"\" width=\"124\" height=\"124\" srcset=\"https:\/\/semmelweis.hu\/nki\/files\/2024\/10\/Dia-400x400.jpg 400w, https:\/\/semmelweis.hu\/nki\/files\/2024\/10\/Dia-1024x1024.jpg 1024w, https:\/\/semmelweis.hu\/nki\/files\/2024\/10\/Dia-150x150.jpg 150w, https:\/\/semmelweis.hu\/nki\/files\/2024\/10\/Dia-768x768.jpg 768w, https:\/\/semmelweis.hu\/nki\/files\/2024\/10\/Dia-753x753.jpg 753w, https:\/\/semmelweis.hu\/nki\/files\/2024\/10\/Dia.jpg 1068w\" sizes=\"auto, (max-width: 124px) 100vw, 124px\" \/><\/p>\n<h6><strong>M\u00f3dos Di\u00e1na<\/strong><br \/>\n<em>Nemzetk\u00f6zi szak\u00e9rt\u0151<\/em><\/h6>\n<h6>\n<a href=\"mailto:modos.diana@semmelweis.hu\">modos.diana@semmelweis.hu<\/a><\/h6>\n<hr \/>\n<h6><strong>Petr\u00e1s Gr\u00e9ta<br \/>\n<\/strong><em>Nemzetk\u00f6zi szak\u00e9rt\u0151<\/em><\/h6>\n<h6><a href=\"mailto:petras.greta@semmelweis.hu\">petras.greta@semmelweis.hu<\/a><\/h6>\n<hr \/>\n<h6><strong>Dr. Vadl\u00f6v\u0151 Judit<\/strong><\/h6>\n<h6><em>Nemzetk\u00f6zi szak\u00e9rt\u0151 <\/em><em>&#8211; jelenleg sz\u00fcl\u00e9si szabads\u00e1gon<\/em><\/h6>\n<hr \/>\n<h6><strong>Kov\u00e1cs-Gyurkovics Marianna<\/strong><\/h6>\n<h6><em>Nemzetk\u00f6zi szak\u00e9rt\u0151<\/em><em> &#8211; jelenleg sz\u00fcl\u00e9si szabads\u00e1gon<\/em><\/h6>\n<hr \/>\n<h3>EUNIWELL<\/h3>\n<hr \/>\n<p><img loading=\"lazy\" decoding=\"async\" class=\"alignleft wp-image-33290\" src=\"https:\/\/semmelweis.hu\/nki\/files\/2024\/11\/Fanni-400x400.png\" alt=\"\" width=\"124\" height=\"124\" srcset=\"https:\/\/semmelweis.hu\/nki\/files\/2024\/11\/Fanni-400x400.png 400w, https:\/\/semmelweis.hu\/nki\/files\/2024\/11\/Fanni-150x150.png 150w, https:\/\/semmelweis.hu\/nki\/files\/2024\/11\/Fanni.png 500w\" sizes=\"auto, (max-width: 124px) 100vw, 124px\" \/><\/p>\n<h6><strong><span class=\"OYPEnA font-feature-liga-off font-feature-clig-off font-feature-calt-off text-decoration-none text-strikethrough-none\">Matyasovszki<\/span>\u00a0Fanni<\/strong><br \/>\n<em>EUniWell int\u00e9zm\u00e9nyi koordin\u00e1tor<\/em><\/h6>\n<h6>\n<a href=\"mailto:matyasovszki.fanni.sara@semmelweis.hu\">matyasovszki.fanni.sara@semmelweis.hu<\/a><\/h6>\n<hr \/>\n<h6>\u00a0<\/h6>\n<h3>BILATER\u00c1LIS \u00c9S KIEMELT N\u00c9MET KAPCSOLATOK OSZT\u00c1LYA<\/h3>\n<hr \/>\n<p><img loading=\"lazy\" decoding=\"async\" class=\"alignleft wp-image-33175\" src=\"https:\/\/semmelweis.hu\/nki\/files\/2024\/10\/Jutka-400x400.jpg\" alt=\"\" width=\"124\" height=\"124\" srcset=\"https:\/\/semmelweis.hu\/nki\/files\/2024\/10\/Jutka-400x400.jpg 400w, https:\/\/semmelweis.hu\/nki\/files\/2024\/10\/Jutka-1024x1024.jpg 1024w, https:\/\/semmelweis.hu\/nki\/files\/2024\/10\/Jutka-150x150.jpg 150w, https:\/\/semmelweis.hu\/nki\/files\/2024\/10\/Jutka-768x768.jpg 768w, https:\/\/semmelweis.hu\/nki\/files\/2024\/10\/Jutka-753x753.jpg 753w, https:\/\/semmelweis.hu\/nki\/files\/2024\/10\/Jutka.jpg 1068w\" sizes=\"auto, (max-width: 124px) 100vw, 124px\" \/><\/p>\n<h6><strong>Szlov\u00e1k Judit<\/strong><br \/>\n<em>Oszt\u00e1lyvezet\u0151<\/em><\/h6>\n<h6>\n<a href=\"mailto:szlovak.judit@semmelweis.hu\">szlovak.judit@semmelweis.hu<\/a><\/h6>\n<hr \/>\n<p><img loading=\"lazy\" decoding=\"async\" class=\"alignleft wp-image-33170\" src=\"https:\/\/semmelweis.hu\/nki\/files\/2024\/10\/Andi-400x400.jpg\" alt=\"\" width=\"124\" height=\"124\" srcset=\"https:\/\/semmelweis.hu\/nki\/files\/2024\/10\/Andi-400x400.jpg 400w, https:\/\/semmelweis.hu\/nki\/files\/2024\/10\/Andi-1024x1024.jpg 1024w, https:\/\/semmelweis.hu\/nki\/files\/2024\/10\/Andi-150x150.jpg 150w, https:\/\/semmelweis.hu\/nki\/files\/2024\/10\/Andi-768x768.jpg 768w, https:\/\/semmelweis.hu\/nki\/files\/2024\/10\/Andi-753x753.jpg 753w, https:\/\/semmelweis.hu\/nki\/files\/2024\/10\/Andi.jpg 1068w\" sizes=\"auto, (max-width: 124px) 100vw, 124px\" \/><\/p>\n<h6><strong>Bolg\u00e1rn\u00e9 Menyh\u00e1rt Andrea<\/strong><br \/>\n<em>Nemzetk\u00f6zi szak\u00e9rt\u0151<\/em><\/h6>\n<h6>\n<a href=\"mailto:bolgar.andrea@semmelweis.hu\">bolgar.andrea@semmelweis.hu<\/a><\/h6>\n<hr \/>\n<h6><b>F. T\u00f3th Katalin<\/b><br \/>\n<em>Nemzetk\u00f6zi szak\u00e9rt\u0151<\/em><\/h6>\n<h6><a href=\"mailto:f.toth.katalin@semmelweis.hu\">f.toth.katalin@semmelweis.hu<\/a><\/h6>\n<hr \/>\n<h6><b>Nagy M\u00e1ria<\/b><br \/>\n<em>Nemzetk\u00f6zi szak\u00e9rt\u0151<\/em><\/h6>\n<h6><a href=\"mailto:nagy.maria2@semmelweis.hu\">nagy.maria2@semmelweis.hu<\/a><\/h6>\n<hr \/>\n<h3>NEMZETK\u00d6ZI MOBILIT\u00c1SI OSZT\u00c1LY<\/h3>\n<hr \/>\n<h6><b>Fodor Krisztina<\/b><br \/>\n<em>Oszt\u00e1lyvezet\u0151<\/em><\/h6>\n<h6><a href=\"mailto:fodor.krisztina1@semmelweis.hu\">fodor.krisztina1@semmelweis.hu<\/a><\/h6>\n<hr \/>\n<p><img loading=\"lazy\" decoding=\"async\" class=\"alignleft wp-image-33180\" src=\"https:\/\/semmelweis.hu\/nki\/files\/2024\/10\/Zsofi-400x400.jpg\" alt=\"\" width=\"124\" height=\"124\" srcset=\"https:\/\/semmelweis.hu\/nki\/files\/2024\/10\/Zsofi-400x400.jpg 400w, https:\/\/semmelweis.hu\/nki\/files\/2024\/10\/Zsofi-1024x1024.jpg 1024w, https:\/\/semmelweis.hu\/nki\/files\/2024\/10\/Zsofi-150x150.jpg 150w, https:\/\/semmelweis.hu\/nki\/files\/2024\/10\/Zsofi-768x768.jpg 768w, https:\/\/semmelweis.hu\/nki\/files\/2024\/10\/Zsofi-753x753.jpg 753w, https:\/\/semmelweis.hu\/nki\/files\/2024\/10\/Zsofi.jpg 1068w\" sizes=\"auto, (max-width: 124px) 100vw, 124px\" \/><\/p>\n<h6><strong>Fejes Zs\u00f3fia<\/strong><br \/>\n<em>Nemzetk\u00f6zi szak\u00e9rt\u0151<\/em><\/h6>\n<h6>\n<a href=\"mailto:fejes.zsofia.melinda@semmelweis.hu\">fejes.zsofia.melinda@semmelweis.hu<\/a><\/h6>\n<hr \/>\n<h6><strong>Halmay Karola<\/strong><br \/>\n<em>Nemzetk\u00f6zi szak\u00e9rt\u0151<\/em><\/h6>\n<h6><a href=\"mailto:halmay.karola@semmelweis.hu\">halmay.karola@semmelweis.hu<\/a><\/h6>\n<hr \/>\n<h6><strong>Kov\u00e1cs \u00c9va<\/strong><br \/>\n<em>Nemzetk\u00f6zi szak\u00e9rt\u0151<\/em><\/h6>\n<h6><a href=\"mailto:kovacs.eva2@semmelweis.hu\">kovacs.eva2@semmelweis.hu<\/a><\/h6>\n<hr \/>\n<h6><strong>Mann Evelin<\/strong><br \/>\n<em>Nemzetk\u00f6zi szak\u00e9rt\u0151<\/em><\/h6>\n<h6><a href=\"mailto:mann.evelin@semmelweis.hu\">mann.evelin@semmelweis.hu<\/a><\/h6>\n<hr \/>\n<h3>NEMZETK\u00d6ZI R\u00d6VID PROGRAMOK IRODA<\/h3>\n<hr \/>\n<h6><b>Z\u0151di Laura<\/b><br \/>\n<em>Nemzetk\u00f6zi szak\u00e9rt\u0151<\/em><\/h6>\n<h6><a href=\"mailto:zodi.laura.anna@semmelweis.hu\">zodi.laura.anna@semmelweis.hu<\/a><\/h6>\n<hr \/>\n<h3>ALUMNI H\u00c1L\u00d3ZAT<\/h3>\n<hr \/>\n<h6><b>Dr. Fecser Zsuzsanna<\/b><br \/>\n<em>Kiemelt projektmenedzser<\/em><\/h6>\n<h6><a href=\"mailto:fecser.zsuzsanna@semmelweis.hu\">fecser.zsuzsanna@semmelweis.hu<\/a><\/h6>\n<hr \/>\n<h6><b>Kar\u00e1csony Anna<\/b><br \/>\n<em>Projektkoordin\u00e1tor<\/em><\/h6>\n<h6><a href=\"mailto:karacsony.anna@semmelweis.hu\">karacsony.anna@semmelweis.hu<\/a><\/h6>\n<hr \/>\n<h6><b>Cz\u00e9km\u00e1n \u00c9va<\/b><br \/>\n<em>Nemzetk\u00f6zi szak\u00e9rt\u0151<\/em><\/h6>\n<h6><a href=\"mailto:czekman.eva@semmelweis.hu\">czekman.eva@semmelweis.hu<\/a><\/h6>\n<hr \/>\n<h6><b>Ducsai No\u00e9mi Petra<\/b><br \/>\n<em>Rendezv\u00e9nyszervez\u0151<\/em><\/h6>\n<h6><a href=\"mailto:ducsai.noemi@semmelweis.hu\">ducsai.noemi@semmelweis.hu<\/a><\/h6>\n<hr \/>\n<h6><b>Zaj-Kov\u00e1cs Veronika<\/b><br \/>\n<em>Titk\u00e1rs\u00e1gi szak\u00e9rt\u0151<\/em><\/h6>\n<h6><a href=\"mailto:zaj-kovacs.veronika@semmelweis.hu\">zaj-kovacs.veronika@semmelweis.hu<\/a><\/h6>\n<hr \/>\n<h6>\u00a0<\/h6>\n","protected":false},"excerpt":{"rendered":"<p>Dr. Heged\u00fcs Tam\u00e1s Igazgat\u00f3 <a href=\"mailto:hegedus.tamas@semmelweis.hu\">hegedus.tamas@semmelweis.hu<\/a> V\u00e1g\u00f3 Levente B\u00e9la Igazgat\u00f3helyettes <a href=\"mailto:vago.levente@semmelweis.hu\">vago.levente@semmelweis.hu<\/a> K\u00f3sa L\u00e1szl\u00f3 Igazgat\u00f3helyettes <a href=\"mailto:kosa.laszlo@semmelweis.hu\">kosa.laszlo@semmelweis.hu<\/a> NEMZETK\u00d6ZI KAPCSOLATOK IRODA M\u00f3dos Di\u00e1na Nemzetk\u00f6zi szak\u00e9rt\u0151 <a href=\"mailto:modos.diana@semmelweis.hu\">modos.diana@semmelweis.hu<\/a> Petr\u00e1s Gr\u00e9ta Nemzetk\u00f6zi szak\u00e9rt\u0151 <a href=\"mailto:petras.greta@semmelweis.hu\">petras.greta@semmelweis.hu<\/a> Dr. Vadl\u00f6v\u0151 Judit Nemzetk\u00f6zi szak\u00e9rt\u0151 &#8211; jelenleg sz\u00fcl\u00e9si szabads\u00e1gon Kov\u00e1cs-Gyurkovics Marianna Nemzetk\u00f6zi szak\u00e9rt\u0151 &#8211; jelenleg sz\u00fcl\u00e9si szabads\u00e1gon EUNIWELL Matyasovszki\u00a0Fanni EUniWell int\u00e9zm\u00e9nyi koordin\u00e1tor <a href=\"mailto:matyasovszki.fanni.sara@semmelweis.hu\">matyasovszki.fanni.sara@semmelweis.hu<\/a> \u00a0 BILATER\u00c1LIS \u00c9S KIEMELT N\u00c9MET KAPCSOLATOK OSZT\u00c1LYA Szlov\u00e1k Judit Oszt\u00e1lyvezet\u0151 <a href=\"mailto:szlovak.judit@semmelweis.hu\">szlovak.judit@semmelweis.hu<\/a> Bolg\u00e1rn\u00e9 &hellip;<\/p>\n","protected":false},"author":28,"featured_media":0,"parent":5,"menu_order":2,"comment_status":"closed","ping_status":"open","template":"template-fullwidth.php","meta":{"_acf_changed":false,"footnotes":""},"categories":[],"tags":[],"class_list":["post-29","page","type-page","status-publish","hentry"],"acf":[],"_links":{"self":[{"href":"https:\/\/semmelweis.hu\/nki\/wp-json\/wp\/v2\/pages\/29","targetHints":{"allow":["GET"]}}],"collection":[{"href":"https:\/\/semmelweis.hu\/nki\/wp-json\/wp\/v2\/pages"}],"about":[{"href":"https:\/\/semmelweis.hu\/nki\/wp-json\/wp\/v2\/types\/page"}],"author":[{"embeddable":true,"href":"https:\/\/semmelweis.hu\/nki\/wp-json\/wp\/v2\/users\/28"}],"replies":[{"embeddable":true,"href":"https:\/\/semmelweis.hu\/nki\/wp-json\/wp\/v2\/comments?post=29"}],"version-history":[{"count":17,"href":"https:\/\/semmelweis.hu\/nki\/wp-json\/wp\/v2\/pages\/29\/revisions"}],"predecessor-version":[{"id":34746,"href":"https:\/\/semmelweis.hu\/nki\/wp-json\/wp\/v2\/pages\/29\/revisions\/34746"}],"up":[{"embeddable":true,"href":"https:\/\/semmelweis.hu\/nki\/wp-json\/wp\/v2\/pages\/5"}],"wp:attachment":[{"href":"https:\/\/semmelweis.hu\/nki\/wp-json\/wp\/v2\/media?parent=29"}],"wp:term":[{"taxonomy":"category","embeddable":true,"href":"https:\/\/semmelweis.hu\/nki\/wp-json\/wp\/v2\/categories?post=29"},{"taxonomy":"post_tag","embeddable":true,"href":"https:\/\/semmelweis.hu\/nki\/wp-json\/wp\/v2\/tags?post=29"}],"curies":[{"name":"wp","href":"https:\/\/api.w.org\/{rel}","templated":true}]}}