{"id":983,"date":"2020-03-16T17:38:25","date_gmt":"2020-03-16T16:38:25","guid":{"rendered":"http:\/\/semmelweis.hu\/neurologia\/?page_id=983"},"modified":"2020-03-16T17:38:25","modified_gmt":"2020-03-16T16:38:25","slug":"betegellatas-a-jarvany-alatt","status":"publish","type":"page","link":"https:\/\/semmelweis.hu\/neurologia\/betegellatas-a-jarvany-alatt\/","title":{"rendered":"Betegell\u00e1t\u00e1s a j\u00e1rv\u00e1ny alatt"},"content":{"rendered":"<p>Tisztelt Betegeink!<\/p>\n<p>A kialakult j\u00e1rv\u00e1ny\u00fcgyi helyzetben Prof. Dr. K\u00e1sler Mikl\u00f3s Miniszter \u00dar rendelkez\u00e9se alapj\u00e1n 2020.03.16-t\u00f3l tervezett eg\u00e9szs\u00e9g\u00fcgyi ell\u00e1t\u00e1sa csak akkor ker\u00fcl elv\u00e9gz\u00e9sre, ha arra s\u00fcrg\u0151s sz\u00fcks\u00e9g miatt (\u00e9letvesz\u00e9ly vagy tart\u00f3s eg\u00e9szs\u00e9gk\u00e1rosod\u00e1s elker\u00fcl\u00e9se \u00e9rdek\u00e9ben) ker\u00fcl sor. Ennek \u00e9rtelm\u00e9ben klinik\u00e1nk \u00e1ltal\u00e1nos \u00e9s szakambulanci\u00e1in a nem s\u00fcrg\u0151s ell\u00e1t\u00e1st ig\u00e9nyl\u0151 j\u00e1r\u00f3beteg rendel\u00e9s \u00e1tmenetileg sz\u00fcnetel. Az el\u0151jegyzett betegeket err\u0151l telefonon is \u00e9rtes\u00edtj\u00fck.<\/p>\n<p>Sz\u00edves meg\u00e9rt\u00e9s\u00fcket k\u00e9rj\u00fck.<\/p>\n<p>A Klinika dolgoz\u00f3i<\/p>\n","protected":false},"excerpt":{"rendered":"<p>Tisztelt Betegeink! A kialakult j\u00e1rv\u00e1ny\u00fcgyi helyzetben Prof. Dr. K\u00e1sler Mikl\u00f3s Miniszter \u00dar rendelkez\u00e9se alapj\u00e1n 2020.03.16-t\u00f3l tervezett eg\u00e9szs\u00e9g\u00fcgyi ell\u00e1t\u00e1sa csak akkor ker\u00fcl elv\u00e9gz\u00e9sre, ha arra s\u00fcrg\u0151s sz\u00fcks\u00e9g miatt (\u00e9letvesz\u00e9ly vagy tart\u00f3s eg\u00e9szs\u00e9gk\u00e1rosod\u00e1s elker\u00fcl\u00e9se \u00e9rdek\u00e9ben) ker\u00fcl sor. Ennek \u00e9rtelm\u00e9ben klinik\u00e1nk \u00e1ltal\u00e1nos \u00e9s szakambulanci\u00e1in a nem s\u00fcrg\u0151s ell\u00e1t\u00e1st ig\u00e9nyl\u0151 j\u00e1r\u00f3beteg rendel\u00e9s \u00e1tmenetileg sz\u00fcnetel. Az el\u0151jegyzett betegeket err\u0151l telefonon &hellip;<\/p>\n","protected":false},"author":101622,"featured_media":0,"parent":0,"menu_order":0,"comment_status":"closed","ping_status":"closed","template":"","meta":{"_acf_changed":false,"footnotes":""},"categories":[],"tags":[],"class_list":["post-983","page","type-page","status-publish","hentry"],"acf":[],"_links":{"self":[{"href":"https:\/\/semmelweis.hu\/neurologia\/wp-json\/wp\/v2\/pages\/983","targetHints":{"allow":["GET"]}}],"collection":[{"href":"https:\/\/semmelweis.hu\/neurologia\/wp-json\/wp\/v2\/pages"}],"about":[{"href":"https:\/\/semmelweis.hu\/neurologia\/wp-json\/wp\/v2\/types\/page"}],"author":[{"embeddable":true,"href":"https:\/\/semmelweis.hu\/neurologia\/wp-json\/wp\/v2\/users\/101622"}],"replies":[{"embeddable":true,"href":"https:\/\/semmelweis.hu\/neurologia\/wp-json\/wp\/v2\/comments?post=983"}],"version-history":[{"count":1,"href":"https:\/\/semmelweis.hu\/neurologia\/wp-json\/wp\/v2\/pages\/983\/revisions"}],"predecessor-version":[{"id":986,"href":"https:\/\/semmelweis.hu\/neurologia\/wp-json\/wp\/v2\/pages\/983\/revisions\/986"}],"wp:attachment":[{"href":"https:\/\/semmelweis.hu\/neurologia\/wp-json\/wp\/v2\/media?parent=983"}],"wp:term":[{"taxonomy":"category","embeddable":true,"href":"https:\/\/semmelweis.hu\/neurologia\/wp-json\/wp\/v2\/categories?post=983"},{"taxonomy":"post_tag","embeddable":true,"href":"https:\/\/semmelweis.hu\/neurologia\/wp-json\/wp\/v2\/tags?post=983"}],"curies":[{"name":"wp","href":"https:\/\/api.w.org\/{rel}","templated":true}]}}

Betegellátás a járvány alatt

<p>Tisztelt Betegeink!</p>
<p>A kialakult járványügyi helyzetben Prof. Dr. Kásler Miklós Miniszter Úr rendelkezése alapján 2020.03.16-tól tervezett egészségügyi ellátása csak akkor kerül elvégzésre, ha arra sürgős szükség miatt (életveszély vagy tartós egészségkárosodás elkerülése érdekében) kerül sor. Ennek értelmében klinikánk általános és szakambulanciáin a nem sürgős ellátást igénylő járóbeteg rendelés átmenetileg szünetel. Az előjegyzett betegeket erről telefonon is értesítjük.</p>
<p>Szíves megértésüket kérjük.</p>
<p>A Klinika dolgozói</p>

<p>Tisztelt Betegeink! A kialakult járványügyi helyzetben Prof. Dr. Kásler Miklós Miniszter Úr rendelkezése alapján 2020.03.16-tól tervezett egészségügyi ellátása csak akkor kerül elvégzésre, ha arra sürgős szükség miatt (életveszély vagy tartós egészségkárosodás elkerülése érdekében) kerül sor. Ennek értelmében klinikánk általános és szakambulanciáin a nem sürgős ellátást igénylő járóbeteg rendelés átmenetileg szünetel. Az előjegyzett betegeket erről telefonon &hellip;</p>
