{"id":887,"date":"2019-07-03T18:59:06","date_gmt":"2019-07-03T16:59:06","guid":{"rendered":"http:\/\/semmelweis.hu\/neurologia\/?page_id=887"},"modified":"2025-03-25T11:30:02","modified_gmt":"2025-03-25T10:30:02","slug":"neurologiai-szakgyogytornasz-szakiranyu-tovabbkepzes-2","status":"publish","type":"page","link":"https:\/\/semmelweis.hu\/neurologia\/oktatas\/neurologiai-szakgyogytornasz-szakiranyu-tovabbkepzes-2\/","title":{"rendered":"Neurol\u00f3giai szakgy\u00f3gytorn\u00e1sz szakir\u00e1ny\u00fa tov\u00e1bbk\u00e9pz\u00e9s"},"content":{"rendered":"<p style=\"font-weight: 400;text-align: center\">A Semmelweis Egyetem \u00c1ltal\u00e1nos Orvosi Kar Neurol\u00f3giai Klinik\u00e1j\u00e1nak szervez\u00e9s\u00e9ben<\/p>\n<p style=\"font-weight: 400;text-align: center\"><strong>Neurol\u00f3giai szakgy\u00f3gytorn\u00e1sz szakir\u00e1ny\u00fa tov\u00e1bbk\u00e9pz\u00e9s<br \/>\n<\/strong><\/p>\n<p style=\"font-weight: 400\">A k\u00e9pz\u00e9s levelez\u0151 munkarendben, \/egy f\u00e9l\u00e9vben n\u00e9gy h\u00e9tv\u00e9ge, cs\u00fct\u00f6rt\u00f6k d\u00e9lut\u00e1nt\u00f3l szombat estig\/ t\u00f6rt\u00e9nik.<\/p>\n<p style=\"font-weight: 400\">A k\u00e9pz\u00e9sre mind gy\u00f3gytorn\u00e1sz-fizioterapeut\u00e1k, mind okleveles fizioterapeut\u00e1k jelentkezhetnek, akik neurol\u00f3giai betegekkel foglalkoznak.<\/p>\n<p style=\"font-weight: 400\">A k\u00e9pz\u00e9s \u00f6nk\u00f6lts\u00e9ges, 230 000 ft\/f\u00e9l\u00e9v. Sikeres z\u00e1r\u00f3vizsga \u00e9s szakdolgozat v\u00e9d\u00e9s ut\u00e1n az Egyetem oklevelet ad Neurol\u00f3giai szakgy\u00f3gytorn\u00e1sz v\u00e9gzetts\u00e9gr\u0151l.<\/p>\n<p style=\"font-weight: 400\">A k\u00e9pz\u00e9sen minimum 10,\u00a0maximum 20 f\u0151 vehet r\u00e9szt.<\/p>\n<p style=\"font-weight: 400\">Tov\u00e1bbi inform\u00e1ci\u00f3k \u00e9s a k\u00e9pz\u00e9si kimeneti k\u00f6vetelm\u00e9ny el\u00e9rhet\u0151 az Egyetem honlapj\u00e1n az al\u00e1bbi link alatt:<\/p>\n<p style=\"font-weight: 400\"><a href=\"https:\/\/semmelweis.hu\/aok\/oktatas\/neurologiai-szakgyogytornasz-szakiranyu-tovabbkepzes\/\">https:\/\/semmelweis.hu\/aok\/oktatas\/neurologiai-szakgyogytornasz-szakiranyu-tovabbkepzes\/<\/a><\/p>\n<p style=\"font-weight: 400\"><u>\u00a0<\/u>Jelentkezni az al\u00e1bbi email c\u00edmen lehet:<\/p>\n<p style=\"font-weight: 400\"><a href=\"mailto:edinaparkinson@gmail.com\">edinaparkinson@gmail.com<\/a><\/p>\n<p style=\"font-weight: 400\"><strong>Jelentkez\u00e9si hat\u00e1rid\u0151: 2025. \u00e1prilis 01.<\/strong><\/p>\n<p>A felv\u00e9teli id\u0151pontj\u00e1r\u00f3l mindenkit email-ben \u00e9rtes\u00edt\u00fcnk.<\/p>\n<p>&nbsp;<\/p>\n<p><a href=\"https:\/\/semmelweis.hu\/neurologia\/files\/2025\/03\/Tajekoztato-a-Neurologiai-szakgyogytornasz-szakiranyu-tovabbkepzes-felveteli-eljarasrendjerol-202526.docx\">Ta\u0301je\u0301koztato\u0301 a Neurolo\u0301giai szakgyo\u0301gytorna\u0301sz szakira\u0301nyu\u0301 tova\u0301bbke\u0301pze\u0301s felve\u0301teli elja\u0301ra\u0301srendje\u0301ro\u030bl<\/a><\/p>\n<p><a href=\"https:\/\/semmelweis.hu\/neurologia\/files\/2019\/07\/Ke\u0301pze\u0301si-program.docx\">Ke\u0301pze\u0301si program<\/a><\/p>\n<p><a href=\"https:\/\/semmelweis.hu\/neurologia\/files\/2024\/11\/Jelentkezesi-lap-202526-1.docx\">Jelentkeze\u0301si lap<\/a><\/p>\n<p style=\"font-weight: 400\">\u00a0A k\u00e9pz\u00e9ssel kapcsolatos k\u00e9rd\u00e9seket ugyanezen az email c\u00edmen, illetve telefonon lehet feltenni:<\/p>\n<p style=\"font-weight: 400\">\u00a000 36 20\u00a0825 0405<\/p>\n<p style=\"font-weight: 400\">\u00a0Udvarhelyi Edina<\/p>\n<p style=\"font-weight: 400\">Vezet\u0151 gy\u00f3gytorn\u00e1sz<\/p>\n<p style=\"font-weight: 400\">S.E. Neurol\u00f3giai Klinika<\/p>\n","protected":false},"excerpt":{"rendered":"<p>A Semmelweis Egyetem \u00c1ltal\u00e1nos Orvosi Kar Neurol\u00f3giai Klinik\u00e1j\u00e1nak szervez\u00e9s\u00e9ben Neurol\u00f3giai szakgy\u00f3gytorn\u00e1sz szakir\u00e1ny\u00fa tov\u00e1bbk\u00e9pz\u00e9s A k\u00e9pz\u00e9s levelez\u0151 munkarendben, \/egy f\u00e9l\u00e9vben n\u00e9gy h\u00e9tv\u00e9ge, cs\u00fct\u00f6rt\u00f6k d\u00e9lut\u00e1nt\u00f3l szombat estig\/ t\u00f6rt\u00e9nik. A k\u00e9pz\u00e9sre mind gy\u00f3gytorn\u00e1sz-fizioterapeut\u00e1k, mind okleveles fizioterapeut\u00e1k jelentkezhetnek, akik neurol\u00f3giai betegekkel foglalkoznak. A k\u00e9pz\u00e9s \u00f6nk\u00f6lts\u00e9ges, 230 000 ft\/f\u00e9l\u00e9v. Sikeres z\u00e1r\u00f3vizsga \u00e9s szakdolgozat v\u00e9d\u00e9s ut\u00e1n az Egyetem oklevelet ad Neurol\u00f3giai &hellip;<\/p>\n","protected":false},"author":101234,"featured_media":0,"parent":38,"menu_order":0,"comment_status":"closed","ping_status":"closed","template":"","meta":{"_acf_changed":false,"footnotes":""},"categories":[],"tags":[],"class_list":["post-887","page","type-page","status-publish","hentry"],"acf":[],"_links":{"self":[{"href":"https:\/\/semmelweis.hu\/neurologia\/wp-json\/wp\/v2\/pages\/887","targetHints":{"allow":["GET"]}}],"collection":[{"href":"https:\/\/semmelweis.hu\/neurologia\/wp-json\/wp\/v2\/pages"}],"about":[{"href":"https:\/\/semmelweis.hu\/neurologia\/wp-json\/wp\/v2\/types\/page"}],"author":[{"embeddable":true,"href":"https:\/\/semmelweis.hu\/neurologia\/wp-json\/wp\/v2\/users\/101234"}],"replies":[{"embeddable":true,"href":"https:\/\/semmelweis.hu\/neurologia\/wp-json\/wp\/v2\/comments?post=887"}],"version-history":[{"count":11,"href":"https:\/\/semmelweis.hu\/neurologia\/wp-json\/wp\/v2\/pages\/887\/revisions"}],"predecessor-version":[{"id":1672,"href":"https:\/\/semmelweis.hu\/neurologia\/wp-json\/wp\/v2\/pages\/887\/revisions\/1672"}],"up":[{"embeddable":true,"href":"https:\/\/semmelweis.hu\/neurologia\/wp-json\/wp\/v2\/pages\/38"}],"wp:attachment":[{"href":"https:\/\/semmelweis.hu\/neurologia\/wp-json\/wp\/v2\/media?parent=887"}],"wp:term":[{"taxonomy":"category","embeddable":true,"href":"https:\/\/semmelweis.hu\/neurologia\/wp-json\/wp\/v2\/categories?post=887"},{"taxonomy":"post_tag","embeddable":true,"href":"https:\/\/semmelweis.hu\/neurologia\/wp-json\/wp\/v2\/tags?post=887"}],"curies":[{"name":"wp","href":"https:\/\/api.w.org\/{rel}","templated":true}]}}