{"id":86,"date":"2012-08-27T14:22:11","date_gmt":"2012-08-27T14:22:11","guid":{"rendered":"http:\/\/semmelweis-egyetem.hu\/neurologia\/?page_id=86"},"modified":"2024-10-13T13:05:03","modified_gmt":"2024-10-13T11:05:03","slug":"di-emeleti-osztaly","status":"publish","type":"page","link":"https:\/\/semmelweis.hu\/neurologia\/betegellatas\/fekvobeteg-osztalyok\/di-emeleti-osztaly\/","title":{"rendered":"DI. emeleti Oszt\u00e1ly"},"content":{"rendered":"<p><strong>Profil:\u00a0<\/strong>\u00c1ltal\u00e1nos neurol\u00f3giai betegs\u00e9gek \u00e9s agyi \u00e9rbetegs\u00e9gek, Neuroimmunol\u00f3giai betegs\u00e9gek, Kr\u00f3nikus f\u00e1jdalmak, Fejf\u00e1j\u00e1sok, Mozg\u00e1szavarok \u00e9s m\u00e9ly agyi stimul\u00e1ci\u00f3 (DBS).<\/p>\n<p style=\"text-align: left\"><strong>Munkat\u00e1rsak:<\/strong><\/p>\n<p style=\"text-align: left\">Dr. Farsang Marianna egyetemi tan\u00e1rseg\u00e9d<\/p>\n<p style=\"text-align: left\">Dr. Iljicsov Anna egyetemi adjunktus<\/p>\n<p style=\"text-align: left\">Dr. Mezei Zsolt egyetemi adjunktus<\/p>\n<p style=\"text-align: left\">Dr. Milanovich D\u00e1niel klinikai szakorvos<\/p>\n<p style=\"text-align: left\">Dr. Sim\u00f3 Magdolna egyetemi docens, oszt\u00e1lyvezet\u0151 (Speci\u00e1lis profil: Neuroimmunol\u00f3gia)<\/p>\n<p style=\"text-align: left\">Dr. So\u00f3s Krisztina klinikai f\u0151orvos<\/p>\n<p style=\"text-align: left\">Dr. Tak\u00e1ts Annam\u00e1ria klinikai f\u0151orvos, oszt\u00e1lyvezet\u0151 (Speci\u00e1lis profil: Parkinson-k\u00f3r \u00e9s mozg\u00e1szavarok, levodopa pumpa ter\u00e1pi\u00e1k Parkinson-k\u00f3rban) <\/p>\n<p style=\"text-align: left\">Dr. Tam\u00e1s Gertr\u00fad egyetemi docens, oszt\u00e1lyvezet\u0151 (Speci\u00e1lis profil: Parkinson-k\u00f3r \u00e9s mozg\u00e1szavarok, m\u00e9ly agyi stimul\u00e1ci\u00f3-DBS)<\/p>\n<p><strong>Oszt\u00e1lyvezet\u0151 f\u0151n\u0151v\u00e9r:<br \/>\n<\/strong>P\u00e1lv\u00f6lgyi T\u00fcnde<\/p>\n<p><strong>El\u00e9rhet\u0151s\u00e9gek:<\/strong> <br \/>\n<em>vizsg\u00e1l\u00f3 szob\u00e1k telefonja:<\/em> 51233, 51231 mell\u00e9k<br \/>\n<em>a n\u0151v\u00e9rpult telefonsz\u00e1ma<\/em>: 51205 mell\u00e9k<\/p>\n<p>A tervezett felv\u00e9teleket a speci\u00e1lis j\u00e1r\u00f3beteg ambulanci\u00e1n v\u00e9gzett vizsg\u00e1lat ut\u00e1n jegyzi el\u0151 a szakorvos.<\/p>\n","protected":false},"excerpt":{"rendered":"<p>Profil:\u00a0\u00c1ltal\u00e1nos neurol\u00f3giai betegs\u00e9gek \u00e9s agyi \u00e9rbetegs\u00e9gek, Neuroimmunol\u00f3giai betegs\u00e9gek, Kr\u00f3nikus f\u00e1jdalmak, Fejf\u00e1j\u00e1sok, Mozg\u00e1szavarok \u00e9s m\u00e9ly agyi stimul\u00e1ci\u00f3 (DBS). Munkat\u00e1rsak: Dr. Farsang Marianna egyetemi tan\u00e1rseg\u00e9d Dr. Iljicsov Anna egyetemi adjunktus Dr. Mezei Zsolt egyetemi adjunktus Dr. Milanovich D\u00e1niel klinikai szakorvos Dr. Sim\u00f3 Magdolna egyetemi docens, oszt\u00e1lyvezet\u0151 (Speci\u00e1lis profil: Neuroimmunol\u00f3gia) Dr. So\u00f3s Krisztina klinikai f\u0151orvos Dr. Tak\u00e1ts Annam\u00e1ria &hellip;<\/p>\n","protected":false},"author":80,"featured_media":0,"parent":63,"menu_order":0,"comment_status":"closed","ping_status":"closed","template":"","meta":{"_acf_changed":false,"footnotes":""},"categories":[],"tags":[],"class_list":["post-86","page","type-page","status-publish","hentry"],"acf":[],"_links":{"self":[{"href":"https:\/\/semmelweis.hu\/neurologia\/wp-json\/wp\/v2\/pages\/86","targetHints":{"allow":["GET"]}}],"collection":[{"href":"https:\/\/semmelweis.hu\/neurologia\/wp-json\/wp\/v2\/pages"}],"about":[{"href":"https:\/\/semmelweis.hu\/neurologia\/wp-json\/wp\/v2\/types\/page"}],"author":[{"embeddable":true,"href":"https:\/\/semmelweis.hu\/neurologia\/wp-json\/wp\/v2\/users\/80"}],"replies":[{"embeddable":true,"href":"https:\/\/semmelweis.hu\/neurologia\/wp-json\/wp\/v2\/comments?post=86"}],"version-history":[{"count":11,"href":"https:\/\/semmelweis.hu\/neurologia\/wp-json\/wp\/v2\/pages\/86\/revisions"}],"predecessor-version":[{"id":1622,"href":"https:\/\/semmelweis.hu\/neurologia\/wp-json\/wp\/v2\/pages\/86\/revisions\/1622"}],"up":[{"embeddable":true,"href":"https:\/\/semmelweis.hu\/neurologia\/wp-json\/wp\/v2\/pages\/63"}],"wp:attachment":[{"href":"https:\/\/semmelweis.hu\/neurologia\/wp-json\/wp\/v2\/media?parent=86"}],"wp:term":[{"taxonomy":"category","embeddable":true,"href":"https:\/\/semmelweis.hu\/neurologia\/wp-json\/wp\/v2\/categories?post=86"},{"taxonomy":"post_tag","embeddable":true,"href":"https:\/\/semmelweis.hu\/neurologia\/wp-json\/wp\/v2\/tags?post=86"}],"curies":[{"name":"wp","href":"https:\/\/api.w.org\/{rel}","templated":true}]}}