{"id":76,"date":"2012-08-27T13:32:12","date_gmt":"2012-08-27T13:32:12","guid":{"rendered":"http:\/\/semmelweis-egyetem.hu\/neurologia\/?page_id=76"},"modified":"2018-09-26T14:01:46","modified_gmt":"2018-09-26T12:01:46","slug":"dystonia-ambulancia","status":"publish","type":"page","link":"https:\/\/semmelweis.hu\/neurologia\/betegellatas\/jarobeteg-ellatas\/dystonia-ambulancia\/","title":{"rendered":"Dystonia Ambulancia"},"content":{"rendered":"<p>Fok\u00e1lis dystoni\u00e1k (torticollis, blepharospasmus) botulinum toxin kezel\u00e9se<\/p>\n<p><strong>Dr. Kov\u00e1cs Tibor<\/strong> egyetemi docens<br \/>\n<strong>Dr. Farsang Marianna<\/strong> egyetemi tan\u00e1rseg\u00e9d<\/p>\n<p>El\u0151jegyz\u00e9s orvossal megbesz\u00e9lve<\/p>\n","protected":false},"excerpt":{"rendered":"<p>Fok\u00e1lis dystoni\u00e1k (torticollis, blepharospasmus) botulinum toxin kezel\u00e9se<br \/>\nDr. Kov\u00e1cs Tibor egyetemi docens<br \/>\nDr. Farsang Marianna egyetemi tan\u00e1rseg\u00e9d<br \/>\nEl\u0151jegyz\u00e9s orvossal megbesz\u00e9lve<\/p>\n","protected":false},"author":80,"featured_media":0,"parent":64,"menu_order":0,"comment_status":"open","ping_status":"open","template":"","meta":{"_acf_changed":false,"footnotes":""},"categories":[],"tags":[],"class_list":["post-76","page","type-page","status-publish","hentry"],"acf":[],"_links":{"self":[{"href":"https:\/\/semmelweis.hu\/neurologia\/wp-json\/wp\/v2\/pages\/76","targetHints":{"allow":["GET"]}}],"collection":[{"href":"https:\/\/semmelweis.hu\/neurologia\/wp-json\/wp\/v2\/pages"}],"about":[{"href":"https:\/\/semmelweis.hu\/neurologia\/wp-json\/wp\/v2\/types\/page"}],"author":[{"embeddable":true,"href":"https:\/\/semmelweis.hu\/neurologia\/wp-json\/wp\/v2\/users\/80"}],"replies":[{"embeddable":true,"href":"https:\/\/semmelweis.hu\/neurologia\/wp-json\/wp\/v2\/comments?post=76"}],"version-history":[{"count":2,"href":"https:\/\/semmelweis.hu\/neurologia\/wp-json\/wp\/v2\/pages\/76\/revisions"}],"predecessor-version":[{"id":681,"href":"https:\/\/semmelweis.hu\/neurologia\/wp-json\/wp\/v2\/pages\/76\/revisions\/681"}],"up":[{"embeddable":true,"href":"https:\/\/semmelweis.hu\/neurologia\/wp-json\/wp\/v2\/pages\/64"}],"wp:attachment":[{"href":"https:\/\/semmelweis.hu\/neurologia\/wp-json\/wp\/v2\/media?parent=76"}],"wp:term":[{"taxonomy":"category","embeddable":true,"href":"https:\/\/semmelweis.hu\/neurologia\/wp-json\/wp\/v2\/categories?post=76"},{"taxonomy":"post_tag","embeddable":true,"href":"https:\/\/semmelweis.hu\/neurologia\/wp-json\/wp\/v2\/tags?post=76"}],"curies":[{"name":"wp","href":"https:\/\/api.w.org\/{rel}","templated":true}]}}