{"id":66,"date":"2012-08-24T19:47:43","date_gmt":"2012-08-24T19:47:43","guid":{"rendered":"http:\/\/semmelweis-egyetem.hu\/neurologia\/?page_id=66"},"modified":"2025-10-16T13:16:57","modified_gmt":"2025-10-16T11:16:57","slug":"gradualis-oktatas","status":"publish","type":"page","link":"https:\/\/semmelweis.hu\/neurologia\/oktatas\/gradualis-oktatas-2\/gradualis-oktatas\/","title":{"rendered":"\u00c1OK magyar V-VI. \u00e9vfolyam"},"content":{"rendered":"<p>Semmelweis Egyetem <a href=\"http:\/\/itc.semmelweis-univ.hu\/moodle\/\" target=\"_blank\" rel=\"noopener noreferrer\">e-learning rendszere<\/a><a href=\"https:\/\/semmelweis.hu\/neurologia\/files\/2018\/10\/20180912_094151-e1539248648586.jpg\"><img loading=\"lazy\" decoding=\"async\" class=\"size-medium wp-image-739 alignright\" src=\"https:\/\/semmelweis.hu\/neurologia\/files\/2018\/10\/20180912_094151-e1539248648586-225x300.jpg\" alt=\"\" width=\"225\" height=\"300\" srcset=\"https:\/\/semmelweis.hu\/neurologia\/files\/2018\/10\/20180912_094151-e1539248648586-225x300.jpg 225w, https:\/\/semmelweis.hu\/neurologia\/files\/2018\/10\/20180912_094151-e1539248648586-768x1024.jpg 768w\" sizes=\"auto, (max-width: 225px) 100vw, 225px\" \/><\/a><\/p>\n<p><strong>\u00c1OK-hallgat\u00f3knak<\/strong><\/p>\n<div>\n<p style=\"padding-left: 30px\"><a href=\"https:\/\/semmelweis.hu\/neurologia\/files\/2023\/09\/Neurologia-kovetelmenyrendszer-magyar-V.-ev.pdf\">&#8211; Ideggy\u00f3gy\u00e1szat \u00e9s Idegseb\u00e9szet k\u00f6vetelm\u00e9nyrendszer (V. \u00e9vfolyam) 2023\/2024<\/a><br \/>\n<a href=\"https:\/\/semmelweis.hu\/neurologia\/files\/2019\/08\/K\u00f6vetelm\u00e9nyrendszer-VI.-\u00e9v-3-\u00c9S-6-H\u00c9T.pdf\">&#8211; <\/a><a href=\"https:\/\/semmelweis.hu\/neurologia\/files\/2023\/09\/Neurologia-kovetelmenyrendszer-magyar-VI.-ev.pdf\">Ideggy\u00f3gy\u00e1szat k\u00f6vetelm\u00e9nyrendszer (VI. \u00e9vfolyam) 2023\/2024<\/a><a href=\"https:\/\/semmelweis.hu\/neurologia\/files\/2017\/09\/Magyar-el\u0151ad\u00e1s-tematika-2017-2018.-I.-f\u00e9l\u00e9v.pdf\"><br \/>\n<\/a><a href=\"https:\/\/semmelweis.hu\/neurologia\/files\/2025\/10\/Magyar-V.-eves-blokkbeosztas-2025-2026.pdf\">&#8211; \u00d6t\u00f6d\u00e9ves csoportbeoszt\u00e1s 2025\/2026<\/a><br \/>\n&#8211;\u00a0<a href=\"https:\/\/semmelweis.hu\/neurologia\/files\/2022\/11\/SzigMinLap-magyar.docx\">szigorl\u00f3k min\u0151s\u00edt\u00e9si lap<\/a><br \/>\n&#8211;\u00a0<a href=\"https:\/\/semmelweis.hu\/neurologia\/files\/2017\/10\/Vmagyartetel.doc\">V. \u00e9ves magyar t\u00e9telsor<\/a><br \/>\n&#8211;<a href=\"https:\/\/semmelweis.hu\/neurologia\/files\/2024\/07\/CLEAN-Magyar-szigorlati-tetelsor-24-01-24_1.docx\"> VI. \u00e9ves magyar t\u00e9telsor (\u00daJ !, 2024\/2025-s tan\u00e9vt\u0151l)<\/a><br \/>\n&#8211; <a href=\"https:\/\/semmelweis.hu\/neurologia\/files\/2025\/10\/OMHV-Intezkedesi-terv-2024-2025.-I.-felev.pdf\">Int\u00e9zked\u00e9si terv 2024\/2025<\/a><\/p>\n<p style=\"padding-left: 30px\">A magyar el\u0151ad\u00e1sok, illetve gyakorlatokon haszn\u00e1lt diasorok a 2020\/2021-es tan\u00e9vt\u0151l a Semmelweis Egyetem Moodle E-learning port\u00e1lj\u00e1n \u00e9rhet\u0151ek el az &#8222;Ideggy\u00f3gy\u00e1szat \u00e9s Idegseb\u00e9szet&#8221; kurzus alatt.<\/p>\n<\/div>\n","protected":false},"excerpt":{"rendered":"<p>Semmelweis Egyetem <a href=\"http:\/\/itc.semmelweis-univ.hu\/moodle\/\" target=\"_blank\" rel=\"noopener noreferrer\">e-learning rendszere<\/a><a href=\"https:\/\/semmelweis.hu\/neurologia\/files\/2018\/10\/20180912_094151-e1539248648586.jpg\"><\/a><br \/>\n\u00c1OK-hallgat\u00f3knak<\/p>\n<p><a href=\"https:\/\/semmelweis.hu\/neurologia\/files\/2023\/09\/Neurologia-kovetelmenyrendszer-magyar-V.-ev.pdf\">&#8211; Ideggy\u00f3gy\u00e1szat \u00e9s Idegseb\u00e9szet k\u00f6vetelm\u00e9nyrendszer (V. \u00e9vfolyam) 2023\/2024<\/a><br \/>\n<a href=\"https:\/\/semmelweis.hu\/neurologia\/files\/2019\/08\/K\u00f6vetelm\u00e9nyrendszer-VI.-\u00e9v-3-\u00c9S-6-H\u00c9T.pdf\">&#8211; <\/a><a href=\"https:\/\/semmelweis.hu\/neurologia\/files\/2023\/09\/Neurologia-kovetelmenyrendszer-magyar-VI.-ev.pdf\">Ideggy\u00f3gy\u00e1szat k\u00f6vetelm\u00e9nyrendszer (VI. \u00e9vfolyam) 2023\/2024<\/a><a href=\"https:\/\/semmelweis.hu\/neurologia\/files\/2017\/09\/Magyar-el\u0151ad\u00e1s-tematika-2017-2018.-I.-f\u00e9l\u00e9v.pdf\"><br \/>\n<\/a><a href=\"https:\/\/semmelweis.hu\/neurologia\/files\/2025\/10\/Magyar-V.-eves-blokkbeosztas-2025-2026.pdf\">&#8211; \u00d6t\u00f6d\u00e9ves csoportbeoszt\u00e1s 2025\/2026<\/a><br \/>\n&#8211;\u00a0<a href=\"https:\/\/semmelweis.hu\/neurologia\/files\/2022\/11\/SzigMinLap-magyar.docx\">szigorl\u00f3k min\u0151s\u00edt\u00e9si lap<\/a><br \/>\n&#8211;\u00a0<a href=\"https:\/\/semmelweis.hu\/neurologia\/files\/2017\/10\/Vmagyartetel.doc\">V. \u00e9ves magyar t\u00e9telsor<\/a><br \/>\n&#8211;<a href=\"https:\/\/semmelweis.hu\/neurologia\/files\/2024\/07\/CLEAN-Magyar-szigorlati-tetelsor-24-01-24_1.docx\"> VI. \u00e9ves magyar t\u00e9telsor (\u00daJ !, 2024\/2025-s tan\u00e9vt\u0151l)<\/a><br \/>\n&#8211; <a href=\"https:\/\/semmelweis.hu\/neurologia\/files\/2025\/10\/OMHV-Intezkedesi-terv-2024-2025.-I.-felev.pdf\">Int\u00e9zked\u00e9si terv 2024\/2025<\/a><br \/>\nA magyar el\u0151ad\u00e1sok, illetve gyakorlatokon haszn\u00e1lt diasorok a 2020\/2021-es tan\u00e9vt\u0151l a Semmelweis Egyetem Moodle E-learning port\u00e1lj\u00e1n \u00e9rhet\u0151ek el az &#8222;Ideggy\u00f3gy\u00e1szat \u00e9s Idegseb\u00e9szet&#8221; kurzus alatt.<\/p>\n","protected":false},"author":80,"featured_media":0,"parent":191,"menu_order":0,"comment_status":"closed","ping_status":"closed","template":"","meta":{"_acf_changed":false,"footnotes":""},"categories":[],"tags":[],"class_list":["post-66","page","type-page","status-publish","hentry"],"acf":[],"_links":{"self":[{"href":"https:\/\/semmelweis.hu\/neurologia\/wp-json\/wp\/v2\/pages\/66","targetHints":{"allow":["GET"]}}],"collection":[{"href":"https:\/\/semmelweis.hu\/neurologia\/wp-json\/wp\/v2\/pages"}],"about":[{"href":"https:\/\/semmelweis.hu\/neurologia\/wp-json\/wp\/v2\/types\/page"}],"author":[{"embeddable":true,"href":"https:\/\/semmelweis.hu\/neurologia\/wp-json\/wp\/v2\/users\/80"}],"replies":[{"embeddable":true,"href":"https:\/\/semmelweis.hu\/neurologia\/wp-json\/wp\/v2\/comments?post=66"}],"version-history":[{"count":12,"href":"https:\/\/semmelweis.hu\/neurologia\/wp-json\/wp\/v2\/pages\/66\/revisions"}],"predecessor-version":[{"id":1710,"href":"https:\/\/semmelweis.hu\/neurologia\/wp-json\/wp\/v2\/pages\/66\/revisions\/1710"}],"up":[{"embeddable":true,"href":"https:\/\/semmelweis.hu\/neurologia\/wp-json\/wp\/v2\/pages\/191"}],"wp:attachment":[{"href":"https:\/\/semmelweis.hu\/neurologia\/wp-json\/wp\/v2\/media?parent=66"}],"wp:term":[{"taxonomy":"category","embeddable":true,"href":"https:\/\/semmelweis.hu\/neurologia\/wp-json\/wp\/v2\/categories?post=66"},{"taxonomy":"post_tag","embeddable":true,"href":"https:\/\/semmelweis.hu\/neurologia\/wp-json\/wp\/v2\/tags?post=66"}],"curies":[{"name":"wp","href":"https:\/\/api.w.org\/{rel}","templated":true}]}}