{"id":61,"date":"2012-08-24T18:26:34","date_gmt":"2012-08-24T18:26:34","guid":{"rendered":"http:\/\/semmelweis-egyetem.hu\/neurologia\/?page_id=61"},"modified":"2025-10-16T13:31:24","modified_gmt":"2025-10-16T11:31:24","slug":"rektori-palyatetelek","status":"publish","type":"page","link":"https:\/\/semmelweis.hu\/neurologia\/oktatas\/rektori-palyatetelek\/","title":{"rendered":"Rektori p\u00e1lyat\u00e9telek"},"content":{"rendered":"<p style=\"text-align: center\"><a href=\"https:\/\/semmelweis.hu\/neurologia\/files\/2025\/10\/Rektori-Palyamunka-cimek-2025-2026.pdf\"><strong>2025\/2026<\/strong><strong>. tan\u00e9vben Rektori P\u00e1lyamunk\u00e1k Neurol\u00f3gi\u00e1b\u00f3l<\/strong><\/a><\/p>\n","protected":false},"excerpt":{"rendered":"<p><a href=\"https:\/\/semmelweis.hu\/neurologia\/files\/2025\/10\/Rektori-Palyamunka-cimek-2025-2026.pdf\">2025\/2026. tan\u00e9vben Rektori P\u00e1lyamunk\u00e1k Neurol\u00f3gi\u00e1b\u00f3l<\/a><\/p>\n","protected":false},"author":80,"featured_media":0,"parent":38,"menu_order":0,"comment_status":"closed","ping_status":"closed","template":"","meta":{"_acf_changed":false,"footnotes":""},"categories":[],"tags":[],"class_list":["post-61","page","type-page","status-publish","hentry"],"acf":[],"_links":{"self":[{"href":"https:\/\/semmelweis.hu\/neurologia\/wp-json\/wp\/v2\/pages\/61","targetHints":{"allow":["GET"]}}],"collection":[{"href":"https:\/\/semmelweis.hu\/neurologia\/wp-json\/wp\/v2\/pages"}],"about":[{"href":"https:\/\/semmelweis.hu\/neurologia\/wp-json\/wp\/v2\/types\/page"}],"author":[{"embeddable":true,"href":"https:\/\/semmelweis.hu\/neurologia\/wp-json\/wp\/v2\/users\/80"}],"replies":[{"embeddable":true,"href":"https:\/\/semmelweis.hu\/neurologia\/wp-json\/wp\/v2\/comments?post=61"}],"version-history":[{"count":11,"href":"https:\/\/semmelweis.hu\/neurologia\/wp-json\/wp\/v2\/pages\/61\/revisions"}],"predecessor-version":[{"id":1721,"href":"https:\/\/semmelweis.hu\/neurologia\/wp-json\/wp\/v2\/pages\/61\/revisions\/1721"}],"up":[{"embeddable":true,"href":"https:\/\/semmelweis.hu\/neurologia\/wp-json\/wp\/v2\/pages\/38"}],"wp:attachment":[{"href":"https:\/\/semmelweis.hu\/neurologia\/wp-json\/wp\/v2\/media?parent=61"}],"wp:term":[{"taxonomy":"category","embeddable":true,"href":"https:\/\/semmelweis.hu\/neurologia\/wp-json\/wp\/v2\/categories?post=61"},{"taxonomy":"post_tag","embeddable":true,"href":"https:\/\/semmelweis.hu\/neurologia\/wp-json\/wp\/v2\/tags?post=61"}],"curies":[{"name":"wp","href":"https:\/\/api.w.org\/{rel}","templated":true}]}}