{"id":57,"date":"2012-08-24T15:08:55","date_gmt":"2012-08-24T13:08:55","guid":{"rendered":"http:\/\/semmelweis-egyetem.hu\/neurologia\/?page_id=57"},"modified":"2026-03-19T09:22:39","modified_gmt":"2026-03-19T08:22:39","slug":"munkatarsak","status":"publish","type":"page","link":"https:\/\/semmelweis.hu\/neurologia\/munkatarsak\/","title":{"rendered":"Munkat\u00e1rsak"},"content":{"rendered":"<p style=\"text-align: left\"><strong>IGAZGAT\u00d3<\/strong><br \/>\n<a href=\"https:\/\/semmelweis.hu\/neurologia\/dr-bereczki-daniel\/\">Dr. Bereczki D\u00e1niel <\/a>egyetemi tan\u00e1r<\/p>\n<p style=\"text-align: left\"><strong>EGYETEMI TAN\u00c1R<br \/>\n<\/strong><a href=\"https:\/\/semmelweis.hu\/neurologia\/dr-aranyi-zsuzsanna-phd\/\">Dr. Ar\u00e1nyi Zsuzsanna<\/a>\u00a0<br \/>\nDr. Kamondi Anita<br \/>\n<a href=\"https:\/\/semmelweis.hu\/neurologia\/dr-kovacs-tibor\/\">Dr. Kov\u00e1cs Tibor<\/a>\u00a0<em>int\u00e9zetigazgat\u00f3 helyettes, neuropszichol\u00f3giai k\u00e9pz\u00e9s tanulm\u00e1nyi felel\u0151se, neuropatol\u00f3giai k\u00e9pz\u00e9s felel\u0151se<br \/>\n<\/em><\/p>\n<p><strong>EGYETEMI DOCENS<br \/>\n<\/strong><a href=\"https:\/\/semmelweis.hu\/neurologia\/dr-simo-magdolna-phd\/\">Dr. Sim\u00f3 Magdolna<\/a><br \/>\n<a href=\"https:\/\/semmelweis.hu\/neurologia\/dr-tamas-gertrud-phd\/\">Dr. Tam\u00e1s Gertr\u00fad<\/a> tanulm\u00e1nyi felel\u0151s, FOK IV. \u00e9v magyar, angol, n\u00e9met<br \/>\n<a href=\"https:\/\/semmelweis.hu\/neurologia\/dr-vastagh-ildiko-phd\/\">Dr. Vastagh Ildik\u00f3\u00a0<\/a><em><br \/>\n<\/em><\/p>\n<p><strong>EGYETEMI ADJUNKTUS<br \/>\n<\/strong>Dr. Csillik Anita<br \/>\n<a href=\"https:\/\/semmelweis.hu\/neurologia\/dr-debreczeni-robert\/\">Dr. Debreczeni R\u00f3bert<\/a><em> tanulm\u00e1nyi felel\u0151s, <\/em><em>\u00c1OK angol V-VI.\u00e9v<br \/>\n<\/em><a href=\"https:\/\/semmelweis.hu\/neurologia\/dr-farkas-zsuzsanna-phd\/\">Dr. Farkas Zsuzsanna<\/a><em><br \/>\n<\/em><a href=\"https:\/\/semmelweis.hu\/neurologia\/dr-gunda-bence\/\">Dr. Gunda Bence<\/a><em><br \/>\n<\/em>Dr. Iljicsov Anna<em><br \/>\n<\/em>Dr. Mezei Zsolt <em>tanulm\u00e1nyi felel\u0151s, \u00c1OK VI. \u00e9v magyar<\/em><em><br \/>\n<\/em><a href=\"https:\/\/semmelweis.hu\/neurologia\/dr-sipos-ildiko-phd\/\" target=\"_blank\" rel=\"noopener noreferrer\">Dr. Sipos Ildik\u00f3<\/a>\u00a0<\/p>\n<p><strong>EGYETEMI TAN\u00c1RSEG\u00c9D<\/strong><br \/>\nDr. Farsang Marianna<a href=\"https:\/\/semmelweis.hu\/neurologia\/dr-gunda-bence\/\"><br \/>\n<\/a><a href=\"https:\/\/semmelweis.hu\/neurologia\/dr-gulyas-szilvia-phd\/\">Dr. Guly\u00e1s Szilvia<\/a><br \/>\nDr. Horny\u00e1k Csilla<br \/>\nDr. Kelemen Andrea<br \/>\nDr. Magyar-Stang Rita (t\u00e1vol)<br \/>\nDr. Szatm\u00e1ri Szabolcs<a href=\"https:\/\/semmelweis.hu\/neurologia\/dr-sipos-ildiko-phd\/\"><br \/>\n<\/a>Dr. Sz\u0151cs Ildik\u00f3 (t\u00e1vol)<br \/>\nDr. Sz\u0151ke Krist\u00f3f<br \/>\nDr. T\u00f3th Adri\u00e1n<\/p>\n<p><strong>KLINIKAI F\u0150ORVOS<\/strong><br \/>\n<a href=\"https:\/\/semmelweis.hu\/neurologia\/dr-bozsik-gyorgy\/\">Dr. Bozsik Gy\u00f6rgy<br \/>\n<\/a>Dr. So\u00f3s Krisztina<br \/>\n<a href=\"https:\/\/semmelweis.hu\/neurologia\/dr-takats-annamaria\/\">Dr. Tak\u00e1ts Annam\u00e1ria<\/a> <em>int\u00e9zetigazgat\u00f3 helyettes<\/em>, <em>tanulm\u00e1nyi felel\u0151s, \u00c1OK V. \u00e9v magyar, <\/em><em>\u00c1OK V-VI. \u00e9v n\u00e9met<br \/>\n<\/em>Dr. Tegze N\u00e1rcis Klaudia<em>\u00a0ambulancia vezet\u0151<br \/>\n<\/em><\/p>\n<p><strong>KLINIKAI SZAKORVOS<br \/>\n<\/strong>Dr. Dabasi Lor\u00e1nd Endre<br \/>\nDr. Demeter Ildik\u00f3<br \/>\nDr. D\u00e9nes Kitti Csilla (t\u00e1vol)<br \/>\nDr. Dobronyi Levente <em>rezidensfelel\u0151s<\/em><br \/>\nDr. Fritz-Ruenes Pablo Antonio<strong><br \/>\n<\/strong>Dr. Ilniczky S\u00e1ndor<br \/>\nDr. Kollai Sarolta<br \/>\nDr. Milanovich D\u00e1niel<br \/>\nDr. Palotai Marcell L\u00e1szl\u00f3<br \/>\nDr. Saftics Katalin (t\u00e1vol)<br \/>\nDr. Sisak Dominika\u00a0<em><br \/>\n<\/em>Dr. Tak\u00e1cs T\u00edmea T\u00fcnde<\/p>\n<p><strong>REZIDENS<br \/>\n<\/strong>Dr. Berki \u00c1d\u00e1m J\u00f3zsef<br \/>\nDr. B\u00edr\u00f3 J\u00e1nos (t\u00e1vol)<br \/>\nDr. Ga\u00e1l Anna<br \/>\nDr. J\u00e1vor-Duray Borb\u00e1la<br \/>\nDr. Moln\u00e1r Krist\u00f3f<br \/>\nDr. Papp Andrea Kinga<br \/>\nDr. P\u00e1l Hanga <em>TDK felel\u0151s<\/em><br \/>\nDr. Pint\u00e9r Alexandra<em><br \/>\n<\/em>Dr. Sas \u00c1gnes<br \/>\nDr. V\u00e9n Krisztina Eszter (t\u00e1vol)<\/p>\n<div><b>PSZICHOL\u00d3GUS<\/b><br \/>\nB\u00e1thory Karola<b><br \/>\n<\/b><\/div>\n<div>Dr. Heged\u00fcs Katalin<\/div>\n<div>K\u00e1rp\u00e1ti Judit<br \/>\nDr. Szombathelyi \u00c9va<\/div>\n<div>\u00a0<\/div>\n<p><strong>GY\u00d3GYTORN\u00c1SZ<\/strong><br \/>\nBalogh-Pongr\u00e1cz Eleon\u00f3ra<strong><br \/>\n<\/strong>D\u00e9k\u00e1ny Anita<br \/>\nMaka Hedvig<br \/>\n<a href=\"https:\/\/semmelweis.hu\/neurologia\/udvarhelyi-edina\/\">Tak\u00e1csn\u00e9 Udvarhelyi Edina<\/a> <em>vezet\u0151 gy\u00f3gytorn\u00e1sz, neurol\u00f3giai szakgy\u00f3gytorn\u00e1sz szakir\u00e1ny\u00fa tov\u00e1bbk\u00e9pz\u00e9s vezet\u0151je<\/em><br \/>\nVarga D\u00f3ra<\/p>\n<p><strong>LOGOP\u00c9DUS<\/strong><br \/>\nAntal Orsolya<br \/>\nPalotai G\u00e1born\u00e9<br \/>\nSzab\u00f3 Edina<\/p>\n<p><strong><strong>INT\u00c9ZETVEZET\u0150 F\u0150N\u0150V\u00c9R<\/strong><br \/>\n<\/strong>Hradeczky Katalin<\/p>\n<p><strong><a href=\"https:\/\/semmelweis.hu\/neurologia\/munkatarsak\/professzori-titkarsag\/\">PROFESSZORI TITK\u00c1RS\u00c1G<\/a><br \/>\n<\/strong>Cs\u00f6rgei-Kov\u00e1cs Andrea<br \/>\nJakubecz Alexandra (PhD \u00fcgyint\u00e9z\u00e9s)<br \/>\nT\u00f3th M\u00e1ria<\/p>\n<p><strong>VEZET\u0150 GAZDAS\u00c1GI KOORDIN\u00c1TOR<br \/>\n<\/strong>Sv\u00e9ger \u00c1d\u00e1m<\/p>\n<p><strong>GAZDAS\u00c1GI \u00dcGYINT\u00c9Z\u0150<\/strong><br \/>\nKorozm\u00e1n Ildik\u00f3<br \/>\n<span data-olk-copy-source=\"MessageBody\">Nagyp\u00e1ln\u00e9 Ker\u00e9kgy\u00e1rt\u00f3 Ibolya<\/span><br \/>\nSzanyi Brigitta<\/p>\n<p><strong>KLINIKAI INFORMATIKUS<\/strong><br \/>\nDe\u00e1k S\u00e1ndor<em>\u00a0 \u00a0 \u00a0 \u00a0 \u00a0 \u00a0 \u00a0 \u00a0 \u00a0 \u00a0 \u00a0 \u00a0 \u00a0 \u00a0 \u00a0 \u00a0 \u00a0 \u00a0 \u00a0 \u00a0 \u00a0 \u00a0 \u00a0 \u00a0 \u00a0 \u00a0<\/em><\/p>\n","protected":false},"excerpt":{"rendered":"<p>IGAZGAT\u00d3 <a href=\"https:\/\/semmelweis.hu\/neurologia\/dr-bereczki-daniel\/\">Dr. Bereczki D\u00e1niel <\/a> egyetemi tan\u00e1r EGYETEMI TAN\u00c1R <a href=\"https:\/\/semmelweis.hu\/neurologia\/dr-aranyi-zsuzsanna-phd\/\">Dr. Ar\u00e1nyi Zsuzsanna<\/a> \u00a0 Dr. Kamondi Anita <a href=\"https:\/\/semmelweis.hu\/neurologia\/dr-kovacs-tibor\/\">Dr. Kov\u00e1cs Tibor<\/a> \u00a0int\u00e9zetigazgat\u00f3 helyettes, neuropszichol\u00f3giai k\u00e9pz\u00e9s tanulm\u00e1nyi felel\u0151se, neuropatol\u00f3giai k\u00e9pz\u00e9s felel\u0151se EGYETEMI DOCENS <a href=\"https:\/\/semmelweis.hu\/neurologia\/dr-simo-magdolna-phd\/\">Dr. Sim\u00f3 Magdolna<\/a> <a href=\"https:\/\/semmelweis.hu\/neurologia\/dr-tamas-gertrud-phd\/\">Dr. Tam\u00e1s Gertr\u00fad<\/a> tanulm\u00e1nyi felel\u0151s, FOK IV. \u00e9v magyar, angol, n\u00e9met <a href=\"https:\/\/semmelweis.hu\/neurologia\/dr-vastagh-ildiko-phd\/\">Dr. Vastagh Ildik\u00f3\u00a0<\/a> EGYETEMI ADJUNKTUS Dr. Csillik Anita <a href=\"https:\/\/semmelweis.hu\/neurologia\/dr-debreczeni-robert\/\">Dr. Debreczeni R\u00f3bert<\/a> tanulm\u00e1nyi felel\u0151s, \u00c1OK angol V-VI.\u00e9v <a href=\"https:\/\/semmelweis.hu\/neurologia\/dr-farkas-zsuzsanna-phd\/\">Dr. Farkas Zsuzsanna<\/a> <a href=\"https:\/\/semmelweis.hu\/neurologia\/dr-gunda-bence\/\">Dr. Gunda Bence<\/a> Dr. Iljicsov Anna Dr. Mezei Zsolt tanulm\u00e1nyi felel\u0151s, \u00c1OK VI. \u00e9v magyar <a href=\"https:\/\/semmelweis.hu\/neurologia\/dr-sipos-ildiko-phd\/\" target=\"_blank\" rel=\"noopener noreferrer\">Dr. Sipos Ildik\u00f3<\/a> \u00a0 EGYETEMI TAN\u00c1RSEG\u00c9D Dr. Farsang &hellip;<\/p>\n","protected":false},"author":101234,"featured_media":0,"parent":0,"menu_order":7,"comment_status":"closed","ping_status":"closed","template":"","meta":{"_acf_changed":false,"footnotes":""},"categories":[],"tags":[],"class_list":["post-57","page","type-page","status-publish","hentry"],"acf":[],"_links":{"self":[{"href":"https:\/\/semmelweis.hu\/neurologia\/wp-json\/wp\/v2\/pages\/57","targetHints":{"allow":["GET"]}}],"collection":[{"href":"https:\/\/semmelweis.hu\/neurologia\/wp-json\/wp\/v2\/pages"}],"about":[{"href":"https:\/\/semmelweis.hu\/neurologia\/wp-json\/wp\/v2\/types\/page"}],"author":[{"embeddable":true,"href":"https:\/\/semmelweis.hu\/neurologia\/wp-json\/wp\/v2\/users\/101234"}],"replies":[{"embeddable":true,"href":"https:\/\/semmelweis.hu\/neurologia\/wp-json\/wp\/v2\/comments?post=57"}],"version-history":[{"count":12,"href":"https:\/\/semmelweis.hu\/neurologia\/wp-json\/wp\/v2\/pages\/57\/revisions"}],"predecessor-version":[{"id":1744,"href":"https:\/\/semmelweis.hu\/neurologia\/wp-json\/wp\/v2\/pages\/57\/revisions\/1744"}],"wp:attachment":[{"href":"https:\/\/semmelweis.hu\/neurologia\/wp-json\/wp\/v2\/media?parent=57"}],"wp:term":[{"taxonomy":"category","embeddable":true,"href":"https:\/\/semmelweis.hu\/neurologia\/wp-json\/wp\/v2\/categories?post=57"},{"taxonomy":"post_tag","embeddable":true,"href":"https:\/\/semmelweis.hu\/neurologia\/wp-json\/wp\/v2\/tags?post=57"}],"curies":[{"name":"wp","href":"https:\/\/api.w.org\/{rel}","templated":true}]}}