{"id":38,"date":"2012-05-16T18:27:46","date_gmt":"2012-05-16T16:27:46","guid":{"rendered":"http:\/\/semmelweis-egyetem.hu\/neurologia\/?page_id=38"},"modified":"2018-11-26T12:22:54","modified_gmt":"2018-11-26T11:22:54","slug":"oktatas","status":"publish","type":"page","link":"https:\/\/semmelweis.hu\/neurologia\/oktatas\/","title":{"rendered":"Oktat\u00e1s"},"content":{"rendered":"<p>A Neurol\u00f3giai Klinika a Semmelweis Egyetem egyetlen gradu\u00e1lis \u00e9s posztgradu\u00e1lis neurol\u00f3giai k\u00e9pz\u00e9st ny\u00fajt\u00f3 int\u00e9zete. A klinik\u00e1n \u00e9vente kb. 1000 V. \u00e9s VI. \u00e9ves \u00c1OK magyar, angol \u00e9s n\u00e9met nyelv\u0171 hallgat\u00f3 valamint FOK IV. \u00e9ves magyar, angol, n\u00e9met nyelv\u0171 hallgat\u00f3 gradu\u00e1lis neurol\u00f3giai oktat\u00e1sa folyik.<\/p>\n<p>A magyar \u00e9s angol nyelv\u0171 \u00e9vfolyamok sz\u00e1m\u00e1ra, az \u00f6t\u00f6d\u00e9ven a teljes \u00e9vfolyam sz\u00e1m\u00e1ra a neurol\u00f3giai oktat\u00e1s 1997-t\u0151l, illetve 1998-t\u00f3l egy\u00e9ves, a n\u00e9met \u00e9vfolyam oktat\u00e1sa 2001-t\u0151l szint\u00e9n k\u00e9t szemeszteres rendszerben folyik. Neurol\u00f3gi\u00e1b\u00f3l \u00e9vente 10\u201315 szakdolgozat \u00e9s n\u00e9h\u00e1ny rektori p\u00e1ly\u00e1zat k\u00e9sz\u00fcl.<\/p>\n<p>A klinika ir\u00e1ny\u00edtja a Semmelweis Egyetem r\u00e9gi\u00f3j\u00e1ban a rezidensk\u00e9pz\u00e9st (\u00e9vente 15\u201320 bel\u00e9p\u0151 orvos). \u00c9vi 8\u201310 szakorvosjel\u00f6lt vesz r\u00e9szt gyakorlati k\u00e9pz\u00e9sben a klinik\u00e1n 4\u20136 h\u00f3napon kereszt\u00fcl. A klinika neurol\u00f3gusok sz\u00e1m\u00e1ra rendszeresen szervez tov\u00e1bbk\u00e9pz\u0151 tanfolyamokat. A klinika \u00f6n\u00e1ll\u00f3 PhD programj\u00e1val 2000- ben csatlakozott az egyetemi dok-tork\u00e9pz\u00e9shez. A program c\u00edme: \u201eKlinikai neurol\u00f3giai kutat\u00e1sok\u201d.<\/p>\n<ul>\n<li><a href=\"https:\/\/semmelweis.hu\/neurologia\/a-neurologiai-klinika-konyvtara\/\">A Neurol\u00f3giai Klinika K\u00f6nyvt\u00e1ra<\/a><\/li>\n<li><a href=\"http:\/\/itc.semmelweis-univ.hu\">&#8222;Unik\u00e1lis patol\u00f3giai prepar\u00e1tumok 4 dimenzi\u00f3s megjelen\u00edt\u00e9se, \u00e9s interakt\u00edv tananyagok fejleszt\u00e9se&#8221;- oktat\u00e1si tananyag<\/a><\/li>\n<li>A regisztr\u00e1ci\u00f3r\u00f3l \u00e9s a fel\u00fclet haszn\u00e1lat\u00e1r\u00f3l az <a href=\"http:\/\/itc.semmelweis-univ.hu\/moodle\/\">e-learning tananyag nyit\u00f3 oldal\u00e1n <\/a>t\u00e1j\u00e9koz\u00f3dhatnak.<\/li>\n<\/ul>\n","protected":false},"excerpt":{"rendered":"<p>A Neurol\u00f3giai Klinika a Semmelweis Egyetem egyetlen gradu\u00e1lis \u00e9s posztgradu\u00e1lis neurol\u00f3giai k\u00e9pz\u00e9st ny\u00fajt\u00f3 int\u00e9zete. A klinik\u00e1n \u00e9vente kb. 1000 V. \u00e9s VI. \u00e9ves \u00c1OK magyar, angol \u00e9s n\u00e9met nyelv\u0171 hallgat\u00f3 valamint FOK IV. \u00e9ves magyar, angol, n\u00e9met nyelv\u0171 hallgat\u00f3 gradu\u00e1lis neurol\u00f3giai oktat\u00e1sa folyik. A magyar \u00e9s angol nyelv\u0171 \u00e9vfolyamok sz\u00e1m\u00e1ra, az \u00f6t\u00f6d\u00e9ven a teljes \u00e9vfolyam &hellip;<\/p>\n","protected":false},"author":80,"featured_media":0,"parent":0,"menu_order":2,"comment_status":"open","ping_status":"closed","template":"","meta":{"_acf_changed":false,"footnotes":""},"categories":[],"tags":[],"class_list":["post-38","page","type-page","status-publish","hentry"],"acf":[],"_links":{"self":[{"href":"https:\/\/semmelweis.hu\/neurologia\/wp-json\/wp\/v2\/pages\/38","targetHints":{"allow":["GET"]}}],"collection":[{"href":"https:\/\/semmelweis.hu\/neurologia\/wp-json\/wp\/v2\/pages"}],"about":[{"href":"https:\/\/semmelweis.hu\/neurologia\/wp-json\/wp\/v2\/types\/page"}],"author":[{"embeddable":true,"href":"https:\/\/semmelweis.hu\/neurologia\/wp-json\/wp\/v2\/users\/80"}],"replies":[{"embeddable":true,"href":"https:\/\/semmelweis.hu\/neurologia\/wp-json\/wp\/v2\/comments?post=38"}],"version-history":[{"count":6,"href":"https:\/\/semmelweis.hu\/neurologia\/wp-json\/wp\/v2\/pages\/38\/revisions"}],"predecessor-version":[{"id":820,"href":"https:\/\/semmelweis.hu\/neurologia\/wp-json\/wp\/v2\/pages\/38\/revisions\/820"}],"wp:attachment":[{"href":"https:\/\/semmelweis.hu\/neurologia\/wp-json\/wp\/v2\/media?parent=38"}],"wp:term":[{"taxonomy":"category","embeddable":true,"href":"https:\/\/semmelweis.hu\/neurologia\/wp-json\/wp\/v2\/categories?post=38"},{"taxonomy":"post_tag","embeddable":true,"href":"https:\/\/semmelweis.hu\/neurologia\/wp-json\/wp\/v2\/tags?post=38"}],"curies":[{"name":"wp","href":"https:\/\/api.w.org\/{rel}","templated":true}]}}