{"id":345,"date":"2014-01-22T14:26:55","date_gmt":"2014-01-22T14:26:55","guid":{"rendered":"http:\/\/semmelweis.hu\/neurologia\/?page_id=345"},"modified":"2026-03-19T09:20:47","modified_gmt":"2026-03-19T08:20:47","slug":"professzori-titkarsag","status":"publish","type":"page","link":"https:\/\/semmelweis.hu\/neurologia\/munkatarsak\/professzori-titkarsag\/","title":{"rendered":"Professzori Titk\u00e1rs\u00e1g"},"content":{"rendered":"<p><strong>Munkat\u00e1rsak:<\/strong><\/p>\n<p>Cs\u00f6rgei-Kov\u00e1cs Andrea (tanulm\u00e1nyi \u00fcgyint\u00e9z\u0151)\u00a0 \u00a0 \u00a0 \u00a0<br \/>\ncsorgei-kovacs.andrea@semmelweis.hu<\/p>\n<p>Jakubecz Alexandra (PhD \u00fcgyint\u00e9z\u00e9s)\u00a0 <br \/>\noszi.alexandra@semmelweis.hu<\/p>\n<p>T\u00f3th M\u00e1ria (szakk\u00e9pz\u00e9si \u00fcgyint\u00e9z\u0151)<br \/>\ntoth.maria3@semmelweis.hu<\/p>\n<p>Telefon: Mell\u00e9k: 06-1-210-0330\/\u00a0 51191, 51171<br \/>\nE-mail: <span data-olk-copy-source=\"MessageBody\">titkarsag.neurologia [kukac] semmelweis.hu<\/span><\/p>\n","protected":false},"excerpt":{"rendered":"<p>Munkat\u00e1rsak:<br \/>\nCs\u00f6rgei-Kov\u00e1cs Andrea (tanulm\u00e1nyi \u00fcgyint\u00e9z\u0151)\u00a0 \u00a0 \u00a0 \u00a0<br \/>\ncsorgei-kovacs.andrea@semmelweis.hu<br \/>\nJakubecz Alexandra (PhD \u00fcgyint\u00e9z\u00e9s)\u00a0<br \/>\noszi.alexandra@semmelweis.hu<br \/>\nT\u00f3th M\u00e1ria (szakk\u00e9pz\u00e9si \u00fcgyint\u00e9z\u0151)<br \/>\ntoth.maria3@semmelweis.hu<br \/>\nTelefon: Mell\u00e9k: 06-1-210-0330\/\u00a0 51191, 51171<br \/>\nE-mail: titkarsag.neurologia [kukac] semmelweis.hu<\/p>\n","protected":false},"author":80,"featured_media":0,"parent":57,"menu_order":0,"comment_status":"closed","ping_status":"closed","template":"","meta":{"_acf_changed":false,"footnotes":""},"categories":[],"tags":[],"class_list":["post-345","page","type-page","status-publish","hentry"],"acf":[],"_links":{"self":[{"href":"https:\/\/semmelweis.hu\/neurologia\/wp-json\/wp\/v2\/pages\/345","targetHints":{"allow":["GET"]}}],"collection":[{"href":"https:\/\/semmelweis.hu\/neurologia\/wp-json\/wp\/v2\/pages"}],"about":[{"href":"https:\/\/semmelweis.hu\/neurologia\/wp-json\/wp\/v2\/types\/page"}],"author":[{"embeddable":true,"href":"https:\/\/semmelweis.hu\/neurologia\/wp-json\/wp\/v2\/users\/80"}],"replies":[{"embeddable":true,"href":"https:\/\/semmelweis.hu\/neurologia\/wp-json\/wp\/v2\/comments?post=345"}],"version-history":[{"count":12,"href":"https:\/\/semmelweis.hu\/neurologia\/wp-json\/wp\/v2\/pages\/345\/revisions"}],"predecessor-version":[{"id":1743,"href":"https:\/\/semmelweis.hu\/neurologia\/wp-json\/wp\/v2\/pages\/345\/revisions\/1743"}],"up":[{"embeddable":true,"href":"https:\/\/semmelweis.hu\/neurologia\/wp-json\/wp\/v2\/pages\/57"}],"wp:attachment":[{"href":"https:\/\/semmelweis.hu\/neurologia\/wp-json\/wp\/v2\/media?parent=345"}],"wp:term":[{"taxonomy":"category","embeddable":true,"href":"https:\/\/semmelweis.hu\/neurologia\/wp-json\/wp\/v2\/categories?post=345"},{"taxonomy":"post_tag","embeddable":true,"href":"https:\/\/semmelweis.hu\/neurologia\/wp-json\/wp\/v2\/tags?post=345"}],"curies":[{"name":"wp","href":"https:\/\/api.w.org\/{rel}","templated":true}]}}

Professzori Titkárság

<p><strong>Munkatársak:</strong></p>
<p>Csörgei-Kovács Andrea (tanulmányi ügyintéző)       <br />
csorgei-kovacs.andrea@semmelweis.hu</p>
<p>Jakubecz Alexandra (PhD ügyintézés)  <br />
oszi.alexandra@semmelweis.hu</p>
<p>Tóth Mária (szakképzési ügyintéző)<br />
toth.maria3@semmelweis.hu</p>
<p>Telefon: Mellék: 06-1-210-0330/  51191, 51171<br />
E-mail: <span data-olk-copy-source="MessageBody">titkarsag.neurologia [kukac] semmelweis.hu</span></p>

<p>Munkatársak:<br />
Csörgei-Kovács Andrea (tanulmányi ügyintéző)       <br />
csorgei-kovacs.andrea@semmelweis.hu<br />
Jakubecz Alexandra (PhD ügyintézés) <br />
oszi.alexandra@semmelweis.hu<br />
Tóth Mária (szakképzési ügyintéző)<br />
toth.maria3@semmelweis.hu<br />
Telefon: Mellék: 06-1-210-0330/  51191, 51171<br />
E-mail: titkarsag.neurologia [kukac] semmelweis.hu</p>
