{"id":121,"date":"2012-09-01T16:10:05","date_gmt":"2012-09-01T16:10:05","guid":{"rendered":"http:\/\/semmelweis-egyetem.hu\/neurologia\/?page_id=121"},"modified":"2020-09-21T14:52:05","modified_gmt":"2020-09-21T12:52:05","slug":"dr-papp-matyas","status":"publish","type":"page","link":"https:\/\/semmelweis.hu\/neurologia\/dr-papp-matyas\/","title":{"rendered":"Dr. Papp M\u00e1ty\u00e1s M.D.  PhD. D.Sc."},"content":{"rendered":"<p><a href=\"https:\/\/semmelweis.hu\/neurologia\/betegellatas\/diagnosztikai-laboratoriumok\/schaffer-karoly-neuropatologiai-laboratorium\/\">Schaffer K\u00e1roly Neuropatol\u00f3giai Laborat\u00f3rium<\/a><\/p>\n<p><strong>\u00d6n\u00e9letrajz<\/strong><\/p>\n<p><span style=\"font-size: medium\">Beoszt\u00e1s: Professzor emeritus<\/span><span style=\"font-size: medium\">\u00a0<\/span><\/p>\n<p><span style=\"font-size: medium\">Sz\u00fclet\u00e9si hely, id\u0151: \u00a0 Vajd\u00e1cska\u00a0 1927<\/span><\/p>\n<p><span style=\"font-size: medium\">Orvosegyetemek: \u00a0\u00a0\u00a0\u00a0 Budapesti Orvostudom\u00e1nyi Egyetem, <\/span><\/p>\n<p><span style=\"font-size: medium\">\u00a0Leningr\u00e1di Pavlov\u00a0 Orvosegyetem<\/span><\/p>\n<p><span style=\"font-size: medium\">\u00a0<\/span><\/p>\n<p><span style=\"font-size: medium\">V\u00e9gzetts\u00e9g:\u00a0\u00a0\u00a0\u00a0\u00a0\u00a0\u00a0\u00a0\u00a0\u00a0\u00a0\u00a0\u00a0\u00a0\u00a0 \u00c1ltal\u00e1nos orvos 1955<\/span><\/p>\n<p><span style=\"font-size: medium\">Nyelvismeret: \u00a0\u00a0\u00a0\u00a0\u00a0\u00a0\u00a0\u00a0\u00a0\u00a0\u00a0 Angol, orosz<\/span><\/p>\n<p><span style=\"font-size: medium\">\u00a0<\/span><\/p>\n<p><span style=\"font-size: medium\">Szakorvosi vizsg\u00e1k:\u00a0\u00a0\u00a0\u00a0\u00a0\u00a0\u00a0\u00a0\u00a0\u00a0\u00a0\u00a0\u00a0\u00a0\u00a0\u00a0\u00a0\u00a0\u00a0\u00a0\u00a0\u00a0\u00a0\u00a0\u00a0\u00a0\u00a0\u00a0\u00a0\u00a0\u00a0\u00a0\u00a0\u00a0\u00a0\u00a0\u00a0\u00a0\u00a0\u00a0\u00a0 <\/span><\/p>\n<p><span style=\"font-size: medium\">\u00a0\u00a0\u00a0\u00a0\u00a0\u00a0\u00a0\u00a0\u00a0\u00a0\u00a0\u00a0\u00a0\u00a0\u00a0\u00a0\u00a0\u00a0\u00a0\u00a0\u00a0\u00a0\u00a0\u00a0\u00a0\u00a0\u00a0\u00a0\u00a0\u00a0\u00a0\u00a0\u00a0\u00a0\u00a0 Neurol\u00f3gia \u00a0\u00a0\u00a0\u00a0\u00a0\u00a0\u00a0\u00a0\u00a0\u00a0\u00a0\u00a0\u00a0\u00a0\u00a0 1960<\/span><\/p>\n<p><span style=\"font-size: medium\">\u00a0\u00a0\u00a0\u00a0\u00a0\u00a0\u00a0\u00a0\u00a0\u00a0\u00a0\u00a0\u00a0\u00a0\u00a0\u00a0\u00a0\u00a0\u00a0\u00a0\u00a0\u00a0\u00a0\u00a0\u00a0\u00a0\u00a0\u00a0\u00a0\u00a0\u00a0\u00a0\u00a0\u00a0\u00a0 Pszichi\u00e1tria \u00a0\u00a0\u00a0\u00a0\u00a0\u00a0\u00a0\u00a0\u00a0\u00a0\u00a0\u00a0\u00a0\u00a0 1974<\/span><\/p>\n<p><span style=\"font-size: medium\">\u00a0\u00a0\u00a0\u00a0\u00a0\u00a0\u00a0\u00a0\u00a0\u00a0\u00a0\u00a0\u00a0\u00a0\u00a0\u00a0\u00a0\u00a0\u00a0\u00a0\u00a0\u00a0\u00a0\u00a0\u00a0\u00a0\u00a0\u00a0\u00a0\u00a0\u00a0\u00a0\u00a0\u00a0\u00a0 Neuropatol\u00f3gia \u00a0\u00a0\u00a0\u00a0\u00a0\u00a0\u00a0\u00a0 1991<\/span><\/p>\n<p><span style=\"font-size: medium\">\u00a0<\/span><\/p>\n<p><span style=\"font-size: medium\">Munkahelyek \u00e9s\u00a0 megb\u00edzat\u00e1sok:<\/span><\/p>\n<p><span style=\"font-size: medium\">1955 \u2013 57 Budapesti\u00a0 Orvostudom\u00e1nyi Egyetem <\/span><\/p>\n<p><span style=\"font-size: medium\">Ideg-elme K\u00f3rtani Klinika<\/span><\/p>\n<p><span style=\"font-size: medium\">1957-t\u0151l Semmelweis\u00a0 Egyetem (ill. jogel\u0151djei) Neurol\u00f3giai Klinika <\/span><\/p>\n<p><span style=\"font-size: medium\">\u00a0\u00a0\u00a0\u00a0\u00a0\u00a0\u00a0\u00a0\u00a0\u00a0\u00a0\u00a0\u00a0\u00a0\u00a0\u00a0\u00a0\u00a0\u00a0\u00a0\u00a0\u00a0\u00a0\u00a0\u00a0\u00a0\u00a0\u00a0\u00a0\u00a0\u00a0\u00a0\u00a0\u00a0\u00a0 1957 Klinikai orvos, klinikai tan\u00e1rseg\u00e9d <\/span><\/p>\n<p><span style=\"font-size: medium\">\u00a0\u00a0\u00a0\u00a0\u00a0\u00a0\u00a0\u00a0\u00a0\u00a0\u00a0\u00a0\u00a0\u00a0\u00a0\u00a0\u00a0\u00a0\u00a0\u00a0\u00a0\u00a0\u00a0\u00a0\u00a0\u00a0\u00a0\u00a0\u00a0\u00a0\u00a0\u00a0\u00a0\u00a0\u00a0 1966 Egyetemi adjunktus <\/span><\/p>\n<p><span style=\"font-size: medium\">\u00a0\u00a0\u00a0\u00a0\u00a0\u00a0\u00a0\u00a0\u00a0\u00a0\u00a0\u00a0\u00a0\u00a0\u00a0\u00a0\u00a0\u00a0\u00a0\u00a0\u00a0\u00a0\u00a0\u00a0\u00a0\u00a0\u00a0\u00a0\u00a0\u00a0\u00a0\u00a0\u00a0\u00a0\u00a0 1976 Egyetemi docens <\/span><\/p>\n<p><span style=\"font-size: medium\">\u00a0\u00a0\u00a0\u00a0\u00a0\u00a0\u00a0\u00a0\u00a0\u00a0\u00a0\u00a0\u00a0\u00a0\u00a0\u00a0\u00a0\u00a0\u00a0\u00a0\u00a0\u00a0\u00a0\u00a0\u00a0\u00a0\u00a0\u00a0\u00a0\u00a0\u00a0\u00a0\u00a0\u00a0\u00a0 1985 &#8211; 2003 Egyetemi tan\u00e1r <\/span><\/p>\n<p><span style=\"font-size: medium\">1992 12. 01-t\u0151l 1993 06.\u00a0 30-ig a Neurol\u00f3gai Klinika ideiglenesen<\/span><\/p>\n<p><span style=\"font-size: medium\">\u00a0\u00a0\u00a0\u00a0\u00a0\u00a0\u00a0\u00a0\u00a0\u00a0\u00a0\u00a0 megb\u00edzott igazgat\u00f3ja <\/span><\/p>\n<p><span style=\"font-size: medium\">\u00a0\u00a0\u00a0\u00a0\u00a0\u00a0\u00a0\u00a0\u00a0\u00a0\u00a0\u00a0\u00a0\u00a0\u00a0\u00a0\u00a0\u00a0\u00a0\u00a0\u00a0\u00a0\u00a0\u00a0\u00a0\u00a0\u00a0\u00a0\u00a0\u00a0\u00a0\u00a0\u00a0\u00a0\u00a0 1997 \u2013t\u0151l tudom\u00e1nyos szaktan\u00e1csad\u00f3<\/span><\/p>\n<p><span style=\"font-size: medium\">\u00a0\u00a0\u00a0\u00a0\u00a0\u00a0\u00a0\u00a0\u00a0\u00a0\u00a0\u00a0\u00a0\u00a0\u00a0\u00a0\u00a0\u00a0\u00a0\u00a0\u00a0\u00a0\u00a0\u00a0\u00a0\u00a0\u00a0\u00a0\u00a0\u00a0\u00a0\u00a0\u00a0\u00a0\u00a0 2003 \u2013 t\u00f3l Professor emeritus 2003<\/span><\/p>\n<p><span style=\"font-size: medium\">\u00a0<\/span><\/p>\n<p><span style=\"font-size: medium\">Hosszabb tanulm\u00e1ny\u00fat:\u00a0 <\/span><\/p>\n<p><span style=\"font-size: medium\">1981 \u2013 1982\u00a0 Department of Neuropathology, Institute\u00a0 of Psychiatry, London,<\/span><\/p>\n<p><span style=\"font-size: medium\">\u00a0\u00a0\u00a0\u00a0\u00a0\u00a0\u00a0\u00a0\u00a0\u00a0\u00a0\u00a0\u00a0\u00a0\u00a0\u00a0\u00a0\u00a0\u00a0\u00a0\u00a0\u00a0\u00a0\u00a0 \u00a0 \u00a0\u00a0\u00a0\u00a0\u00a0\u00a0\u00a0\u00a0\u00a0\u00a0 <\/span><\/p>\n<p><span style=\"font-size: medium\">Tudom\u00e1nyos fokozatok:\u00a0\u00a0\u00a0\u00a0\u00a0 Orvostudom\u00e1ny\u00a0 kandid\u00e1tusa\u00a0\u00a0\u00a0\u00a0\u00a0\u00a0\u00a0\u00a0\u00a0\u00a0\u00a0\u00a0\u00a0\u00a0\u00a0\u00a0\u00a0\u00a0\u00a0\u00a0\u00a0\u00a0\u00a0\u00a0\u00a0\u00a0\u00a0\u00a0\u00a0\u00a0\u00a0\u00a0\u00a0 1974<\/span><\/p>\n<p><span style=\"font-size: medium\">\u00a0\u00a0\u00a0\u00a0\u00a0\u00a0\u00a0\u00a0\u00a0\u00a0\u00a0\u00a0\u00a0\u00a0\u00a0\u00a0\u00a0\u00a0\u00a0\u00a0\u00a0\u00a0\u00a0\u00a0\u00a0\u00a0\u00a0\u00a0\u00a0\u00a0\u00a0\u00a0\u00a0\u00a0\u00a0\u00a0\u00a0\u00a0\u00a0\u00a0\u00a0\u00a0\u00a0\u00a0\u00a0\u00a0\u00a0 MTA doktora\u00a0\u00a0\u00a0\u00a0\u00a0\u00a0\u00a0\u00a0\u00a0\u00a0\u00a0\u00a0\u00a0\u00a0\u00a0\u00a0\u00a0\u00a0\u00a0\u00a0\u00a0\u00a0\u00a0\u00a0\u00a0 \u00a0\u00a0\u00a0\u00a0\u00a0\u00a0\u00a0\u00a0\u00a0\u00a0\u00a0\u00a0\u00a0\u00a0\u00a0\u00a0\u00a0\u00a0\u00a0\u00a0\u00a0\u00a0\u00a0\u00a0 \u00a0\u00a0\u00a0\u00a0\u00a0\u00a0\u00a0\u00a0\u00a0\u00a0\u00a0\u00a0 1993<\/span><\/p>\n<p><span style=\"font-size: medium\">\u00a0<\/span><\/p>\n<p><span style=\"font-size: medium\">T\u00e1rsas\u00e1gi\u00a0 tags\u00e1g:<\/span><\/p>\n<p><span style=\"font-size: medium\">\u00a0\u00a0\u00a0\u00a0\u00a0\u00a0\u00a0\u00a0\u00a0\u00a0\u00a0\u00a0\u00a0\u00a0\u00a0\u00a0\u00a0\u00a0\u00a0\u00a0\u00a0\u00a0\u00a0\u00a0\u00a0\u00a0\u00a0\u00a0\u00a0\u00a0\u00a0\u00a0\u00a0\u00a0\u00a0 Nagyar Ideg-Elmeorvosok T\u00e1rsas\u00e1ga<\/span><\/p>\n<p><span style=\"font-size: medium\">\u00a0\u00a0\u00a0\u00a0\u00a0\u00a0\u00a0\u00a0\u00a0\u00a0\u00a0\u00a0\u00a0\u00a0\u00a0\u00a0\u00a0\u00a0\u00a0\u00a0\u00a0\u00a0\u00a0\u00a0\u00a0\u00a0\u00a0\u00a0\u00a0\u00a0\u00a0\u00a0\u00a0\u00a0\u00a0 Magyar Tudom\u00e1nyos Parkinson T\u00e1rsas\u00e1g<\/span><\/p>\n<p><span style=\"font-size: medium\">\u00a0\u00a0\u00a0\u00a0\u00a0\u00a0\u00a0\u00a0\u00a0\u00a0\u00a0\u00a0\u00a0\u00a0\u00a0\u00a0\u00a0\u00a0\u00a0\u00a0\u00a0\u00a0\u00a0\u00a0\u00a0\u00a0\u00a0\u00a0\u00a0\u00a0\u00a0\u00a0\u00a0\u00a0\u00a0\u00a0Hor\u00e1nyi B\u00e9la T\u00e1rsas\u00e1g<\/span><\/p>\n<p><span style=\"font-size: medium\">\u00a0\u00a0\u00a0\u00a0\u00a0\u00a0\u00a0\u00a0\u00a0\u00a0\u00a0\u00a0\u00a0\u00a0\u00a0\u00a0\u00a0\u00a0\u00a0\u00a0\u00a0\u00a0\u00a0\u00a0\u00a0\u00a0\u00a0\u00a0\u00a0\u00a0\u00a0\u00a0\u00a0\u00a0\u00a0 Kor\u00e1nyi S\u00e1ndor T\u00e1rsas\u00e1g<\/span><\/p>\n<p><span style=\"font-size: medium\">Magyar Neuropatol\u00f3giai\u00a0 T\u00e1rsas\u00e1g tiszteletbeli tag<\/span><\/p>\n<p><span style=\"font-size: medium\">Nemzetk\u00f6zi Neuropatol\u00f3giai\u00a0 T\u00e1rsas\u00e1g <\/span><\/p>\n<p><span style=\"font-size: medium\">(International Society of Neuropathology) <\/span><\/p>\n<p><span style=\"font-size: medium\">tiszteletbeli tagja\u00a0 <\/span><\/p>\n<p><span style=\"font-size: medium\">Elismer\u00e9sek:\u00a0\u00a0\u00a0\u00a0\u00a0\u00a0\u00a0\u00a0\u00a0\u00a0\u00a0\u00a0\u00a0 <\/span><\/p>\n<p><span style=\"font-size: medium\">Minisztertan\u00e1cs: Kiv\u00e1l\u00f3 Munk\u00e1\u00e9rt\u00a0\u00a0\u00a0\u00a0\u00a0\u00a0\u00a0\u00a0\u00a0\u00a0\u00a0\u00a0\u00a0\u00a0\u00a0\u00a0\u00a0\u00a0\u00a0\u00a0\u00a0\u00a0\u00a0\u00a0\u00a0\u00a0 \u00a0\u00a0\u00a0\u00a0\u00a0\u00a0\u00a0\u00a0\u00a0\u00a0\u00a0\u00a0\u00a0\u00a0\u00a0\u00a0\u00a0\u00a0\u00a0\u00a0\u00a0\u00a0\u00a0\u00a0\u00a0\u00a0\u00a0\u00a0\u00a0\u00a0\u00a0\u00a0\u00a0\u00a0\u00a0\u00a0\u00a0\u00a0\u00a0\u00a0\u00a0\u00a0\u00a0\u00a0\u00a0\u00a0\u00a0\u00a0\u00a0 \u00a01980<\/span><\/p>\n<p><span style=\"font-size: medium\">Scahaffer K\u00e1roly\u00a0 eml\u00e9k\u00e9rem\u00a0\u00a0\u00a0\u00a0\u00a0\u00a0\u00a0\u00a0\u00a0\u00a0\u00a0\u00a0\u00a0\u00a0\u00a0\u00a0\u00a0\u00a0\u00a0\u00a0\u00a0\u00a0\u00a0\u00a0\u00a0\u00a0\u00a0\u00a0\u00a0\u00a0\u00a0\u00a0\u00a0\u00a0\u00a0\u00a0\u00a0\u00a0\u00a0\u00a0\u00a0\u00a0\u00a0\u00a0\u00a0\u00a0\u00a0\u00a0\u00a0\u00a0\u00a0\u00a0\u00a0\u00a0\u00a0\u00a0\u00a0\u00a0\u00a0\u00a0\u00a0\u00a0\u00a0\u00a0\u00a0\u00a0\u00a0\u00a0\u00a0\u00a0\u00a0\u00a0\u00a0\u00a0\u00a0\u00a0\u00a0\u00a0\u00a0\u00a0\u00a0\u00a0\u00a0\u00a0\u00a0\u00a0\u00a0 1988<\/span><\/p>\n<p><span style=\"font-size: medium\">\u00a0\u00a0\u00a0\u00a0\u00a0\u00a0\u00a0\u00a0\u00a0\u00a0\u00a0\u00a0\u00a0\u00a0\u00a0\u00a0\u00a0\u00a0\u00a0\u00a0\u00a0\u00a0\u00a0\u00a0\u00a0\u00a0\u00a0\u00a0\u00a0\u00a0\u00a0\u00a0\u00a0\u00a0\u00a0 Pro Sanitate\u00a0\u00a0\u00a0\u00a0\u00a0\u00a0\u00a0\u00a0\u00a0\u00a0\u00a0\u00a0\u00a0\u00a0\u00a0\u00a0\u00a0\u00a0\u00a0\u00a0\u00a0\u00a0\u00a0\u00a0\u00a0\u00a0\u00a0\u00a0\u00a0\u00a0\u00a0\u00a0\u00a0\u00a0\u00a0\u00a0\u00a0\u00a0\u00a0\u00a0\u00a0\u00a0\u00a0\u00a0\u00a0\u00a0\u00a0\u00a0\u00a0\u00a0\u00a0\u00a0\u00a0\u00a0\u00a0\u00a0\u00a0\u00a0\u00a0\u00a0\u00a0\u00a0\u00a0\u00a0\u00a0\u00a0\u00a0\u00a0\u00a0\u00a0\u00a0\u00a0\u00a0\u00a0\u00a0\u00a0\u00a0\u00a0\u00a0\u00a0\u00a0\u00a0 1998<\/span><\/p>\n<p><span style=\"font-size: medium\">Nemzetk\u00f6zi Neuropathol\u00f3gai\u00a0 T\u00e1rsas\u00e1g <\/span><\/p>\n<p><span style=\"font-size: medium\">(International\u00a0<\/span><span style=\"font-size: medium\">Society of Neuropathology)\u00a0 elismer\u00e9se <\/span><\/p>\n<p><span style=\"font-size: medium\">a GCI <\/span><span style=\"font-size: medium\">(Papp-Lantos testek) felfedez\u00e9s\u00e9rt\u00a0\u00a0\u00a0\u00a0\u00a0\u00a0\u00a0\u00a0\u00a0\u00a0\u00a0\u00a0\u00a0\u00a0\u00a0\u00a0\u00a0\u00a0\u00a0\u00a0\u00a0\u00a0\u00a0\u00a0\u00a0\u00a0\u00a0\u00a0\u00a0\u00a0\u00a0\u00a0\u00a0\u00a0\u00a0\u00a0\u00a0\u00a0\u00a0\u00a0\u00a0\u00a0\u00a0\u00a0\u00a0\u00a0\u00a0\u00a0\u00a0\u00a0\u00a0\u00a0\u00a0\u00a0\u00a0\u00a0\u00a0\u00a0\u00a0\u00a0\u00a0\u00a0\u00a0\u00a0\u00a0\u00a0\u00a0\u00a02000<\/span><\/p>\n<p><span style=\"font-size: medium\">\u00a0\u00a0\u00a0\u00a0\u00a0\u00a0\u00a0\u00a0\u00a0\u00a0\u00a0\u00a0\u00a0\u00a0\u00a0\u00a0\u00a0\u00a0\u00a0\u00a0\u00a0\u00a0\u00a0\u00a0\u00a0\u00a0\u00a0\u00a0\u00a0\u00a0\u00a0\u00a0\u00a0\u00a0\u00a0 Miniszteri D\u00edszoklev\u00e9l\u00a0\u00a0\u00a0\u00a0\u00a0\u00a0\u00a0\u00a0\u00a0\u00a0\u00a0\u00a0\u00a0\u00a0\u00a0\u00a0\u00a0\u00a0\u00a0\u00a0\u00a0\u00a0\u00a0\u00a0\u00a0\u00a0\u00a0\u00a0\u00a0\u00a0\u00a0\u00a0\u00a0\u00a0\u00a0\u00a0\u00a0\u00a0\u00a0\u00a0\u00a0\u00a0\u00a0\u00a0\u00a0\u00a0\u00a0\u00a0\u00a0\u00a0\u00a0\u00a0\u00a0\u00a0\u00a0\u00a0\u00a0\u00a0\u00a0\u00a0\u00a0\u00a0\u00a0 \u00a02002<\/span><\/p>\n<p><span style=\"font-size: medium\">\u00a0<\/span><\/p>\n<p><span style=\"font-size: medium\">Fontosabb k\u00f6zlem\u00e9nyek:<\/span><\/p>\n<p><span style=\"font-size: medium\"><b>Papp MI,<\/b> Kov\u00e1cs T : Progression of Alzheimer-type neurofibrillary tangles is related to\u00a0 the proximodistal segments pf the hemispheric arteries<i>. Current Alzheimer Research<\/i> 2013,\u00a0 10(8):818-828 <\/span><\/p>\n<p><span style=\"font-size: medium\">Kov\u00e1cs T, Beck JA, <b>Papp\u00a0 MI<\/b>, Lantos PL, Ar\u00e1nyi Z, Szirmai IG, Farsang M, Stuke A, Csillik A, Collinge\u00a0 J. Familial prion disease with a novel 144-bp insertion in the prion protein\u00a0 gene in a Hungarian family<i>. J Neurol\u00a0 Neurosurg Psychiatry<\/i> 2007;78:321-323.<\/span><\/p>\n<p><span style=\"font-size: medium\"><b>Papp MI<\/b>,\u00a0 Komoly S, Szirmai I, Kov\u00e1cs T. Similarities between CSF-brain extracellular\u00a0 transfer and neurofibrillary tangle invasion in Alzheimer\u2019s disease. <i>Neurobiol Aging<\/i><b> <\/b>2006;27:402-412<\/span><\/p>\n<p><span style=\"font-size: medium\">Kov\u00e1cs T, Szirmai I, Papp M. A Binswwanger-betegs\u00e9g\u00a0 t\u00fcnettana, k\u00f3rsz\u00f6vettana \u00e9s elk\u00fcl\u00f6n\u00edt\u00e9se. <i>Clin Neurosci\/Ideggy\u00f3gy Szle<\/i> 2005,\u00a0 58(3-4): 78-87 <\/span><\/p>\n<p><span style=\"font-size: medium\">Kov\u00e1cs T, <b>Papp MI<\/b>, Cairns\u00a0 NJ, Khan NM, Lantos PL. Pathology of the olfactory bulb in multiple system atrophy. <i>Mov Disord <\/i>\u00a02003;18:938-942.<\/span><\/p>\n<p><span style=\"font-size: medium\"><b>Papp M<\/b>I,\u00a0 Kov\u00e1cs T. Multisziszt\u00e9m\u00e1s atrophia: \u00faj k\u00f3rszak kezdete a neurodegenerative\u00a0 betegs\u00e9gek t\u00f6rt\u00e9net\u00e9ben. <i>Clin\u00a0 Neurosci\/Ideggy\u00f3gy Szemle<\/i>, 2005, 59(9-10):308-20<\/span><\/p>\n<p><span style=\"font-size: medium\">Mezey E,\u00a0 Dehejia A, Harta G, <b>Papp MI,<\/b> Polymeropoulos MH, Brownstein MJ. Alpha synuclein in neurodegenerative disorders: Murderer or\u00a0 accomplice? <i>Nature Med<\/i> 1998,\u00a0 4:755-757 <\/span><\/p>\n<p><span style=\"font-size: medium\">Spargo E, <b>Papp\u00a0 MI,<\/b> Lantos PL. Decrease in neuronal density in the cerebral cortex in\u00a0 multiple system atrophy. <i>Eur J Neurol<\/i> 1996, 3:450-456<\/span><\/p>\n<p><span style=\"font-size: medium\"><b>Papp MI,<\/b> Lantos\u00a0 PL. The distribution of oligodendroglial inclusions\u00a0 in multiple system atrophy and its relevance to clinical symptomatology. <i>Brain<\/i> 1994,\u00a0 117:235-243<\/span><\/p>\n<p><span style=\"font-size: medium\">Lantos PL,\u00a0 <b>Papp MI.<\/b> Cellular pathology of\u00a0 multiple system atrophy: a review. <i>J\u00a0 Neurol Neurosurg Psychiatry<\/i> 1994, 57:129-133<\/span><\/p>\n<p><span style=\"font-size: medium\"><b>Papp MI,<\/b> Lantos PL. Accumulation of tubular structures in oligodendroglial and neuronal\u00a0 cells as the basic alteration in multiple system atrophy. <i>J<\/i> <i>Neurol Sci<\/i> 1992, 107:172-182\u00a0 <\/span><\/p>\n<p><span style=\"font-size: medium\">Pungor K, <b>Papp\u00a0 MI,<\/b> K\u00e9kesi K, Juh\u00e1sz G. A novel effect of MPTP: a selective suppression of\u00a0 paradoxical sleep in cats. <i>Brain Res<\/i> 1990, 525:310-314 <\/span><\/p>\n<p><span style=\"font-size: medium\"><b>Papp M<\/b>.\u00a0 Multisziszt\u00e9m\u00e1s atr\u00f3fia szindr\u00f3m\u00e1inak (Parkinson szindr\u00f3ma,\u00a0 olivo-ponto-cerebellaris atr\u00f3fia, Shy-Drager szindr\u00f3ma) nozol\u00f3giai egys\u00e9g\u00e9r\u0151l \u00faj\u00a0 neuropathol\u00f3giai megfigyel\u00e9sek alapj\u00e1n<i>.\u00a0 Ideggy\u00f3gy\u00e1szati Szemle<\/i> 1990, 43(1): 30-42 \u00a0<\/span><\/p>\n<p><span style=\"font-size: medium\">\u00a0<b>Papp\u00a0 MI,<\/b> Kahn\u00a0 JE, Lantos PL. Glial cytoplasmic inclusions in the CNS of patients with multiple\u00a0 system atrophy (striatonigral degeneration, olivopontocerebellar atrophy and\u00a0 Shy-Drager syndrome). <i>J Neurol Sci<\/i> 1989, 94:79-100 <\/span><\/p>\n<p><span style=\"font-size: medium\"><b>Papp MI,<\/b> Komoly S. Filamentous glial cytoplasmic inclusions in the CNS of patients with\u00a0 various combinations of striatonigral degeneration, olivopontocerebellar atrophy\u00a0 and Shy-Drager syndrome. 3<sup>rd<\/sup> European Meeting of Neuropathologists,\u00a0 Verona Sept\u00a0 27-29 1988, In: <i>Clin<\/i> <i>Neuropathol<\/i> 1988, 7:195 (Abstract)\u00a0 <\/span><\/p>\n<p><span style=\"font-size: medium\">Deane BR, <b>Papp\u00a0 MI,<\/b> Lantos PL. The vasculature of experimental brain tumours. Part 3.\u00a0 Permeability studies. <i>J Neurol Sci<\/i> 1984, 65:47-58<\/span><\/p>\n<p><span style=\"font-size: medium\"><b>Papp M.<\/b> Fine structural analysis of the localization of acetylcholinesterase accessible\u00a0 to intraventricular Ambenonium chloride in rabbit brain. <i>Neuroscience<\/i> 1979, 4:825-836\u00a0 <\/span><\/p>\n<p><span style=\"font-size: medium\"><b>Papp M.<\/b> Acetylcholinesterase activity of the human lower brain stem with special regard\u00a0 to the reticular formation. <i>Acta\u00a0 Morphologica Acad Sci<\/i> <i>Hung<\/i> 1968,\u00a0 16:375-390 <\/span><\/p>\n<p><span style=\"font-size: medium\"><b>Papp M,<\/b> Bozsik G. Comparison of the cholinesterase activity in the reticular formation\u00a0 of the lower brain stem of cat and rabbit. <i>J<\/i> <i>Neurochem<\/i> 1966,\u00a0 13:697-703<\/span><\/p>\n<p><span style=\"font-size: medium\">Bozsik G, Hor\u00e1nyi B, <b>Papp M.<\/b> \u00dcber die histochemische Struktur der panencephalitischen Einschlussk\u00f6rperchen.\u00a0 <i>Acta Neuropathol<\/i> 1963,\u00a0 2:362-370<\/span><\/p>\n<p><span style=\"font-size: medium\"><b>Papp\u00a0 M,<\/b> Kir\u00e1ly\u00a0 F. \u00dcber einen Fall von Sclerosis Multiplex in Kombination mit generalisiertem\u00a0 Reticulosarkom. <i>Psychiat Neurol<\/i> 1962,\u00a0 143:197-213<\/span><\/p>\n<p><span style=\"font-size: medium\">\u00a0<\/span><\/p>\n<p><span style=\"font-size: medium\">\u00a0<\/span><\/p>\n<p>&nbsp;<\/p>\n<p>&nbsp;<\/p>\n","protected":false},"excerpt":{"rendered":"<p><a href=\"https:\/\/semmelweis.hu\/neurologia\/betegellatas\/diagnosztikai-laboratoriumok\/schaffer-karoly-neuropatologiai-laboratorium\/\">Schaffer K\u00e1roly Neuropatol\u00f3giai Laborat\u00f3rium<\/a> \u00d6n\u00e9letrajz Beoszt\u00e1s: Professzor emeritus\u00a0 Sz\u00fclet\u00e9si hely, id\u0151: \u00a0 Vajd\u00e1cska\u00a0 1927 Orvosegyetemek: \u00a0\u00a0\u00a0\u00a0 Budapesti Orvostudom\u00e1nyi Egyetem, \u00a0Leningr\u00e1di Pavlov\u00a0 Orvosegyetem \u00a0 V\u00e9gzetts\u00e9g:\u00a0\u00a0\u00a0\u00a0\u00a0\u00a0\u00a0\u00a0\u00a0\u00a0\u00a0\u00a0\u00a0\u00a0\u00a0 \u00c1ltal\u00e1nos orvos 1955 Nyelvismeret: \u00a0\u00a0\u00a0\u00a0\u00a0\u00a0\u00a0\u00a0\u00a0\u00a0\u00a0 Angol, orosz \u00a0 Szakorvosi vizsg\u00e1k:\u00a0\u00a0\u00a0\u00a0\u00a0\u00a0\u00a0\u00a0\u00a0\u00a0\u00a0\u00a0\u00a0\u00a0\u00a0\u00a0\u00a0\u00a0\u00a0\u00a0\u00a0\u00a0\u00a0\u00a0\u00a0\u00a0\u00a0\u00a0\u00a0\u00a0\u00a0\u00a0\u00a0\u00a0\u00a0\u00a0\u00a0\u00a0\u00a0\u00a0\u00a0 \u00a0\u00a0\u00a0\u00a0\u00a0\u00a0\u00a0\u00a0\u00a0\u00a0\u00a0\u00a0\u00a0\u00a0\u00a0\u00a0\u00a0\u00a0\u00a0\u00a0\u00a0\u00a0\u00a0\u00a0\u00a0\u00a0\u00a0\u00a0\u00a0\u00a0\u00a0\u00a0\u00a0\u00a0\u00a0 Neurol\u00f3gia \u00a0\u00a0\u00a0\u00a0\u00a0\u00a0\u00a0\u00a0\u00a0\u00a0\u00a0\u00a0\u00a0\u00a0\u00a0 1960 \u00a0\u00a0\u00a0\u00a0\u00a0\u00a0\u00a0\u00a0\u00a0\u00a0\u00a0\u00a0\u00a0\u00a0\u00a0\u00a0\u00a0\u00a0\u00a0\u00a0\u00a0\u00a0\u00a0\u00a0\u00a0\u00a0\u00a0\u00a0\u00a0\u00a0\u00a0\u00a0\u00a0\u00a0\u00a0 Pszichi\u00e1tria \u00a0\u00a0\u00a0\u00a0\u00a0\u00a0\u00a0\u00a0\u00a0\u00a0\u00a0\u00a0\u00a0\u00a0 1974 \u00a0\u00a0\u00a0\u00a0\u00a0\u00a0\u00a0\u00a0\u00a0\u00a0\u00a0\u00a0\u00a0\u00a0\u00a0\u00a0\u00a0\u00a0\u00a0\u00a0\u00a0\u00a0\u00a0\u00a0\u00a0\u00a0\u00a0\u00a0\u00a0\u00a0\u00a0\u00a0\u00a0\u00a0\u00a0 Neuropatol\u00f3gia \u00a0\u00a0\u00a0\u00a0\u00a0\u00a0\u00a0\u00a0 1991 \u00a0 Munkahelyek \u00e9s\u00a0 megb\u00edzat\u00e1sok: 1955 \u2013 57 Budapesti\u00a0 Orvostudom\u00e1nyi Egyetem Ideg-elme K\u00f3rtani Klinika &hellip;<\/p>\n","protected":false},"author":80,"featured_media":0,"parent":0,"menu_order":0,"comment_status":"closed","ping_status":"closed","template":"","meta":{"_acf_changed":false,"footnotes":""},"categories":[],"tags":[],"class_list":["post-121","page","type-page","status-publish","hentry"],"acf":[],"_links":{"self":[{"href":"https:\/\/semmelweis.hu\/neurologia\/wp-json\/wp\/v2\/pages\/121","targetHints":{"allow":["GET"]}}],"collection":[{"href":"https:\/\/semmelweis.hu\/neurologia\/wp-json\/wp\/v2\/pages"}],"about":[{"href":"https:\/\/semmelweis.hu\/neurologia\/wp-json\/wp\/v2\/types\/page"}],"author":[{"embeddable":true,"href":"https:\/\/semmelweis.hu\/neurologia\/wp-json\/wp\/v2\/users\/80"}],"replies":[{"embeddable":true,"href":"https:\/\/semmelweis.hu\/neurologia\/wp-json\/wp\/v2\/comments?post=121"}],"version-history":[{"count":5,"href":"https:\/\/semmelweis.hu\/neurologia\/wp-json\/wp\/v2\/pages\/121\/revisions"}],"predecessor-version":[{"id":1213,"href":"https:\/\/semmelweis.hu\/neurologia\/wp-json\/wp\/v2\/pages\/121\/revisions\/1213"}],"wp:attachment":[{"href":"https:\/\/semmelweis.hu\/neurologia\/wp-json\/wp\/v2\/media?parent=121"}],"wp:term":[{"taxonomy":"category","embeddable":true,"href":"https:\/\/semmelweis.hu\/neurologia\/wp-json\/wp\/v2\/categories?post=121"},{"taxonomy":"post_tag","embeddable":true,"href":"https:\/\/semmelweis.hu\/neurologia\/wp-json\/wp\/v2\/tags?post=121"}],"curies":[{"name":"wp","href":"https:\/\/api.w.org\/{rel}","templated":true}]}}