{"id":1161,"date":"2020-07-10T09:16:20","date_gmt":"2020-07-10T07:16:20","guid":{"rendered":"https:\/\/semmelweis.hu\/neurologia\/?page_id=1161"},"modified":"2020-07-10T09:37:33","modified_gmt":"2020-07-10T07:37:33","slug":"komplex-mozgas-es-kognitiv-fejleszto-csoportok","status":"publish","type":"page","link":"https:\/\/semmelweis.hu\/neurologia\/komplex-mozgas-es-kognitiv-fejleszto-csoportok\/","title":{"rendered":"Komplex mozg\u00e1s- \u00e9s kognit\u00edv fejleszt\u0151 csoportok"},"content":{"rendered":"<p>J\u00e1rv\u00e1nyhelyzett\u0151l f\u00fcgg\u0151en 2020. szeptembert\u0151l komplex mozg\u00e1s- \u00e9s kognit\u00edv fejleszt\u0151 csoportok indulnak.<\/p>\n<p>5 betegs\u00e9gcsoportban:<br \/>\n&#8211; Parkinson betegs\u00e9g<br \/>\n&#8211; Sclerosis multiplex<br \/>\n&#8211; Cerebrovascularis betegek<br \/>\n&#8211; F\u00e1jdalom szindr\u00f3m\u00e1k<br \/>\n&#8211; E<span class=\"List_0020Paragraph__Char\">nyhe kognit<\/span><span class=\"List_0020Paragraph__Char\">\u00ed<\/span><span class=\"List_0020Paragraph__Char\">v zavar <\/span><\/p>\n<p>Betegek mozg\u00e1s- \u00e9s kognit\u00edv funkci\u00f3inak felm\u00e9r\u00e9se egy\u00e9nileg t\u00f6rt\u00e9nik.<\/p>\n<p>El\u00e9rhet\u0151s\u00e9gek:<\/p>\n<p>Tak\u00e1csn\u00e9 Udvarhelyi Edina &#8211; edinaparkinson@gmail.com<br \/>\nK\u00e1rp\u00e1ti Judit &#8211; karpati.judit@med.semmelweis-univ.hu<\/p>\n<p>&nbsp;<\/p>\n","protected":false},"excerpt":{"rendered":"<p>J\u00e1rv\u00e1nyhelyzett\u0151l f\u00fcgg\u0151en 2020. szeptembert\u0151l komplex mozg\u00e1s- \u00e9s kognit\u00edv fejleszt\u0151 csoportok indulnak.<br \/>\n5 betegs\u00e9gcsoportban:<br \/>\n&#8211; Parkinson betegs\u00e9g<br \/>\n&#8211; Sclerosis multiplex<br \/>\n&#8211; Cerebrovascularis betegek<br \/>\n&#8211; F\u00e1jdalom szindr\u00f3m\u00e1k<br \/>\n&#8211; Enyhe kognit\u00edv zavar<br \/>\nBetegek mozg\u00e1s- \u00e9s kognit\u00edv funkci\u00f3inak felm\u00e9r\u00e9se egy\u00e9nileg t\u00f6rt\u00e9nik.<br \/>\nEl\u00e9rhet\u0151s\u00e9gek:<br \/>\nTak\u00e1csn\u00e9 Udvarhelyi Edina &#8211; edinaparkinson@gmail.com<br \/>\nK\u00e1rp\u00e1ti Judit &#8211; karpati.judit@med.semmelweis-univ.hu<br \/>\n&nbsp;<\/p>\n","protected":false},"author":101622,"featured_media":0,"parent":0,"menu_order":0,"comment_status":"closed","ping_status":"closed","template":"","meta":{"_acf_changed":false,"footnotes":""},"categories":[],"tags":[],"class_list":["post-1161","page","type-page","status-publish","hentry"],"acf":[],"_links":{"self":[{"href":"https:\/\/semmelweis.hu\/neurologia\/wp-json\/wp\/v2\/pages\/1161","targetHints":{"allow":["GET"]}}],"collection":[{"href":"https:\/\/semmelweis.hu\/neurologia\/wp-json\/wp\/v2\/pages"}],"about":[{"href":"https:\/\/semmelweis.hu\/neurologia\/wp-json\/wp\/v2\/types\/page"}],"author":[{"embeddable":true,"href":"https:\/\/semmelweis.hu\/neurologia\/wp-json\/wp\/v2\/users\/101622"}],"replies":[{"embeddable":true,"href":"https:\/\/semmelweis.hu\/neurologia\/wp-json\/wp\/v2\/comments?post=1161"}],"version-history":[{"count":1,"href":"https:\/\/semmelweis.hu\/neurologia\/wp-json\/wp\/v2\/pages\/1161\/revisions"}],"predecessor-version":[{"id":1163,"href":"https:\/\/semmelweis.hu\/neurologia\/wp-json\/wp\/v2\/pages\/1161\/revisions\/1163"}],"wp:attachment":[{"href":"https:\/\/semmelweis.hu\/neurologia\/wp-json\/wp\/v2\/media?parent=1161"}],"wp:term":[{"taxonomy":"category","embeddable":true,"href":"https:\/\/semmelweis.hu\/neurologia\/wp-json\/wp\/v2\/categories?post=1161"},{"taxonomy":"post_tag","embeddable":true,"href":"https:\/\/semmelweis.hu\/neurologia\/wp-json\/wp\/v2\/tags?post=1161"}],"curies":[{"name":"wp","href":"https:\/\/api.w.org\/{rel}","templated":true}]}}

Komplex mozgás- és kognitív fejlesztő csoportok

<p>Járványhelyzettől függően 2020. szeptembertől komplex mozgás- és kognitív fejlesztő csoportok indulnak.</p>
<p>5 betegségcsoportban:<br />
&#8211; Parkinson betegség<br />
&#8211; Sclerosis multiplex<br />
&#8211; Cerebrovascularis betegek<br />
&#8211; Fájdalom szindrómák<br />
&#8211; E<span class="List_0020Paragraph__Char">nyhe kognit</span><span class="List_0020Paragraph__Char">í</span><span class="List_0020Paragraph__Char">v zavar </span></p>
<p>Betegek mozgás- és kognitív funkcióinak felmérése egyénileg történik.</p>
<p>Elérhetőségek:</p>
<p>Takácsné Udvarhelyi Edina &#8211; edinaparkinson@gmail.com<br />
Kárpáti Judit &#8211; karpati.judit@med.semmelweis-univ.hu</p>
<p>&nbsp;</p>

<p>Járványhelyzettől függően 2020. szeptembertől komplex mozgás- és kognitív fejlesztő csoportok indulnak.<br />
5 betegségcsoportban:<br />
&#8211; Parkinson betegség<br />
&#8211; Sclerosis multiplex<br />
&#8211; Cerebrovascularis betegek<br />
&#8211; Fájdalom szindrómák<br />
&#8211; Enyhe kognitív zavar<br />
Betegek mozgás- és kognitív funkcióinak felmérése egyénileg történik.<br />
Elérhetőségek:<br />
Takácsné Udvarhelyi Edina &#8211; edinaparkinson@gmail.com<br />
Kárpáti Judit &#8211; karpati.judit@med.semmelweis-univ.hu<br />
&nbsp;</p>
