{"id":116,"date":"2012-09-01T15:42:36","date_gmt":"2012-09-01T15:42:36","guid":{"rendered":"http:\/\/semmelweis-egyetem.hu\/neurologia\/?page_id=116"},"modified":"2024-08-09T10:05:57","modified_gmt":"2024-08-09T08:05:57","slug":"dr-bereczki-daniel","status":"publish","type":"page","link":"https:\/\/semmelweis.hu\/neurologia\/munkatarsak\/dr-bereczki-daniel\/","title":{"rendered":"Dr. Bereczki D\u00e1niel MTA doktora"},"content":{"rendered":"<p><a href=\"https:\/\/semmelweis.hu\/neurologia\/files\/2012\/09\/BereczkiProf.jpg\"><img loading=\"lazy\" decoding=\"async\" class=\"alignleft size-medium wp-image-118\" title=\"BereczkiProf\" src=\"https:\/\/semmelweis.hu\/neurologia\/files\/2012\/09\/BereczkiProf-300x225.jpg\" alt=\"\" width=\"300\" height=\"225\" srcset=\"https:\/\/semmelweis.hu\/neurologia\/files\/2012\/09\/BereczkiProf-300x225.jpg 300w, https:\/\/semmelweis.hu\/neurologia\/files\/2012\/09\/BereczkiProf-400x300.jpg 400w, https:\/\/semmelweis.hu\/neurologia\/files\/2012\/09\/BereczkiProf.jpg 960w\" sizes=\"auto, (max-width: 300px) 100vw, 300px\" \/><\/a>Egyetemi tan\u00e1r, igazgat\u00f3<\/p>\n<p><strong>El\u00e9rhet\u0151s\u00e9g:<\/strong><\/p>\n<p>Email: <a href=\"mailto:csorgei-kovacs.andrea@semmelweis.hu\">csorgei-kovacs.andrea@semmelweis.hu<\/a><\/p>\n<p>Tel: 1 210 0330\u00a0<\/p>\n<p><a href=\"https:\/\/semmelweis.hu\/neurologia\/files\/2012\/09\/\u00d6n\u00e9letrajz.pdf\">\u00d6n\u00e9letrajz<\/a><\/p>\n","protected":false},"excerpt":{"rendered":"<p><a href=\"https:\/\/semmelweis.hu\/neurologia\/files\/2012\/09\/BereczkiProf.jpg\"><\/a>Egyetemi tan\u00e1r, igazgat\u00f3<br \/>\nEl\u00e9rhet\u0151s\u00e9g:<br \/>\nEmail: <a href=\"mailto:csorgei-kovacs.andrea@semmelweis.hu\">csorgei-kovacs.andrea@semmelweis.hu<\/a><br \/>\nTel: 1 210 0330\u00a0<br \/>\n<a href=\"https:\/\/semmelweis.hu\/neurologia\/files\/2012\/09\/\u00d6n\u00e9letrajz.pdf\">\u00d6n\u00e9letrajz<\/a><\/p>\n","protected":false},"author":80,"featured_media":0,"parent":57,"menu_order":0,"comment_status":"open","ping_status":"open","template":"","meta":{"_acf_changed":false,"footnotes":""},"categories":[],"tags":[],"class_list":["post-116","page","type-page","status-publish","hentry"],"acf":[],"_links":{"self":[{"href":"https:\/\/semmelweis.hu\/neurologia\/wp-json\/wp\/v2\/pages\/116","targetHints":{"allow":["GET"]}}],"collection":[{"href":"https:\/\/semmelweis.hu\/neurologia\/wp-json\/wp\/v2\/pages"}],"about":[{"href":"https:\/\/semmelweis.hu\/neurologia\/wp-json\/wp\/v2\/types\/page"}],"author":[{"embeddable":true,"href":"https:\/\/semmelweis.hu\/neurologia\/wp-json\/wp\/v2\/users\/80"}],"replies":[{"embeddable":true,"href":"https:\/\/semmelweis.hu\/neurologia\/wp-json\/wp\/v2\/comments?post=116"}],"version-history":[{"count":4,"href":"https:\/\/semmelweis.hu\/neurologia\/wp-json\/wp\/v2\/pages\/116\/revisions"}],"predecessor-version":[{"id":1545,"href":"https:\/\/semmelweis.hu\/neurologia\/wp-json\/wp\/v2\/pages\/116\/revisions\/1545"}],"up":[{"embeddable":true,"href":"https:\/\/semmelweis.hu\/neurologia\/wp-json\/wp\/v2\/pages\/57"}],"wp:attachment":[{"href":"https:\/\/semmelweis.hu\/neurologia\/wp-json\/wp\/v2\/media?parent=116"}],"wp:term":[{"taxonomy":"category","embeddable":true,"href":"https:\/\/semmelweis.hu\/neurologia\/wp-json\/wp\/v2\/categories?post=116"},{"taxonomy":"post_tag","embeddable":true,"href":"https:\/\/semmelweis.hu\/neurologia\/wp-json\/wp\/v2\/tags?post=116"}],"curies":[{"name":"wp","href":"https:\/\/api.w.org\/{rel}","templated":true}]}}