{"id":1004,"date":"2020-03-22T13:10:00","date_gmt":"2020-03-22T12:10:00","guid":{"rendered":"http:\/\/semmelweis.hu\/neurologia\/?page_id=1004"},"modified":"2020-04-04T11:44:34","modified_gmt":"2020-04-04T09:44:34","slug":"az-online-konzultaciok-meghivoi-zoom-meetingek","status":"publish","type":"page","link":"https:\/\/semmelweis.hu\/neurologia\/az-online-konzultaciok-meghivoi-zoom-meetingek\/","title":{"rendered":"Az online konzult\u00e1ci\u00f3k megh\u00edv\u00f3i (Zoom meetingek)"},"content":{"rendered":"<p>Az al\u00e1bbi linkekre kattintva a Zoom meetingek megh\u00edv\u00f3t tessz\u00fck el\u00e9rhet\u0151v\u00e9.<\/p>\n<p><a href=\"https:\/\/semmelweis.zoom.us\/j\/417023428? pwd=Y3Q4WXhLUjlUUnBNRklYTXdLQnkzZz09\">H\u00e9tf\u0151, \u00e1pr. 06.<\/a> \u00a0Jelsz\u00f3: 798 &#8211; 786 &#8211;\u00a0 Nyit\u00f3 meeting 12:00-kor!<\/p>\n<p>Kedd, \u00e1pr 07.<\/p>\n<p>Szerda, \u00e1pr. 08<\/p>\n<p>Cs\u00fct\u00f6rt\u00f6k, \u00e1pr. 09<\/p>\n<p>P\u00e9ntek, \u00e1pr. 10<\/p>\n","protected":false},"excerpt":{"rendered":"<p>Az al\u00e1bbi linkekre kattintva a Zoom meetingek megh\u00edv\u00f3t tessz\u00fck el\u00e9rhet\u0151v\u00e9.<br \/>\n<a href=\"https:\/\/semmelweis.zoom.us\/j\/417023428? pwd=Y3Q4WXhLUjlUUnBNRklYTXdLQnkzZz09\">H\u00e9tf\u0151, \u00e1pr. 06.<\/a> \u00a0Jelsz\u00f3: 798 &#8211; 786 &#8211;\u00a0 Nyit\u00f3 meeting 12:00-kor!<br \/>\nKedd, \u00e1pr 07.<br \/>\nSzerda, \u00e1pr. 08<br \/>\nCs\u00fct\u00f6rt\u00f6k, \u00e1pr. 09<br \/>\nP\u00e9ntek, \u00e1pr. 10<\/p>\n","protected":false},"author":101622,"featured_media":0,"parent":0,"menu_order":0,"comment_status":"closed","ping_status":"closed","template":"","meta":{"_acf_changed":false,"footnotes":""},"categories":[],"tags":[],"class_list":["post-1004","page","type-page","status-publish","hentry"],"acf":[],"_links":{"self":[{"href":"https:\/\/semmelweis.hu\/neurologia\/wp-json\/wp\/v2\/pages\/1004","targetHints":{"allow":["GET"]}}],"collection":[{"href":"https:\/\/semmelweis.hu\/neurologia\/wp-json\/wp\/v2\/pages"}],"about":[{"href":"https:\/\/semmelweis.hu\/neurologia\/wp-json\/wp\/v2\/types\/page"}],"author":[{"embeddable":true,"href":"https:\/\/semmelweis.hu\/neurologia\/wp-json\/wp\/v2\/users\/101622"}],"replies":[{"embeddable":true,"href":"https:\/\/semmelweis.hu\/neurologia\/wp-json\/wp\/v2\/comments?post=1004"}],"version-history":[{"count":9,"href":"https:\/\/semmelweis.hu\/neurologia\/wp-json\/wp\/v2\/pages\/1004\/revisions"}],"predecessor-version":[{"id":1108,"href":"https:\/\/semmelweis.hu\/neurologia\/wp-json\/wp\/v2\/pages\/1004\/revisions\/1108"}],"wp:attachment":[{"href":"https:\/\/semmelweis.hu\/neurologia\/wp-json\/wp\/v2\/media?parent=1004"}],"wp:term":[{"taxonomy":"category","embeddable":true,"href":"https:\/\/semmelweis.hu\/neurologia\/wp-json\/wp\/v2\/categories?post=1004"},{"taxonomy":"post_tag","embeddable":true,"href":"https:\/\/semmelweis.hu\/neurologia\/wp-json\/wp\/v2\/tags?post=1004"}],"curies":[{"name":"wp","href":"https:\/\/api.w.org\/{rel}","templated":true}]}}