{"id":247,"date":"2019-03-20T07:50:38","date_gmt":"2019-03-20T06:50:38","guid":{"rendered":"http:\/\/semmelweis.hu\/net\/?page_id=247"},"modified":"2019-09-12T13:56:31","modified_gmt":"2019-09-12T11:56:31","slug":"utmutato-oktatashoz-es-rendezvenyhez","status":"publish","type":"page","link":"https:\/\/semmelweis.hu\/net\/nagyvaradteri-elmeleti-tomb\/utmutato-oktatashoz-es-rendezvenyhez\/","title":{"rendered":"\u00datmutat\u00f3 oktat\u00e1shoz, rendezv\u00e9nyhez"},"content":{"rendered":"<p>&nbsp;<\/p>\n<p>Az al\u00e1bbiakban az \u00e9p\u00fcletben tal\u00e1lhat\u00f3 el\u0151ad\u00f3termek, szemin\u00e1riumi termek, aula illetve karzat teremig\u00e9nyl\u00e9si \u00e9s technikai lehet\u0151s\u00e9geir\u0151l olvashatnak inform\u00e1ci\u00f3kat<\/p>\n<p style=\"text-align: center;\"><strong><span style=\"color: #ff6600;\">Figyelem!<\/span> A termek illetve az \u00e9p\u00fclet egyes ter\u00fcleteinek foglalts\u00e1ga a szorgalmi-, vizsga-, oktat\u00e1si sz\u00fcnet valamint ny\u00e1ri id\u0151szakokban elt\u00e9r\u0151, ez\u00e9rt termet ezek f\u00fcggv\u00e9ny\u00e9ben tudunk biztos\u00edtani.<\/strong><\/p>\n<p style=\"text-align: center;\"><strong>\u00d3rarenddel kapcsolatos teremig\u00e9nyek a Neptunon kereszt\u00fcl r\u00f6gz\u00edthet\u0151k.\u00a0<\/strong><\/p>\n<p style=\"text-align: center;\"><strong>Rendezv\u00e9ny jelleg\u0171 teremig\u00e9nyeket (vagy Neptun hozz\u00e1f\u00e9r\u00e9s hi\u00e1ny\u00e1ban)\u00a0a rendezv\u00e9nyszervez\u0151nek jelezzenek, akinek<\/strong><b>\u00a0el\u00e9rhet\u0151s\u00e9geit\u00a0<\/b><strong><a href=\"https:\/\/semmelweis.hu\/net\/termek-eszkozpark\/\">itt tekinthetik meg.<\/a><\/strong><\/p>\n<p>Technikai \u00fcgyelet az el\u0151ad\u00f3- \u00e9s szemin\u00e1riumi termekhez:<br \/>\nH\u00e9tk\u00f6znapokon 7.30-16.00 \u00f3ra k\u00f6z\u00f6tt: <a href=\"https:\/\/semmelweis.hu\/telefonkonyv\/?emp_id=6649\" target=\"_blank\" rel=\"noopener noreferrer\">Barab\u00e1s Zolt\u00e1n<br \/>\n<\/a>H\u00e9tk\u00f6znapokon 13.00-21.00 \u00f3ra k\u00f6z\u00f6tt:\u00a0 <a href=\"https:\/\/semmelweis.hu\/telefonkonyv\/?emp_id=10025\" target=\"_blank\" rel=\"noopener noreferrer\">Szab\u00f3 Attila<\/a><\/p>\n<p>Amennyiben b\u00e1rmilyen k\u00e9rd\u00e9s\u00fck lenne, forduljanak hozz\u00e1nk bizalommal.<\/p>\n","protected":false},"excerpt":{"rendered":"<p>&nbsp; Az al\u00e1bbiakban az \u00e9p\u00fcletben tal\u00e1lhat\u00f3 el\u0151ad\u00f3termek, szemin\u00e1riumi termek, aula illetve karzat teremig\u00e9nyl\u00e9si \u00e9s technikai lehet\u0151s\u00e9geir\u0151l olvashatnak inform\u00e1ci\u00f3kat Figyelem! A termek illetve az \u00e9p\u00fclet egyes ter\u00fcleteinek foglalts\u00e1ga a szorgalmi-, vizsga-, oktat\u00e1si sz\u00fcnet valamint ny\u00e1ri id\u0151szakokban elt\u00e9r\u0151, ez\u00e9rt termet ezek f\u00fcggv\u00e9ny\u00e9ben tudunk biztos\u00edtani. \u00d3rarenddel kapcsolatos teremig\u00e9nyek a Neptunon kereszt\u00fcl r\u00f6gz\u00edthet\u0151k.\u00a0 Rendezv\u00e9ny jelleg\u0171 teremig\u00e9nyeket (vagy Neptun hozz\u00e1f\u00e9r\u00e9s &hellip;<\/p>\n","protected":false},"author":101345,"featured_media":0,"parent":16830,"menu_order":0,"comment_status":"closed","ping_status":"closed","template":"","meta":{"_acf_changed":false,"footnotes":""},"categories":[],"tags":[],"class_list":["post-247","page","type-page","status-publish","hentry"],"acf":[],"_links":{"self":[{"href":"https:\/\/semmelweis.hu\/net\/wp-json\/wp\/v2\/pages\/247","targetHints":{"allow":["GET"]}}],"collection":[{"href":"https:\/\/semmelweis.hu\/net\/wp-json\/wp\/v2\/pages"}],"about":[{"href":"https:\/\/semmelweis.hu\/net\/wp-json\/wp\/v2\/types\/page"}],"author":[{"embeddable":true,"href":"https:\/\/semmelweis.hu\/net\/wp-json\/wp\/v2\/users\/101345"}],"replies":[{"embeddable":true,"href":"https:\/\/semmelweis.hu\/net\/wp-json\/wp\/v2\/comments?post=247"}],"version-history":[{"count":8,"href":"https:\/\/semmelweis.hu\/net\/wp-json\/wp\/v2\/pages\/247\/revisions"}],"predecessor-version":[{"id":473,"href":"https:\/\/semmelweis.hu\/net\/wp-json\/wp\/v2\/pages\/247\/revisions\/473"}],"up":[{"embeddable":true,"href":"https:\/\/semmelweis.hu\/net\/wp-json\/wp\/v2\/pages\/16830"}],"wp:attachment":[{"href":"https:\/\/semmelweis.hu\/net\/wp-json\/wp\/v2\/media?parent=247"}],"wp:term":[{"taxonomy":"category","embeddable":true,"href":"https:\/\/semmelweis.hu\/net\/wp-json\/wp\/v2\/categories?post=247"},{"taxonomy":"post_tag","embeddable":true,"href":"https:\/\/semmelweis.hu\/net\/wp-json\/wp\/v2\/tags?post=247"}],"curies":[{"name":"wp","href":"https:\/\/api.w.org\/{rel}","templated":true}]}}