{"id":5,"date":"2012-02-07T12:58:17","date_gmt":"2012-02-07T12:58:17","guid":{"rendered":"http:\/\/semmelweis-egyetem.hu\/nepegeszsegtan\/?page_id=5"},"modified":"2024-04-03T13:47:14","modified_gmt":"2024-04-03T11:47:14","slug":"altalanos-informaciok","status":"publish","type":"page","link":"https:\/\/semmelweis.hu\/nepegeszsegtan\/altalanos-informaciok\/","title":{"rendered":"A Megel\u0151z\u0151 Orvostani \u00e9s N\u00e9peg\u00e9szs\u00e9gtani Int\u00e9zet bemutat\u00e1sa"},"content":{"rendered":"<p>A n\u00e9peg\u00e9szs\u00e9gtan a betegs\u00e9gmegel\u0151z\u00e9s \u00e9s az eg\u00e9szs\u00e9gfejleszt\u00e9s elm\u00e9leti alapjainak \u00e9s gyakorlat\u00e1nak a tudom\u00e1nya. Szakmailag mag\u00e1ban foglalja az \u00e1ltal\u00e1nos epidemiol\u00f3gi\u00e1t, a fert\u0151z\u0151 \u00e9s nem fert\u0151z\u0151 betegs\u00e9gek r\u00e9szletes epidemiol\u00f3gi\u00e1j\u00e1t, tov\u00e1bb\u00e1 a k\u00f6rnyezet eg\u00e9szs\u00e9gtant (a term\u00e9szeti \u00e9s \u00e9p\u00edtett, valamint a biol\u00f3giai \u00e9s t\u00e1rsadalmi k\u00f6rnyezet eg\u00e9szs\u00e9gre gyakorolt hat\u00e1s\u00e1nak tudom\u00e1ny\u00e1t), a foglalkoz\u00e1s-eg\u00e9szs\u00e9gtant, a t\u00e1pl\u00e1lkoz\u00e1s-eg\u00e9szs\u00e9gtant, v\u00e9g\u00fcl a t\u00e1gabban \u00e9rtelmezett eg\u00e9szs\u00e9gpolitik\u00e1t, mint azoknak a t\u00e1rsadalmi tev\u00e9kenys\u00e9geknek az \u00f6sszess\u00e9g\u00e9t, amelyek elm\u00e9letileg \u00e9s gyakorlatilag az eg\u00e9szs\u00e9g\u00fcgyi rendszer m\u0171k\u00f6d\u00e9s\u00e9t ir\u00e1ny\u00edtj\u00e1k.<\/p>\n<p><a href=\"https:\/\/semmelweis.hu\/nepegeszsegtan\/oktatas\/\">Int\u00e9zet\u00fcnk a Megel\u0151z\u0151 orvostan \u00e9s n\u00e9peg\u00e9szs\u00e9gtan k\u00f6telez\u0151 tant\u00e1rgyat mindh\u00e1rom karon, magyar, angol \u00e9s n\u00e9met nyelven oktatja.<\/a> Az \u00faj curriculumban az \u00c1OK-n a tant\u00e1rgyat \u00f6t\u00f6d\u00e9ven blokk rendszerben oktatjuk. A FOK-on \u00e9s GYTK-n negyed\u00e9ven f\u00e9l\u00e9ves tant\u00e1rgyk\u00e9nt oktatjuk.<\/p>\n<ul>\n<li class=\"page_item page-item-52\"><a href=\"https:\/\/semmelweis.hu\/nepegeszsegtan\/altalanos-informaciok\/az-intezet-tortenete\/\">Az int\u00e9zet t\u00f6rt\u00e9nete, kor\u00e1bbi igazgat\u00f3i \u2192<\/a><\/li>\n<li class=\"page_item page-item-2002\"><a href=\"https:\/\/semmelweis.hu\/nepegeszsegtan\/altalanos-informaciok\/fodor-jozsef-a-magyar-kozegeszsegugy-megtetemtoje\/\">Fodor J\u00f3zsef a magyar k\u00f6zeg\u00e9szs\u00e9g\u00fcgy megteremt\u0151je \u2192<\/a><\/li>\n<\/ul>\n<p>Int\u00e9zet\u00fcnkben sz\u00e1mos kutat\u00e1s folyik t\u00f6bb ter\u00fcleten is.<br \/>\n<a href=\"https:\/\/semmelweis.hu\/nepegeszsegtan\/kutatas\/\">Tov\u00e1bb a kutat\u00e1s men\u00fcpontra \u2192<\/a><\/p>\n<p><a href=\"https:\/\/semmelweis.hu\/nepegeszsegtan\/files\/2019\/10\/FodorJozsef_2019.jpg\"><img loading=\"lazy\" decoding=\"async\" class=\"aligncenter size-full wp-image-2550\" src=\"https:\/\/semmelweis.hu\/nepegeszsegtan\/files\/2019\/10\/FodorJozsef_2019.jpg\" alt=\"\" width=\"580\" height=\"300\" srcset=\"https:\/\/semmelweis.hu\/nepegeszsegtan\/files\/2019\/10\/FodorJozsef_2019.jpg 580w, https:\/\/semmelweis.hu\/nepegeszsegtan\/files\/2019\/10\/FodorJozsef_2019-300x155.jpg 300w\" sizes=\"auto, (max-width: 580px) 100vw, 580px\" \/><\/a><\/p>\n<p>&nbsp;<\/p>\n","protected":false},"excerpt":{"rendered":"<p>A n\u00e9peg\u00e9szs\u00e9gtan a betegs\u00e9gmegel\u0151z\u00e9s \u00e9s az eg\u00e9szs\u00e9gfejleszt\u00e9s elm\u00e9leti alapjainak \u00e9s gyakorlat\u00e1nak a tudom\u00e1nya. Szakmailag mag\u00e1ban foglalja az \u00e1ltal\u00e1nos epidemiol\u00f3gi\u00e1t, a fert\u0151z\u0151 \u00e9s nem fert\u0151z\u0151 betegs\u00e9gek r\u00e9szletes epidemiol\u00f3gi\u00e1j\u00e1t, tov\u00e1bb\u00e1 a k\u00f6rnyezet eg\u00e9szs\u00e9gtant (a term\u00e9szeti \u00e9s \u00e9p\u00edtett, valamint a biol\u00f3giai \u00e9s t\u00e1rsadalmi k\u00f6rnyezet eg\u00e9szs\u00e9gre gyakorolt hat\u00e1s\u00e1nak tudom\u00e1ny\u00e1t), a foglalkoz\u00e1s-eg\u00e9szs\u00e9gtant, a t\u00e1pl\u00e1lkoz\u00e1s-eg\u00e9szs\u00e9gtant, v\u00e9g\u00fcl a t\u00e1gabban \u00e9rtelmezett eg\u00e9szs\u00e9gpolitik\u00e1t, mint &hellip;<\/p>\n","protected":false},"author":8,"featured_media":3450,"parent":0,"menu_order":0,"comment_status":"closed","ping_status":"closed","template":"","meta":{"_acf_changed":false,"footnotes":""},"categories":[],"tags":[],"class_list":["post-5","page","type-page","status-publish","has-post-thumbnail","hentry"],"acf":[],"_links":{"self":[{"href":"https:\/\/semmelweis.hu\/nepegeszsegtan\/wp-json\/wp\/v2\/pages\/5","targetHints":{"allow":["GET"]}}],"collection":[{"href":"https:\/\/semmelweis.hu\/nepegeszsegtan\/wp-json\/wp\/v2\/pages"}],"about":[{"href":"https:\/\/semmelweis.hu\/nepegeszsegtan\/wp-json\/wp\/v2\/types\/page"}],"author":[{"embeddable":true,"href":"https:\/\/semmelweis.hu\/nepegeszsegtan\/wp-json\/wp\/v2\/users\/8"}],"replies":[{"embeddable":true,"href":"https:\/\/semmelweis.hu\/nepegeszsegtan\/wp-json\/wp\/v2\/comments?post=5"}],"version-history":[{"count":10,"href":"https:\/\/semmelweis.hu\/nepegeszsegtan\/wp-json\/wp\/v2\/pages\/5\/revisions"}],"predecessor-version":[{"id":3510,"href":"https:\/\/semmelweis.hu\/nepegeszsegtan\/wp-json\/wp\/v2\/pages\/5\/revisions\/3510"}],"wp:featuredmedia":[{"embeddable":true,"href":"https:\/\/semmelweis.hu\/nepegeszsegtan\/wp-json\/wp\/v2\/media\/3450"}],"wp:attachment":[{"href":"https:\/\/semmelweis.hu\/nepegeszsegtan\/wp-json\/wp\/v2\/media?parent=5"}],"wp:term":[{"taxonomy":"category","embeddable":true,"href":"https:\/\/semmelweis.hu\/nepegeszsegtan\/wp-json\/wp\/v2\/categories?post=5"},{"taxonomy":"post_tag","embeddable":true,"href":"https:\/\/semmelweis.hu\/nepegeszsegtan\/wp-json\/wp\/v2\/tags?post=5"}],"curies":[{"name":"wp","href":"https:\/\/api.w.org\/{rel}","templated":true}]}}