{"id":3302,"date":"2022-01-27T15:20:34","date_gmt":"2022-01-27T14:20:34","guid":{"rendered":"https:\/\/semmelweis.hu\/nepegeszsegtan\/?page_id=3302"},"modified":"2022-08-23T14:56:34","modified_gmt":"2022-08-23T12:56:34","slug":"ueber-uns","status":"publish","type":"page","link":"https:\/\/semmelweis.hu\/nepegeszsegtan\/de\/ueber-uns\/","title":{"rendered":"\u00dcber uns"},"content":{"rendered":"<p>Wilkommen<\/p>\n<p>Unser Institut lehrt Hygiene an drei Fakult\u00e4ten der Semmelweis Universit\u00e4t (Humanmedizinische Fakult\u00e4t, Zahnmedizinische Fakult\u00e4t, Pharmazeutische Fakult\u00e4t).<\/p>\n<p>Das Ziel unseres Bereiches ist eine vergleichende Beschreibung von Krankheiten, Verletzungen, Infektionen und Risikofaktoren, als Frage von klinischen Epidemiologie.<\/p>\n<p>Jedes Jahr schreiben viele deutsche Studenten die Doktorarbeit in unseren Institut (Themenliste ist dabei).<br \/>\nWir hoffen auch, das die Studenten wahrend die Vorlesungen und Praktika nicht nur wertvolle Studium h\u00f6ren, aber wir auch in guter Laune die Zeit zusammen verbringen k\u00f6nnen.<\/p>\n<p>Mit freundlichen Gr\u00fcssen<br \/>\nDr. med. habil. P\u00e9ter Jakabfi<\/p>\n<p>Zust\u00e4ndig f\u00fcr die Studenten (Allgemeinmedizin, Zahnmedizin, Pharmastudenten)<\/p>\n<p>NET 2109. Zimmer<br \/>\nTelefon: 210-2940\/56143<br \/>\nE-mail: jakabfi.peter.@med.semmelweis-univ.hu<\/p>\n","protected":false},"excerpt":{"rendered":"<p>Wilkommen Unser Institut lehrt Hygiene an drei Fakult\u00e4ten der Semmelweis Universit\u00e4t (Humanmedizinische Fakult\u00e4t, Zahnmedizinische Fakult\u00e4t, Pharmazeutische Fakult\u00e4t). Das Ziel unseres Bereiches ist eine vergleichende Beschreibung von Krankheiten, Verletzungen, Infektionen und Risikofaktoren, als Frage von klinischen Epidemiologie. Jedes Jahr schreiben viele deutsche Studenten die Doktorarbeit in unseren Institut (Themenliste ist dabei). Wir hoffen auch, das die &hellip;<\/p>\n","protected":false},"author":52,"featured_media":3450,"parent":0,"menu_order":0,"comment_status":"closed","ping_status":"closed","template":"","meta":{"_acf_changed":false,"footnotes":""},"categories":[],"tags":[],"class_list":["post-3302","page","type-page","status-publish","has-post-thumbnail","hentry"],"acf":[],"_links":{"self":[{"href":"https:\/\/semmelweis.hu\/nepegeszsegtan\/wp-json\/wp\/v2\/pages\/3302","targetHints":{"allow":["GET"]}}],"collection":[{"href":"https:\/\/semmelweis.hu\/nepegeszsegtan\/wp-json\/wp\/v2\/pages"}],"about":[{"href":"https:\/\/semmelweis.hu\/nepegeszsegtan\/wp-json\/wp\/v2\/types\/page"}],"author":[{"embeddable":true,"href":"https:\/\/semmelweis.hu\/nepegeszsegtan\/wp-json\/wp\/v2\/users\/52"}],"replies":[{"embeddable":true,"href":"https:\/\/semmelweis.hu\/nepegeszsegtan\/wp-json\/wp\/v2\/comments?post=3302"}],"version-history":[{"count":3,"href":"https:\/\/semmelweis.hu\/nepegeszsegtan\/wp-json\/wp\/v2\/pages\/3302\/revisions"}],"predecessor-version":[{"id":3451,"href":"https:\/\/semmelweis.hu\/nepegeszsegtan\/wp-json\/wp\/v2\/pages\/3302\/revisions\/3451"}],"wp:featuredmedia":[{"embeddable":true,"href":"https:\/\/semmelweis.hu\/nepegeszsegtan\/wp-json\/wp\/v2\/media\/3450"}],"wp:attachment":[{"href":"https:\/\/semmelweis.hu\/nepegeszsegtan\/wp-json\/wp\/v2\/media?parent=3302"}],"wp:term":[{"taxonomy":"category","embeddable":true,"href":"https:\/\/semmelweis.hu\/nepegeszsegtan\/wp-json\/wp\/v2\/categories?post=3302"},{"taxonomy":"post_tag","embeddable":true,"href":"https:\/\/semmelweis.hu\/nepegeszsegtan\/wp-json\/wp\/v2\/tags?post=3302"}],"curies":[{"name":"wp","href":"https:\/\/api.w.org\/{rel}","templated":true}]}}