{"id":2002,"date":"2018-08-13T09:28:07","date_gmt":"2018-08-13T07:28:07","guid":{"rendered":"http:\/\/semmelweis.hu\/nepegeszsegtan\/?page_id=2002"},"modified":"2022-08-23T14:11:47","modified_gmt":"2022-08-23T12:11:47","slug":"fodor-jozsef-a-magyar-kozegeszsegugy-megtetemtoje","status":"publish","type":"page","link":"https:\/\/semmelweis.hu\/nepegeszsegtan\/altalanos-informaciok\/fodor-jozsef-a-magyar-kozegeszsegugy-megtetemtoje\/","title":{"rendered":"Fodor J\u00f3zsef a magyar k\u00f6zeg\u00e9szs\u00e9g\u00fcgy megteremt\u0151je"},"content":{"rendered":"<p style=\"text-align: left;\"><a href=\"https:\/\/semmelweis.hu\/nepegeszsegtan\/files\/2022\/08\/Fodor-Jozsef_2.png\"><img loading=\"lazy\" decoding=\"async\" class=\"alignleft size-medium wp-image-3442\" src=\"https:\/\/semmelweis.hu\/nepegeszsegtan\/files\/2022\/08\/Fodor-Jozsef_2-219x300.png\" alt=\"\" width=\"219\" height=\"300\" srcset=\"https:\/\/semmelweis.hu\/nepegeszsegtan\/files\/2022\/08\/Fodor-Jozsef_2-219x300.png 219w, https:\/\/semmelweis.hu\/nepegeszsegtan\/files\/2022\/08\/Fodor-Jozsef_2.png 351w\" sizes=\"auto, (max-width: 219px) 100vw, 219px\" \/><\/a>A felvil\u00e1gosod\u00e1st k\u00f6vet\u0151en a 19. sz\u00e1zad els\u0151 fel\u00e9nek n\u00e9met \u2013 Magyarorsz\u00e1gon is \u00e9rv\u00e9nyes\u00fcl\u0151 \u2013 romantikus medicin\u00e1j\u00e1t a sz\u00e1zad k\u00f6zep\u00e9t\u0151l kezd\u0151d\u0151en Angli\u00e1ban \u00e9s N\u00e9metorsz\u00e1gban egy neohippokratikus szeml\u00e9let v\u00e1ltotta fel, ami a term\u00e9szettudom\u00e1nyos gondolkod\u00e1snak a medicin\u00e1ban term\u00e9keny r\u00e9sz\u00e9v\u00e9 v\u00e1lt. Ezt Virchow, Pettenkofer \u00edr\u00e1saiban, de az angol Chadwickn\u00e9l, Crawfordn\u00e1l is nyomon lehet k\u00f6vetni.<\/p>\n<p style=\"text-align: left;\">Haz\u00e1nkban <strong>Fodor J\u00f3zsef<\/strong> volt az, aki a 19. sz\u00e1zadi szigor\u00fa term\u00e9szettudom\u00e1nyos gondolkod\u00e1st a neohippokratikusmussal nemcsak \u00f6ssze tudta egyeztetni, de a hippokrat\u00e9szi indivializsmust\u00f3l jutott el a korszak legobjekt\u00edvebb experimentativ k\u00f6zeg\u00e9szs\u00e9g\u00fcgy\u00e9ig.<\/p>\n<p><a href=\"https:\/\/semmelweis.hu\/nepegeszsegtan\/files\/2018\/08\/FodorJozsef.pdf\">B\u0151vebben Fodor J\u00f3zsefr\u0151l (pdf)<\/a><\/p>\n","protected":false},"excerpt":{"rendered":"<p><a href=\"https:\/\/semmelweis.hu\/nepegeszsegtan\/files\/2022\/08\/Fodor-Jozsef_2.png\"><\/a> A felvil\u00e1gosod\u00e1st k\u00f6vet\u0151en a 19. sz\u00e1zad els\u0151 fel\u00e9nek n\u00e9met \u2013 Magyarorsz\u00e1gon is \u00e9rv\u00e9nyes\u00fcl\u0151 \u2013 romantikus medicin\u00e1j\u00e1t a sz\u00e1zad k\u00f6zep\u00e9t\u0151l kezd\u0151d\u0151en Angli\u00e1ban \u00e9s N\u00e9metorsz\u00e1gban egy neohippokratikus szeml\u00e9let v\u00e1ltotta fel, ami a term\u00e9szettudom\u00e1nyos gondolkod\u00e1snak a medicin\u00e1ban term\u00e9keny r\u00e9sz\u00e9v\u00e9 v\u00e1lt. Ezt Virchow, Pettenkofer \u00edr\u00e1saiban, de az angol Chadwickn\u00e9l, Crawfordn\u00e1l is nyomon lehet k\u00f6vetni. Haz\u00e1nkban Fodor J\u00f3zsef volt az, &hellip;<\/p>\n","protected":false},"author":101164,"featured_media":0,"parent":5,"menu_order":0,"comment_status":"closed","ping_status":"closed","template":"","meta":{"_acf_changed":false,"footnotes":""},"categories":[],"tags":[],"class_list":["post-2002","page","type-page","status-publish","hentry"],"acf":[],"_links":{"self":[{"href":"https:\/\/semmelweis.hu\/nepegeszsegtan\/wp-json\/wp\/v2\/pages\/2002","targetHints":{"allow":["GET"]}}],"collection":[{"href":"https:\/\/semmelweis.hu\/nepegeszsegtan\/wp-json\/wp\/v2\/pages"}],"about":[{"href":"https:\/\/semmelweis.hu\/nepegeszsegtan\/wp-json\/wp\/v2\/types\/page"}],"author":[{"embeddable":true,"href":"https:\/\/semmelweis.hu\/nepegeszsegtan\/wp-json\/wp\/v2\/users\/101164"}],"replies":[{"embeddable":true,"href":"https:\/\/semmelweis.hu\/nepegeszsegtan\/wp-json\/wp\/v2\/comments?post=2002"}],"version-history":[{"count":10,"href":"https:\/\/semmelweis.hu\/nepegeszsegtan\/wp-json\/wp\/v2\/pages\/2002\/revisions"}],"predecessor-version":[{"id":3444,"href":"https:\/\/semmelweis.hu\/nepegeszsegtan\/wp-json\/wp\/v2\/pages\/2002\/revisions\/3444"}],"up":[{"embeddable":true,"href":"https:\/\/semmelweis.hu\/nepegeszsegtan\/wp-json\/wp\/v2\/pages\/5"}],"wp:attachment":[{"href":"https:\/\/semmelweis.hu\/nepegeszsegtan\/wp-json\/wp\/v2\/media?parent=2002"}],"wp:term":[{"taxonomy":"category","embeddable":true,"href":"https:\/\/semmelweis.hu\/nepegeszsegtan\/wp-json\/wp\/v2\/categories?post=2002"},{"taxonomy":"post_tag","embeddable":true,"href":"https:\/\/semmelweis.hu\/nepegeszsegtan\/wp-json\/wp\/v2\/tags?post=2002"}],"curies":[{"name":"wp","href":"https:\/\/api.w.org\/{rel}","templated":true}]}}

Fodor József a magyar közegészségügy megteremtője

<p style="text-align: left;"><a href="https://semmelweis.hu/nepegeszsegtan/files/2022/08/Fodor-Jozsef_2.png"><img loading="lazy" decoding="async" class="alignleft size-medium wp-image-3442" src="https://semmelweis.hu/nepegeszsegtan/files/2022/08/Fodor-Jozsef_2-219x300.png" alt="" width="219" height="300" srcset="https://semmelweis.hu/nepegeszsegtan/files/2022/08/Fodor-Jozsef_2-219x300.png 219w, https://semmelweis.hu/nepegeszsegtan/files/2022/08/Fodor-Jozsef_2.png 351w" sizes="auto, (max-width: 219px) 100vw, 219px" /></a>A felvilágosodást követően a 19. század első felének német – Magyarországon is érvényesülő – romantikus medicináját a század közepétől kezdődően Angliában és Németországban egy neohippokratikus szemlélet váltotta fel, ami a természettudományos gondolkodásnak a medicinában termékeny részévé vált. Ezt Virchow, Pettenkofer írásaiban, de az angol Chadwicknél, Crawfordnál is nyomon lehet követni.</p>
<p style="text-align: left;">Hazánkban <strong>Fodor József</strong> volt az, aki a 19. századi szigorú természettudományos gondolkodást a neohippokratikusmussal nemcsak össze tudta egyeztetni, de a hippokratészi indivializsmustól jutott el a korszak legobjektívebb experimentativ közegészségügyéig.</p>
<p><a href="https://semmelweis.hu/nepegeszsegtan/files/2018/08/FodorJozsef.pdf">Bővebben Fodor Józsefről (pdf)</a></p>

<p><a href="https://semmelweis.hu/nepegeszsegtan/files/2022/08/Fodor-Jozsef_2.png"></a> A felvilágosodást követően a 19. század első felének német – Magyarországon is érvényesülő – romantikus medicináját a század közepétől kezdődően Angliában és Németországban egy neohippokratikus szemlélet váltotta fel, ami a természettudományos gondolkodásnak a medicinában termékeny részévé vált. Ezt Virchow, Pettenkofer írásaiban, de az angol Chadwicknél, Crawfordnál is nyomon lehet követni. Hazánkban Fodor József volt az, &hellip;</p>
