{"id":290,"date":"2021-07-13T13:54:13","date_gmt":"2021-07-13T11:54:13","guid":{"rendered":"https:\/\/semmelweis.hu\/modellvaltas\/?page_id=290"},"modified":"2026-01-29T13:43:59","modified_gmt":"2026-01-29T12:43:59","slug":"az-alapitvanyrol","status":"publish","type":"page","link":"https:\/\/semmelweis.hu\/neoa\/","title":{"rendered":"Az alap\u00edtv\u00e1nyr\u00f3l"},"content":{"rendered":"<p>A Semmelweis Egyetem 2021. augusztus 1-j\u00e9t\u0151l k\u00f6zfeladatot ell\u00e1t\u00f3 k\u00f6z\u00e9rdek\u0171 vagyonkezel\u0151 alap\u00edtv\u00e1ny fenntart\u00e1sban m\u0171k\u00f6dik tov\u00e1bb. Az egyetem fenntart\u00f3ja a <strong>Nemzeti Eg\u00e9szs\u00e9g\u00fcgyi \u00e9s Orvosk\u00e9pz\u00e9s\u00e9rt Alap\u00edtv\u00e1ny (NEOA)<\/strong>, melynek alakul\u00f3 \u00fcl\u00e9se 2021. j\u00falius 7-\u00e9n volt \u00e9s melynek kurat\u00f3riumi tagjai a k\u00f6vetkez\u0151k:<\/p>\n<h5>Orb\u00e1n G\u00e1bor<br \/>\na Nemzeti Eg\u00e9szs\u00e9g\u00fcgyi \u00e9s Orvosk\u00e9pz\u00e9s\u00e9rt Alap\u00edtv\u00e1ny eln\u00f6ke<\/h5>\n<h5><a href=\"https:\/\/semmelweis.hu\/neoa\/files\/2021\/07\/Orb\u00e1n-G\u00e1bor-scaled.jpg\"><img loading=\"lazy\" decoding=\"async\" class=\"alignright wp-image-297 size-medium\" src=\"https:\/\/semmelweis.hu\/neoa\/files\/2021\/07\/Orb\u00e1n-G\u00e1bor-400x267.jpg\" alt=\"\" width=\"400\" height=\"267\" srcset=\"https:\/\/semmelweis.hu\/neoa\/files\/2021\/07\/Orb\u00e1n-G\u00e1bor-400x267.jpg 400w, https:\/\/semmelweis.hu\/neoa\/files\/2021\/07\/Orb\u00e1n-G\u00e1bor-1024x684.jpg 1024w, https:\/\/semmelweis.hu\/neoa\/files\/2021\/07\/Orb\u00e1n-G\u00e1bor-768x513.jpg 768w, https:\/\/semmelweis.hu\/neoa\/files\/2021\/07\/Orb\u00e1n-G\u00e1bor-1536x1025.jpg 1536w, https:\/\/semmelweis.hu\/neoa\/files\/2021\/07\/Orb\u00e1n-G\u00e1bor-2048x1367.jpg 2048w, https:\/\/semmelweis.hu\/neoa\/files\/2021\/07\/Orb\u00e1n-G\u00e1bor-753x503.jpg 753w, https:\/\/semmelweis.hu\/neoa\/files\/2021\/07\/Orb\u00e1n-G\u00e1bor-203x135.jpg 203w\" sizes=\"auto, (max-width: 400px) 100vw, 400px\" \/><\/a><\/h5>\n<p>A Richter Gedeon Nyrt. vez\u00e9rigazgat\u00f3ja, 1979-ben sz\u00fcletett Szolnokon. A Budapesti K\u00f6zgazdas\u00e1gtudom\u00e1nyi \u00e9s \u00c1llamigazgat\u00e1si Egyetem p\u00e9nz\u00fcgyi szak\u00e1n v\u00e9gzett, majd a Magyar Nemzeti Bankn\u00e1l \u00e9s az Eur\u00f3pai K\u00f6zponti Bankn\u00e1l dolgozott k\u00f6zgazd\u00e1szk\u00e9nt, illetve a Banque Rothschildn\u00e1l l\u00e1tott el vezet\u0151 tan\u00e1csad\u00f3i poz\u00edci\u00f3t. 2007-2013 k\u00f6z\u00f6tt az AEGON Befektet\u00e9si Alapkezel\u0151 Zrt. k\u00f6tv\u00e9ny\u00fczlet\u00e1g-vezet\u0151je, majd 2013-2015 k\u00f6z\u00f6tt ad\u00f3- \u00e9s p\u00e9nz\u00fcgyek\u00e9rt felel\u0151s \u00e1llamtitk\u00e1r volt. Sz\u00e1mos szervezetben t\u00f6lt\u00f6tt be, illetve t\u00f6lt be jelenleg is fel\u00fcgyel\u0151bizotts\u00e1gi (Magyar Nemzeti Bank), igazgat\u00f3tan\u00e1csi (Richter Gedeon Nyrt., Orsz\u00e1gos Bet\u00e9tv\u00e9delmi Alap, Szan\u00e1l\u00e1si Alap), test\u00fcleti (T\u0151zsdei Tan\u00e1csad\u00f3 Test\u00fclet, Budapesti \u00c9rt\u00e9kt\u0151zsde Zrt.), kurat\u00f3riumi (UNICEF Magyarorsz\u00e1g), konziszt\u00f3riumi (Semmelweis Egyetem Konziszt\u00f3rium) vagy bizotts\u00e1gi (Nemzeti Tudom\u00e1nypolitikai Tan\u00e1cs) tags\u00e1got.<\/p>\n<p><a href=\"https:\/\/semmelweis.hu\/neoa\/files\/2021\/07\/Orb\u00e1n-G\u00e1bor-CV.pdf\" target=\"_blank\" rel=\"noopener noreferrer\"><em>Orb\u00e1n G\u00e1bor szakmai \u00f6n\u00e9letrajza<\/em><\/a><\/p>\n<hr \/>\n<h5>dr. Bedros Jonath\u00e1n R\u00f3bert<br \/>\nkurat\u00f3riumi tag<\/h5>\n<p><a href=\"https:\/\/semmelweis.hu\/neoa\/files\/2021\/07\/IMAGE_1.jpeg\"><img loading=\"lazy\" decoding=\"async\" class=\"alignright wp-image-336 \" src=\"https:\/\/semmelweis.hu\/neoa\/files\/2021\/07\/IMAGE_1-346x400.jpeg\" alt=\"\" width=\"293\" height=\"339\" srcset=\"https:\/\/semmelweis.hu\/neoa\/files\/2021\/07\/IMAGE_1-346x400.jpeg 346w, https:\/\/semmelweis.hu\/neoa\/files\/2021\/07\/IMAGE_1.jpeg 736w\" sizes=\"auto, (max-width: 293px) 100vw, 293px\" \/><\/a><\/p>\n<p>A Szent Imre Egyetemi Oktat\u00f3k\u00f3rh\u00e1z f\u0151igazgat\u00f3ja, 1961-ben sz\u00fcletett Balassagyarmaton. Orvosi diplom\u00e1j\u00e1t a Semmelweis Egyetemen, k\u00f6zgazdas\u00e1gi diplom\u00e1j\u00e1t a JATE-n, tudom\u00e1nyos fokozatot a ZMNE-n szerzett. A Magyar Obezitol\u00f3gia \u00e9s Mozg\u00e1ster\u00e1pi\u00e1s T\u00e1rsas\u00e1g, valamint az Orsz\u00e1gos Obezitol\u00f3giai Centrum alap\u00edt\u00f3-vezet\u0151je, az els\u0151 hazai Obezitol\u00f3giai egyetemi tank\u00f6nyv szerkeszt\u0151je \u00e9s a hazai obezitol\u00f3gus licenszk\u00e9pz\u00e9s elind\u00edt\u00f3ja, az els\u0151 hazai obezitol\u00f3giai tansz\u00e9k vezet\u0151je (PTE), a Belgy\u00f3gy\u00e1szat-, Endokrinol\u00f3gia-, Diab\u00e9tesz \u00e9s Anyagcserebetegs\u00e9gek Szakmai Koll\u00e9giumi Tagozat eln\u00f6ke. Az orsz\u00e1gos k\u00f3rh\u00e1zf\u0151parancsnok helyettese \u00e9s a D\u00e9l-budai Centrum Zrt. Igazgat\u00f3s\u00e1g\u00e1nak eln\u00f6ke 33 \u00e9ve az eg\u00e9szs\u00e9g\u00fcgyben dolgozik, ebb\u0151l 22 \u00e9ve int\u00e9zm\u00e9nyvezet\u0151k\u00e9nt (BM K\u00f6zponti K\u00f3rh\u00e1z \u00e9s Int\u00e9zm\u00e9nyei, Fl\u00f3r Ferenc K\u00f3rh\u00e1z \u00e9s Szent Imre Egyetemi Oktat\u00f3k\u00f3rh\u00e1z). Sz\u00e1mos rangos elismer\u00e9snek \u00e9s kit\u00fcntet\u00e9snek birtokosa, t\u00f6bbek k\u00f6z\u00f6tt a Magyar K\u00f6zt\u00e1rsas\u00e1gi \u00c9rdemrend Lovagkeresztj\u00e9nek, a Szent Gy\u00f6rgy \u00c9rdemjelnek, a K\u00f6z Szolg\u00e1lat\u00e1\u00e9rt \u00c9rdemjel Aranyfokozat\u00e1nak, a BM Tudom\u00e1ny Szolg\u00e1lat\u00e1\u00e9rt eml\u00e9k\u00e9remnek, a Magyar \u00c9rdemrend Tisztikeresztj\u00e9nek, a Markusovszky Lajos d\u00edjnak, valamint a Pro Medicina \u00dajbuda kit\u00fcntet\u00e9snek is.<\/p>\n<p><em><a href=\"https:\/\/semmelweis.hu\/neoa\/files\/2023\/02\/Dr.-Bedros-J.-Ro\u0301bert-CV_v3.pdf\">Dr. Bedros J. Ro\u0301bert szakmai \u00f6n\u00e9letrajza<\/a><\/em><\/p>\n<hr \/>\n<h5>dr. Gloviczki P\u00e9ter<br \/>\nkurat\u00f3riumi tag<\/h5>\n<h5><a href=\"https:\/\/semmelweis.hu\/neoa\/files\/2021\/07\/RS128513_Peter-Gloviczki-professional-picture-copy-3-scr.jpg\"><img loading=\"lazy\" decoding=\"async\" class=\"alignright wp-image-298 size-medium\" src=\"https:\/\/semmelweis.hu\/neoa\/files\/2021\/07\/RS128513_Peter-Gloviczki-professional-picture-copy-3-scr-400x291.jpg\" alt=\"\" width=\"400\" height=\"291\" srcset=\"https:\/\/semmelweis.hu\/neoa\/files\/2021\/07\/RS128513_Peter-Gloviczki-professional-picture-copy-3-scr-400x291.jpg 400w, https:\/\/semmelweis.hu\/neoa\/files\/2021\/07\/RS128513_Peter-Gloviczki-professional-picture-copy-3-scr-1024x745.jpg 1024w, https:\/\/semmelweis.hu\/neoa\/files\/2021\/07\/RS128513_Peter-Gloviczki-professional-picture-copy-3-scr-768x559.jpg 768w, https:\/\/semmelweis.hu\/neoa\/files\/2021\/07\/RS128513_Peter-Gloviczki-professional-picture-copy-3-scr-753x548.jpg 753w, https:\/\/semmelweis.hu\/neoa\/files\/2021\/07\/RS128513_Peter-Gloviczki-professional-picture-copy-3-scr.jpg 1200w\" sizes=\"auto, (max-width: 400px) 100vw, 400px\" \/><\/a><\/h5>\n<p>Az Egyes\u00fclt \u00c1llamokban m\u0171k\u00f6d\u0151 Mayo Klinika nyugalmazott \u00e9rseb\u00e9sz professzora, 1948-ban sz\u00fcletett Ny\u00edregyh\u00e1z\u00e1n. A Semmelweis Egyetemen szerzett diplom\u00e1t 1972-ben, majd a V\u00e1rosmajori Sz\u00edv- \u00e9s \u00c9rgy\u00f3gy\u00e1szati Klinik\u00e1n, a p\u00e1rizsi St. Michel \u00e9s St. Joseph k\u00f3rh\u00e1zakban is dolgozott. 2003-ban az Amerikai \u00c9rseb\u00e9sz T\u00e1rsas\u00e1g eln\u00f6k\u00e9v\u00e9 v\u00e1lasztott\u00e1k. T\u00f6bbek k\u00f6z\u00f6tt a Nemzetk\u00f6zi Angiologiai Unio, az American Venous Forum \u00e9s a World Federation of Vascular Societies eln\u00f6ki tisztj\u00e9t is bet\u00f6lt\u00f6tte. 19 t\u00e1rsas\u00e1g tiszteletbeli tagja, bele\u00e9rtve a Magyar Seb\u00e9szeti T\u00e1rsas\u00e1got \u00e9s a Magyar Angiol\u00f3giai \u00e9s \u00c9rseb\u00e9szeti T\u00e1rsas\u00e1got, valamint a Kanadai, az Argentin, a Francia, a Brazil, a Lengyel, a Cseh, a N\u00e9met \u00e9s az Eur\u00f3pai \u00c9rseb\u00e9szeti T\u00e1rsas\u00e1gokat. A Semmelweis Egyetem \u201eDoctor Honoris Causa\u201d diplom\u00e1val t\u00fcntette ki, az Amerikai Magyar Alap\u00edtv\u00e1ny a George Washington-d\u00edjat adom\u00e1nyozta neki. 2020-ban megkapta a Semmelweis Budapest Award-ot.<\/p>\n<p><a href=\"https:\/\/semmelweis.hu\/neoa\/files\/2021\/07\/Peter-Gloviczki-CV.pdf\" target=\"_blank\" rel=\"noopener noreferrer\"><em>Dr. Gloviczki P\u00e9ter szakmai \u00f6n\u00e9letrajza<\/em><\/a><\/p>\n<hr \/>\n<h5>dr. Merkely B\u00e9la<br \/>\nkurat\u00f3riumi tag<\/h5>\n<p><a href=\"https:\/\/semmelweis.hu\/neoa\/files\/2021\/07\/D__CC20210709013-scaled.jpg\"><img loading=\"lazy\" decoding=\"async\" class=\"alignright wp-image-348 size-medium\" src=\"https:\/\/semmelweis.hu\/neoa\/files\/2021\/07\/D__CC20210709013-400x266.jpg\" alt=\"\" width=\"400\" height=\"266\" srcset=\"https:\/\/semmelweis.hu\/neoa\/files\/2021\/07\/D__CC20210709013-400x266.jpg 400w, https:\/\/semmelweis.hu\/neoa\/files\/2021\/07\/D__CC20210709013-1024x682.jpg 1024w, https:\/\/semmelweis.hu\/neoa\/files\/2021\/07\/D__CC20210709013-768x511.jpg 768w, https:\/\/semmelweis.hu\/neoa\/files\/2021\/07\/D__CC20210709013-1536x1022.jpg 1536w, https:\/\/semmelweis.hu\/neoa\/files\/2021\/07\/D__CC20210709013-2048x1363.jpg 2048w, https:\/\/semmelweis.hu\/neoa\/files\/2021\/07\/D__CC20210709013-753x501.jpg 753w, https:\/\/semmelweis.hu\/neoa\/files\/2021\/07\/D__CC20210709013-203x135.jpg 203w\" sizes=\"auto, (max-width: 400px) 100vw, 400px\" \/><\/a><\/p>\n<p>A Semmelweis Egyetem rektora, 1966-ban sz\u00fcletett Budapesten. Orvosi diplom\u00e1j\u00e1t a Semmelweis Egyetemen szerezte summa cum laude min\u0151s\u00edt\u00e9ssel. A Semmelweis Egyetem Kardiol\u00f3giai Tansz\u00e9k\u00e9nek tansz\u00e9kvezet\u0151je, a V\u00e1rosmajori Sz\u00edv- \u00e9s \u00c9rgy\u00f3gy\u00e1szati Klinika igazgat\u00f3ja, az Eg\u00e9szs\u00e9g\u00fcgyi Szakmai Koll\u00e9gium Kardiol\u00f3giai Tagozat\u00e1nak eln\u00f6ke. Sz\u00e1mos d\u00edj \u00e9s kit\u00fcntet\u00e9s birtokosa, t\u00f6bbek k\u00f6z\u00f6tt a Magyar Tudom\u00e1nyos Akad\u00e9mia Bolyai Kutat\u00e1si \u00d6szt\u00f6nd\u00edj\u00e1nak, a Semmelweis Egyetem Kiv\u00e1l\u00f3 Tudom\u00e1nyos Di\u00e1kk\u00f6ri Nevel\u0151 kit\u00fcntet\u00e9s\u00e9nek, a Magyar Kardiol\u00f3gusok T\u00e1rsas\u00e1ga Pro Societate Eml\u00e9k\u00e9rm\u00e9nek, a Magyar Tudom\u00e1nyos Akad\u00e9mia Bolyai-plakett kit\u00fcntet\u00e9s\u00e9nek, a Jendrassik Ern\u0151 eml\u00e9k\u00e9remnek \u00e9s jutalomd\u00edjnak, az Akad\u00e9miai N\u00edv\u00f3d\u00edjnak, a Magyar K\u00f6zt\u00e1rsas\u00e1gi \u00c9rdemrend tisztikeresztj\u00e9nek, a G\u00e1bor D\u00e9nes d\u00edjnak, a Magyar \u00c9rdemrend K\u00f6z\u00e9pkeresztj\u00e9nek \u00e9s a Sz\u00e9chenyi-d\u00edjnak is.<\/p>\n<p><a href=\"https:\/\/semmelweis.hu\/az-egyetemrol\/az-egyetem-vezetese\/vezeto-tisztsegviselok\/rektor\/\" target=\"_blank\" rel=\"noopener noreferrer\"><em>Dr. Merkely B\u00e9la szakmai \u00f6n\u00e9letrajza<\/em><\/a><\/p>\n<hr \/>\n<h5>dr. Sz\u00f3cska Mikl\u00f3s<br \/>\nkurat\u00f3riumi tag<\/h5>\n<h5><a href=\"https:\/\/semmelweis.hu\/neoa\/files\/2021\/07\/RS125147_szocska_miklos2-scr.jpg\"><img loading=\"lazy\" decoding=\"async\" class=\"alignright wp-image-301 size-medium\" src=\"https:\/\/semmelweis.hu\/neoa\/files\/2021\/07\/RS125147_szocska_miklos2-scr-400x230.jpg\" alt=\"\" width=\"400\" height=\"230\" srcset=\"https:\/\/semmelweis.hu\/neoa\/files\/2021\/07\/RS125147_szocska_miklos2-scr-400x230.jpg 400w, https:\/\/semmelweis.hu\/neoa\/files\/2021\/07\/RS125147_szocska_miklos2-scr-768x441.jpg 768w, https:\/\/semmelweis.hu\/neoa\/files\/2021\/07\/RS125147_szocska_miklos2-scr-753x433.jpg 753w, https:\/\/semmelweis.hu\/neoa\/files\/2021\/07\/RS125147_szocska_miklos2-scr.jpg 940w\" sizes=\"auto, (max-width: 400px) 100vw, 400px\" \/><\/a><\/h5>\n<div dir=\"ltr\">\n<div>Az Eg\u00e9szs\u00e9g\u00fcgyi Menedzserk\u00e9pz\u0151 K\u00f6zpont Igazgat\u00f3ja, 1960-ban sz\u00fcletett Budapesten. Az egyetem Eg\u00e9szs\u00e9g\u00fcgyi Menedzserk\u00e9pz\u0151 K\u00f6zpontj\u00e1nak alap\u00edt\u00f3ja, projektvezet\u0151je, igazgat\u00f3helyettese, megb\u00edzott vezet\u0151je, 2014-t\u0151l igazgat\u00f3ja. 2019-t\u0151l 2025-ig a Semmelweis Egyetem Eg\u00e9szs\u00e9g\u00fcgyi K\u00f6zszolg\u00e1lati Kar\u00e1nak d\u00e9k\u00e1nja. K\u00f6zmegb\u00edzat\u00e1sai k\u00f6r\u00e9ben kor\u00e1bban t\u00f6bbek k\u00f6z\u00f6tt az Eg\u00e9szs\u00e9gbiztos\u00edt\u00e1si Alap Fel\u00fcgyel\u0151bizotts\u00e1g\u00e1nak volt Orsz\u00e1ggy\u0171l\u00e9s \u00e1ltal v\u00e1lasztott tagja, k\u00e9s\u0151bb a N\u00e9pj\u00f3l\u00e9ti Miniszt\u00e9rium k\u00f6zigazgat\u00e1si \u00e1llamtitk\u00e1r\u00e1nak Eg\u00e9szs\u00e9gbiztos\u00edt\u00e1s \u00d6nkorm\u00e1nyzat Eln\u00f6ks\u00e9g\u00e9vel kapcsolatos \u00fcgyekben illet\u00e9kes tan\u00e1csad\u00f3ja. 2010-2014 k\u00f6z\u00f6tt Eg\u00e9szs\u00e9g\u00fcgy\u00e9rt Felel\u0151s \u00c1llamtitk\u00e1rk\u00e9nt dolgozott. Test\u00fcleti tags\u00e1gai k\u00f6z\u00f6tt kiemelend\u0151 a European Health Forum Gastein igazgat\u00f3s\u00e1gi tan\u00e1cs\u00e1ban, a WHO Euro Eg\u00e9szs\u00e9g \u00e9s Fenntarthat\u00f3 Fejl\u0151d\u00e9s Bizotts\u00e1g tudom\u00e1nyos tan\u00e1csad\u00f3 test\u00fclet\u00e9ben, valamint az Eur\u00f3pai Bizotts\u00e1g eln\u00f6k\u00e9nek COVID-19 tan\u00e1csad\u00f3i panelj\u00e9ben \u00e9s a COVID-19 tan\u00e1csad\u00f3i platformban v\u00e9gzett munk\u00e1ja. 2011-2012-ben tagja volt az Eur\u00f3pai Uni\u00f3 E-Health Task Force-nak, amely az eur\u00f3pai digit\u00e1lis eg\u00e9szs\u00e9g\u00fcgy strat\u00e9gi\u00e1j\u00e1t alkotta meg az \u00e9szt eln\u00f6k, Thomas Hendrik Ilves vezet\u00e9s\u00e9vel. 2024-t\u0151l a Harvard Egyetem J.F. Kennedy Korm\u00e1nyzati Iskol\u00e1ja Mossavar-Rahmani \u00dczleti \u00e9s Korm\u00e1nyzati K\u00f6zpontj\u00e1nak senior munkat\u00e1rsa.\u00a0<\/div>\n<div>\u00a0<\/div>\n<\/div>\n<p><a href=\"https:\/\/scholar.semmelweis.hu\/szocskamiklos\/\" target=\"_blank\" rel=\"noopener noreferrer\"><em>Dr. Sz\u00f3cska Mikl\u00f3s szakmai \u00f6n\u00e9letrajza<\/em><\/a><\/p>\n","protected":false},"excerpt":{"rendered":"<p>A Semmelweis Egyetem 2021. augusztus 1-j\u00e9t\u0151l k\u00f6zfeladatot ell\u00e1t\u00f3 k\u00f6z\u00e9rdek\u0171 vagyonkezel\u0151 alap\u00edtv\u00e1ny fenntart\u00e1sban m\u0171k\u00f6dik tov\u00e1bb. Az egyetem fenntart\u00f3ja a Nemzeti Eg\u00e9szs\u00e9g\u00fcgyi \u00e9s Orvosk\u00e9pz\u00e9s\u00e9rt Alap\u00edtv\u00e1ny (NEOA), melynek alakul\u00f3 \u00fcl\u00e9se 2021. j\u00falius 7-\u00e9n volt \u00e9s melynek kurat\u00f3riumi tagjai a k\u00f6vetkez\u0151k: Orb\u00e1n G\u00e1bor a Nemzeti Eg\u00e9szs\u00e9g\u00fcgyi \u00e9s Orvosk\u00e9pz\u00e9s\u00e9rt Alap\u00edtv\u00e1ny eln\u00f6ke <a href=\"https:\/\/semmelweis.hu\/neoa\/files\/2021\/07\/Orb\u00e1n-G\u00e1bor-scaled.jpg\"><\/a> A Richter Gedeon Nyrt. vez\u00e9rigazgat\u00f3ja, 1979-ben sz\u00fcletett Szolnokon. A &hellip;<\/p>\n","protected":false},"author":12,"featured_media":0,"parent":0,"menu_order":0,"comment_status":"closed","ping_status":"closed","template":"template-fullwidth.php","meta":{"_acf_changed":false,"footnotes":""},"categories":[],"tags":[],"class_list":["post-290","page","type-page","status-publish","hentry"],"acf":[],"_links":{"self":[{"href":"https:\/\/semmelweis.hu\/neoa\/wp-json\/wp\/v2\/pages\/290","targetHints":{"allow":["GET"]}}],"collection":[{"href":"https:\/\/semmelweis.hu\/neoa\/wp-json\/wp\/v2\/pages"}],"about":[{"href":"https:\/\/semmelweis.hu\/neoa\/wp-json\/wp\/v2\/types\/page"}],"author":[{"embeddable":true,"href":"https:\/\/semmelweis.hu\/neoa\/wp-json\/wp\/v2\/users\/12"}],"replies":[{"embeddable":true,"href":"https:\/\/semmelweis.hu\/neoa\/wp-json\/wp\/v2\/comments?post=290"}],"version-history":[{"count":12,"href":"https:\/\/semmelweis.hu\/neoa\/wp-json\/wp\/v2\/pages\/290\/revisions"}],"predecessor-version":[{"id":1136,"href":"https:\/\/semmelweis.hu\/neoa\/wp-json\/wp\/v2\/pages\/290\/revisions\/1136"}],"wp:attachment":[{"href":"https:\/\/semmelweis.hu\/neoa\/wp-json\/wp\/v2\/media?parent=290"}],"wp:term":[{"taxonomy":"category","embeddable":true,"href":"https:\/\/semmelweis.hu\/neoa\/wp-json\/wp\/v2\/categories?post=290"},{"taxonomy":"post_tag","embeddable":true,"href":"https:\/\/semmelweis.hu\/neoa\/wp-json\/wp\/v2\/tags?post=290"}],"curies":[{"name":"wp","href":"https:\/\/api.w.org\/{rel}","templated":true}]}}