{"id":34,"date":"2023-02-02T10:46:59","date_gmt":"2023-02-02T09:46:59","guid":{"rendered":"https:\/\/semmelweis.hu\/nap\/?page_id=34"},"modified":"2025-09-19T14:23:05","modified_gmt":"2025-09-19T12:23:05","slug":"neuropszichofarmakologiai-kutatocsoport","status":"publish","type":"page","link":"https:\/\/semmelweis.hu\/nap\/nap-3-0\/neuropszichofarmakologiai-kutatocsoport\/","title":{"rendered":"Neuropszichofarmakol\u00f3giai Kutat\u00f3csoport"},"content":{"rendered":"<h3>Biol\u00f3giai \u00fatvonalak \u00f6sszehasonl\u00edt\u00e1s\u00e1n alapul\u00f3 \u00faj antidepressz\u00edv gy\u00f3gyszerc\u00e9lpontok azonos\u00edt\u00e1sa<\/h3>\n<div class=\"keretes w-100\">\n<h6><strong>Neuropszichofarmakol\u00f3giai Kutat\u00f3csoport<\/strong><\/h6>\n<p>Vezet\u0151k: Prof. Dr. Bagdy Gy\u00f6rgy \u00e9s Prof. Dr. Juh\u00e1sz Gabriella<br \/>\ne-mail: bagdy.gyorgy.laszlo@semmelweis.hu<br \/>\ne-mail: juhasz.gabriella@semmelweis.hu<\/p>\n<\/div>\n<p style=\"text-align: justify\">Kor\u00e1bbi kutat\u00e1saink, valamint az ut\u00f3bbi \u00e9vek nagyszab\u00e1s\u00fa klinikai gy\u00f3gyszervizsg\u00e1latai, illetve azok kudarcai alapj\u00e1n arra a k\u00f6vetkeztet\u00e9sre jutottunk, hogy a k\u00f6zponti idegrendszert c\u00e9lz\u00f3 jelenlegi gy\u00f3gyszerkutat\u00e1si projekteknek legal\u00e1bb h\u00e1rom hi\u00e1nyoss\u00e1ga azonos\u00edthat\u00f3. Ezek kik\u00fcsz\u00f6b\u00f6l\u00e9s\u00e9re a depresszi\u00f3 kialakul\u00e1s\u00e1hoz vezet\u0151 biol\u00f3giai \u00fatvonalak \u00e9s konkr\u00e9t feh\u00e9rj\u00e9k pathomechanizmusban j\u00e1tszott szerep\u00e9nek igazol\u00e1s\u00e1n t\u00fal azok hat\u00e1ser\u0151ss\u00e9g\u00e9nek \u00f6sszehasonl\u00edt\u00e1s\u00e1t c\u00e9lozzuk meg. \u00d3ri\u00e1si hum\u00e1n adatb\u00e1zisokb\u00f3l kiindulva, a mesters\u00e9ges intelligencia eszk\u00f6zt\u00e1r\u00e1t is felhaszn\u00e1lva jutunk el az \u00fatvonalak \u00e9s feh\u00e9rj\u00e9k hat\u00e1sainak elemz\u00e9s\u00e9hez, illetve rangsorol\u00e1s\u00e1hoz, melyeket r\u00e1gcs\u00e1l\u00f3k transzkriptomikai adatain tesztel\u00fcnk \u00e9s hum\u00e1n fMRI vizsg\u00e1latokkal eg\u00e9sz\u00edt\u00fcnk ki.<\/p>\n<p style=\"text-align: justify\" data-wp-editing=\"1\">Az \u00e1bra a k\u00fcl\u00f6nb\u00f6z\u0151 biol\u00f3giai \u00fatvonalakhoz tartoz\u00f3 g\u00e9neket is magukba foglal\u00f3 adatb\u00e1zisok (Chembl, Gene Ontology, Wiki Pathway, Reactome) egyes\u00edt\u00e9s\u00e9nek sematikus folyamat\u00e1t mutatja.<\/p>\n<p data-wp-editing=\"1\"><a href=\"https:\/\/semmelweis.hu\/nap\/files\/2023\/02\/bagdy.nap_.1.jpg\"><img loading=\"lazy\" decoding=\"async\" class=\"aligncenter size-full wp-image-8\" src=\"https:\/\/semmelweis.hu\/nap\/files\/2023\/02\/bagdy.nap_.1.jpg\" alt=\"\" width=\"757\" height=\"541\" srcset=\"https:\/\/semmelweis.hu\/nap\/files\/2023\/02\/bagdy.nap_.1.jpg 757w, https:\/\/semmelweis.hu\/nap\/files\/2023\/02\/bagdy.nap_.1-400x286.jpg 400w, https:\/\/semmelweis.hu\/nap\/files\/2023\/02\/bagdy.nap_.1-753x538.jpg 753w\" sizes=\"auto, (max-width: 757px) 100vw, 757px\" \/><\/a><\/p>\n<p>&nbsp;<\/p>\n","protected":false},"excerpt":{"rendered":"<p>Biol\u00f3giai \u00fatvonalak \u00f6sszehasonl\u00edt\u00e1s\u00e1n alapul\u00f3 \u00faj antidepressz\u00edv gy\u00f3gyszerc\u00e9lpontok azonos\u00edt\u00e1sa Neuropszichofarmakol\u00f3giai Kutat\u00f3csoport Vezet\u0151k: Prof. Dr. Bagdy Gy\u00f6rgy \u00e9s Prof. Dr. Juh\u00e1sz Gabriella e-mail: bagdy.gyorgy.laszlo@semmelweis.hu e-mail: juhasz.gabriella@semmelweis.hu Kor\u00e1bbi kutat\u00e1saink, valamint az ut\u00f3bbi \u00e9vek nagyszab\u00e1s\u00fa klinikai gy\u00f3gyszervizsg\u00e1latai, illetve azok kudarcai alapj\u00e1n arra a k\u00f6vetkeztet\u00e9sre jutottunk, hogy a k\u00f6zponti idegrendszert c\u00e9lz\u00f3 jelenlegi gy\u00f3gyszerkutat\u00e1si projekteknek legal\u00e1bb h\u00e1rom hi\u00e1nyoss\u00e1ga azonos\u00edthat\u00f3. Ezek kik\u00fcsz\u00f6b\u00f6l\u00e9s\u00e9re &hellip;<\/p>\n","protected":false},"author":102160,"featured_media":0,"parent":21,"menu_order":2,"comment_status":"closed","ping_status":"closed","template":"","meta":{"_acf_changed":false,"footnotes":""},"categories":[],"tags":[],"class_list":["post-34","page","type-page","status-publish","hentry"],"acf":[],"_links":{"self":[{"href":"https:\/\/semmelweis.hu\/nap\/wp-json\/wp\/v2\/pages\/34","targetHints":{"allow":["GET"]}}],"collection":[{"href":"https:\/\/semmelweis.hu\/nap\/wp-json\/wp\/v2\/pages"}],"about":[{"href":"https:\/\/semmelweis.hu\/nap\/wp-json\/wp\/v2\/types\/page"}],"author":[{"embeddable":true,"href":"https:\/\/semmelweis.hu\/nap\/wp-json\/wp\/v2\/users\/102160"}],"replies":[{"embeddable":true,"href":"https:\/\/semmelweis.hu\/nap\/wp-json\/wp\/v2\/comments?post=34"}],"version-history":[{"count":10,"href":"https:\/\/semmelweis.hu\/nap\/wp-json\/wp\/v2\/pages\/34\/revisions"}],"predecessor-version":[{"id":144,"href":"https:\/\/semmelweis.hu\/nap\/wp-json\/wp\/v2\/pages\/34\/revisions\/144"}],"up":[{"embeddable":true,"href":"https:\/\/semmelweis.hu\/nap\/wp-json\/wp\/v2\/pages\/21"}],"wp:attachment":[{"href":"https:\/\/semmelweis.hu\/nap\/wp-json\/wp\/v2\/media?parent=34"}],"wp:term":[{"taxonomy":"category","embeddable":true,"href":"https:\/\/semmelweis.hu\/nap\/wp-json\/wp\/v2\/categories?post=34"},{"taxonomy":"post_tag","embeddable":true,"href":"https:\/\/semmelweis.hu\/nap\/wp-json\/wp\/v2\/tags?post=34"}],"curies":[{"name":"wp","href":"https:\/\/api.w.org\/{rel}","templated":true}]}}