{"id":23,"date":"2023-02-02T10:39:54","date_gmt":"2023-02-02T09:39:54","guid":{"rendered":"https:\/\/semmelweis.hu\/nap\/?page_id=23"},"modified":"2024-10-11T15:56:03","modified_gmt":"2024-10-11T13:56:03","slug":"kapcsolat","status":"publish","type":"page","link":"https:\/\/semmelweis.hu\/nap\/kapcsolat\/","title":{"rendered":"Kapcsolat"},"content":{"rendered":"<h6><strong>K\u00eds\u00e9rletes Neuroanat\u00f3miai \u00e9s Fejl\u0151d\u00e9sbiol\u00f3giai Munkacsoport<\/strong><\/h6>\n<p>Vezet\u0151:\u00a0 \u00a0 Prof. Dr. Alp\u00e1r Al\u00e1n<br \/>\ne-mail:\u00a0 \u00a0 \u00a0alpar.alan@semmelweis.hu<\/p>\n<h6><strong>Neuropszichofarmakol\u00f3giai Kutat\u00f3csoport<\/strong><\/h6>\n<p>Vezet\u0151k:\u00a0 Prof. Dr. Bagdy Gy\u00f6rgy \u00e9s Dr. Juh\u00e1sz Gabriella<br \/>\ne-mail:\u00a0 \u00a0 \u00a0bagdy.gyorgy@semmelweis.hu<br \/>\ne-mail:\u00a0 \u00a0 \u00a0<span style=\"font-size: 1rem\">juhasz.gabriella@semmelweis.hu<\/span><\/p>\n<h6><strong>Bioelektromos \u00e9s Multimod\u00e1lis K\u00e9palkot\u00e1s Kutat\u00f3csoport<\/strong><\/h6>\n<p>Vezet\u0151:\u00a0 \u00a0 Dr. Czobor P\u00e1l<br \/>\ne-mail:\u00a0 \u00a0 \u00a0<span style=\"font-size: 1rem\">czobor.pal@semmelweis.hu<\/span><\/p>\n<h6><strong>Hum\u00e1n Agyminta Bank Mikrodisszekci\u00f3s Kutat\u00f3csoport<\/strong><\/h6>\n<p>Vezet\u0151k:\u00a0 Prof. Dr. Palkovits Mikl\u00f3s \u00e9s Dr. Dobolyin\u00e9 dr. Renner \u00c9va<br \/>\ne-mail:\u00a0 \u00a0 palkovits.miklos@semmelweis.hu<br \/>\ne-mail:\u00a0 \u00a0 renner.eva@semmelweis.hu<\/p>\n<p style=\"text-align: right\"><span style=\"font-size: 12pt\">Honlap szerkeszt\u0151: Toronyay-Kasztner Magdolna<br \/>\ne-mail: toronyay-kasztner.magdolna@semmelweis.hu<\/span><\/p>\n","protected":false},"excerpt":{"rendered":"<p>K\u00eds\u00e9rletes Neuroanat\u00f3miai \u00e9s Fejl\u0151d\u00e9sbiol\u00f3giai Munkacsoport Vezet\u0151:\u00a0 \u00a0 Prof. Dr. Alp\u00e1r Al\u00e1n e-mail:\u00a0 \u00a0 \u00a0alpar.alan@semmelweis.hu Neuropszichofarmakol\u00f3giai Kutat\u00f3csoport Vezet\u0151k:\u00a0 Prof. Dr. Bagdy Gy\u00f6rgy \u00e9s Dr. Juh\u00e1sz Gabriella e-mail:\u00a0 \u00a0 \u00a0bagdy.gyorgy@semmelweis.hu e-mail:\u00a0 \u00a0 \u00a0juhasz.gabriella@semmelweis.hu Bioelektromos \u00e9s Multimod\u00e1lis K\u00e9palkot\u00e1s Kutat\u00f3csoport Vezet\u0151:\u00a0 \u00a0 Dr. Czobor P\u00e1l e-mail:\u00a0 \u00a0 \u00a0czobor.pal@semmelweis.hu Hum\u00e1n Agyminta Bank Mikrodisszekci\u00f3s Kutat\u00f3csoport Vezet\u0151k:\u00a0 Prof. Dr. Palkovits Mikl\u00f3s \u00e9s &hellip;<\/p>\n","protected":false},"author":102160,"featured_media":0,"parent":0,"menu_order":3,"comment_status":"closed","ping_status":"closed","template":"","meta":{"_acf_changed":false,"footnotes":""},"categories":[],"tags":[],"class_list":["post-23","page","type-page","status-publish","hentry"],"acf":[],"_links":{"self":[{"href":"https:\/\/semmelweis.hu\/nap\/wp-json\/wp\/v2\/pages\/23","targetHints":{"allow":["GET"]}}],"collection":[{"href":"https:\/\/semmelweis.hu\/nap\/wp-json\/wp\/v2\/pages"}],"about":[{"href":"https:\/\/semmelweis.hu\/nap\/wp-json\/wp\/v2\/types\/page"}],"author":[{"embeddable":true,"href":"https:\/\/semmelweis.hu\/nap\/wp-json\/wp\/v2\/users\/102160"}],"replies":[{"embeddable":true,"href":"https:\/\/semmelweis.hu\/nap\/wp-json\/wp\/v2\/comments?post=23"}],"version-history":[{"count":10,"href":"https:\/\/semmelweis.hu\/nap\/wp-json\/wp\/v2\/pages\/23\/revisions"}],"predecessor-version":[{"id":139,"href":"https:\/\/semmelweis.hu\/nap\/wp-json\/wp\/v2\/pages\/23\/revisions\/139"}],"wp:attachment":[{"href":"https:\/\/semmelweis.hu\/nap\/wp-json\/wp\/v2\/media?parent=23"}],"wp:term":[{"taxonomy":"category","embeddable":true,"href":"https:\/\/semmelweis.hu\/nap\/wp-json\/wp\/v2\/categories?post=23"},{"taxonomy":"post_tag","embeddable":true,"href":"https:\/\/semmelweis.hu\/nap\/wp-json\/wp\/v2\/tags?post=23"}],"curies":[{"name":"wp","href":"https:\/\/api.w.org\/{rel}","templated":true}]}}