{"id":618,"date":"2019-09-15T16:55:39","date_gmt":"2019-09-15T14:55:39","guid":{"rendered":"http:\/\/semmelweis.hu\/nanokemia\/?page_id=618"},"modified":"2025-01-31T13:32:29","modified_gmt":"2025-01-31T12:32:29","slug":"dr-simonne-dr-nagy-krisztina","status":"publish","type":"page","link":"https:\/\/semmelweis.hu\/nanokemia\/munkatarsak\/dr-simonne-dr-nagy-krisztina\/","title":{"rendered":"Dr. Simonn\u00e9 Dr. Nagy Krisztina"},"content":{"rendered":"<table style=\"height: 286px;width: 100%;border-style: hidden;border-color: #ffffff;background-color: #ffffff\">\n<tbody>\n<tr style=\"height: 286px\">\n<td style=\"height: 286px;width: 25.944%;border-style: hidden;border-color: #ffffff;background-color: #ffffff\"><img loading=\"lazy\" decoding=\"async\" class=\"alignnone  wp-image-619\" src=\"https:\/\/semmelweis.hu\/nanokemia\/files\/2019\/09\/SE-fot\u00f3-2018.jpg\" alt=\"\" width=\"177\" height=\"266\" \/><\/td>\n<td style=\"height: 286px;width: 73.9342%;border-style: hidden;border-color: #ffffff;background-color: #ffffff\"><span style=\"text-decoration: underline\"><span style=\"font-size: 24px\"><strong>Szem\u00e9lyes adatok<\/strong><\/span><\/span><strong><strong><span style=\"font-size: 24px\">\u00a0\u00a0\u00a0<\/span>\u00a0\u00a0\u00a0 <br \/>\n<\/strong><\/strong><\/p>\n<table style=\"width: 100%;border-collapse: collapse;background-color: #ffffff;border-color: #ffffff;border-style: none;height: 160px\">\n<tbody>\n<tr style=\"height: 32px\">\n<td style=\"width: 25.2427%;border-style: hidden;border-color: #ffffff;background-color: #ffffff;height: 32px\"><strong>N\u00e9v: <\/strong><\/td>\n<td style=\"width: 74.5955%;border-style: hidden;border-color: #ffffff;background-color: #ffffff;height: 32px\"><strong>Dr. Simonn\u00e9 Dr. Nagy Krisztina<\/strong><\/td>\n<\/tr>\n<tr style=\"height: 32px\">\n<td style=\"width: 25.2427%;border-style: hidden;border-color: #ffffff;background-color: #ffffff;height: 32px\"><strong>Beoszt\u00e1s:<\/strong><\/td>\n<td style=\"width: 74.5955%;border-style: hidden;border-color: #ffffff;background-color: #ffffff;height: 32px\"><strong>Egyetemi docens<\/strong><\/td>\n<\/tr>\n<tr style=\"height: 32px\">\n<td style=\"width: 25.2427%;border-style: hidden;border-color: #ffffff;background-color: #ffffff;height: 32px\"><strong>E-mail:<\/strong><\/td>\n<td style=\"width: 74.5955%;border-style: hidden;border-color: #ffffff;background-color: #ffffff;height: 32px\"><strong>s.nagy.krisztina (at) semmelweis (*) hu<\/strong><\/td>\n<\/tr>\n<tr>\n<td style=\"width: 25.2427%;border-style: hidden;border-color: #ffffff;background-color: #ffffff\"><strong>Telefonsz\u00e1m:<br \/>\n<\/strong><\/td>\n<td style=\"width: 74.5955%;border-style: hidden;border-color: #ffffff;background-color: #ffffff\"><strong>+36\/20-825-0628<\/strong><\/td>\n<\/tr>\n<tr style=\"height: 32px\">\n<td style=\"width: 25.2427%;border-style: hidden;border-color: #ffffff;background-color: #ffffff;height: 32px\"><strong>Sz\u00fclet\u00e9si id\u0151:\u00a0<\/strong><\/td>\n<td style=\"width: 74.5955%;border-style: hidden;border-color: #ffffff;background-color: #ffffff;height: 32px\"><strong>1975.04.17.<\/strong><\/td>\n<\/tr>\n<tr style=\"height: 32px\">\n<td style=\"width: 25.2427%;border-style: hidden;border-color: #ffffff;background-color: #ffffff;height: 32px\">\u00a0<\/td>\n<td style=\"width: 74.5955%;border-style: hidden;border-color: #ffffff;background-color: #ffffff;height: 32px\">\u00a0<\/td>\n<\/tr>\n<\/tbody>\n<\/table>\n<\/td>\n<\/tr>\n<\/tbody>\n<\/table>\n<p><strong><u>V\u00e9gzetts\u00e9gek<\/u><\/strong><\/p>\n<ul>\n<li>Eg\u00e9szs\u00e9gtudom\u00e1nyi szakford\u00edt\u00f3-tolm\u00e1cs (magyar-n\u00e9met) (2024) <em>Semmelweis Egyetem<\/em>\u00a0<\/li>\n<li>Biol\u00f3gia PhD (2003) <em>E\u00f6tv\u00f6s Lor\u00e1nd Tudom\u00e1nyegyetem<\/em><\/li>\n<li>Okleveles biom\u00e9rn\u00f6k (1998) <em>Budapesti M\u0171szaki Egyetem<\/em><\/li>\n<\/ul>\n<p><span style=\"text-decoration: underline\"><strong>Kutat\u00e1si ter\u00fclet<\/strong><\/span><\/p>\n<ul>\n<li>\n<div>Liposz\u00f3m\u00e1s gy\u00f3gyszerhordoz\u00f3 rendszerek fejleszt\u00e9se<\/div>\n<\/li>\n<li>\n<div>Orvosbiol\u00f3giai c\u00e9lra kifejlesztett (polimer alap\u00fa) rendszerek biokompatibilit\u00e1s\u00e1nak\u00a0vizsg\u00e1lata\u00a0<\/div>\n<\/li>\n<li>Poliaminosav alap\u00fa hat\u00f3anyaghordoz\u00f3 rendszerek vizsg\u00e1lata<\/li>\n<li>Biopolimerek felhaszn\u00e1l\u00e1sa sz\u00f6vet\u00e9p\u00edt\u00e9sre<\/li>\n<\/ul>\n<p><a href=\"https:\/\/m2.mtmt.hu\/api\/author\/10021907\"><strong><span style=\"text-decoration: underline\">MTMT<\/span><\/strong><\/a><\/p>\n<p>&nbsp;<\/p>\n","protected":false},"excerpt":{"rendered":"<p>Szem\u00e9lyes adatok\u00a0\u00a0\u00a0\u00a0\u00a0\u00a0 N\u00e9v: Dr. Simonn\u00e9 Dr. Nagy Krisztina Beoszt\u00e1s: Egyetemi docens E-mail: s.nagy.krisztina (at) semmelweis (*) hu Telefonsz\u00e1m: +36\/20-825-0628 Sz\u00fclet\u00e9si id\u0151:\u00a0 1975.04.17. \u00a0 \u00a0 V\u00e9gzetts\u00e9gek Eg\u00e9szs\u00e9gtudom\u00e1nyi szakford\u00edt\u00f3-tolm\u00e1cs (magyar-n\u00e9met) (2024) Semmelweis Egyetem\u00a0 Biol\u00f3gia PhD (2003) E\u00f6tv\u00f6s Lor\u00e1nd Tudom\u00e1nyegyetem Okleveles biom\u00e9rn\u00f6k (1998) Budapesti M\u0171szaki Egyetem Kutat\u00e1si ter\u00fclet Liposz\u00f3m\u00e1s gy\u00f3gyszerhordoz\u00f3 rendszerek fejleszt\u00e9se Orvosbiol\u00f3giai c\u00e9lra kifejlesztett (polimer alap\u00fa) rendszerek &hellip;<\/p>\n","protected":false},"author":101235,"featured_media":0,"parent":7,"menu_order":3,"comment_status":"closed","ping_status":"closed","template":"","meta":{"_acf_changed":false,"footnotes":""},"categories":[],"tags":[],"class_list":["post-618","page","type-page","status-publish","hentry"],"acf":[],"_links":{"self":[{"href":"https:\/\/semmelweis.hu\/nanokemia\/wp-json\/wp\/v2\/pages\/618","targetHints":{"allow":["GET"]}}],"collection":[{"href":"https:\/\/semmelweis.hu\/nanokemia\/wp-json\/wp\/v2\/pages"}],"about":[{"href":"https:\/\/semmelweis.hu\/nanokemia\/wp-json\/wp\/v2\/types\/page"}],"author":[{"embeddable":true,"href":"https:\/\/semmelweis.hu\/nanokemia\/wp-json\/wp\/v2\/users\/101235"}],"replies":[{"embeddable":true,"href":"https:\/\/semmelweis.hu\/nanokemia\/wp-json\/wp\/v2\/comments?post=618"}],"version-history":[{"count":10,"href":"https:\/\/semmelweis.hu\/nanokemia\/wp-json\/wp\/v2\/pages\/618\/revisions"}],"predecessor-version":[{"id":1200,"href":"https:\/\/semmelweis.hu\/nanokemia\/wp-json\/wp\/v2\/pages\/618\/revisions\/1200"}],"up":[{"embeddable":true,"href":"https:\/\/semmelweis.hu\/nanokemia\/wp-json\/wp\/v2\/pages\/7"}],"wp:attachment":[{"href":"https:\/\/semmelweis.hu\/nanokemia\/wp-json\/wp\/v2\/media?parent=618"}],"wp:term":[{"taxonomy":"category","embeddable":true,"href":"https:\/\/semmelweis.hu\/nanokemia\/wp-json\/wp\/v2\/categories?post=618"},{"taxonomy":"post_tag","embeddable":true,"href":"https:\/\/semmelweis.hu\/nanokemia\/wp-json\/wp\/v2\/tags?post=618"}],"curies":[{"name":"wp","href":"https:\/\/api.w.org\/{rel}","templated":true}]}}