{"id":526,"date":"2019-03-01T10:05:18","date_gmt":"2019-03-01T09:05:18","guid":{"rendered":"http:\/\/semmelweis.hu\/nanokemia\/?page_id=526"},"modified":"2020-02-19T14:36:12","modified_gmt":"2020-02-19T13:36:12","slug":"conferences","status":"publish","type":"page","link":"https:\/\/semmelweis.hu\/nanokemia\/en\/research-science\/conferences\/","title":{"rendered":"Conferences"},"content":{"rendered":"<div>\n<p><strong><span style=\"font-size: 24px\">International conference attendances:<\/span><\/strong><\/p>\n<p><strong>2019<\/strong><\/p>\n<ol>\n<li><span lang=\"EN-GB\">T. Veres, K. Moln\u00e1r, D. Nesztor, E. Tomb\u00e1cz, C. Voniatis, D. Feh\u00e9r, Gy. Weber, M. Zrinyi, A Jedlovszky-Hajdu,\u00a0<b><i>Polymar2018 Conference<\/i><\/b>, Athens 8th-12th October 2018, page 50.<u><\/u><u><\/u><\/span><\/li>\n<\/ol>\n<p style=\"padding-left: 40px\"><span style=\"font-size: 20px\"><b><i><span lang=\"EN-GB\">Chemistry, Physics and Biology of Colloids and Interfaces<\/span><\/i><\/b><span lang=\"EN-GB\">, 2-6 June 2019, Eger, Hungary<\/span><\/span><\/p>\n<p style=\"padding-left: 40px\"><strong><span lang=\"EN-GB\">Oral presentations:<\/span><\/strong><\/p>\n<ol>\n<li style=\"list-style-type: none\">\n<ol>\n<li><span lang=\"EN-GB\">M. Zrinyi, \u00c1. Juh\u00e1sz and E.Sipos (<strong>invited lecture<\/strong>) page 22.<u><\/u><u><\/u><\/span><\/li>\n<li><span lang=\"EN-GB\">D. Barczikai, A. T\u00f3th, V. Kacsari, G. Cs\u00edk, A. Jedlovszky-Hajd\u00fa, page 32.<\/span><\/li>\n<li><span lang=\"EN-GB\">\u00c1. Gy. Juh\u00e1sz, K. Moln\u00e1r, A. Idrissi, A. Jedlovszky-Hajd\u00fa, page 42.<\/span><\/li>\n<li><span lang=\"EN-GB\">D. Juriga, K. Nagy, K. T\u00f3th, A. Jedlovszky-Hajd\u00fa, Sz. P\u00f3sa, Y. Chen, G. Varga, M. Zr\u00ednyi,page 43.<\/span><\/li>\n<li><span lang=\"EN-GB\">K. Moln\u00e1r, C. Voniatis, D. Feh\u00e9r, L. Reiniger, D. Juriga, A. Emri, Z. Kiss, Y. Chen, Gy. W\u00e9ber, M. Zr\u00ednyi, A. Jedlovszky-Hajd\u00fa, page 51.<\/span><\/li>\n<li><span lang=\"EN-GB\">K. T\u00f3th, D. Juriga, A. Jedlovszky-Hajd\u00fa, M. Zr\u00ednyi, G. Varga, K. Nagy, page 61.<\/span><\/li>\n<li><span lang=\"EN-GB\">R. Varga, K.Moln\u00e1r, M. M. Gul\u00e1csi, K. Nagy, G. Varga, A. Jedlovszky-Hajd\u00fa, page 63.<\/span><\/li>\n<li><span lang=\"EN-GB\">C. Voniatis, K. Molnar, D. Feh\u00e9r, Gy. W\u00e9ber, A. Ferencz, A. Jedlovszky-Hajd\u00fa, page 65.<\/span><\/li>\n<\/ol>\n<\/li>\n<\/ol>\n<p style=\"padding-left: 40px\"><strong>Poster presentations:<\/strong><\/p>\n<ol>\n<li style=\"list-style-type: none\">\n<ol>\n<li><span lang=\"EN-GB\">K. Moln\u00e1r, M.M. Gul\u00e1csi, R. Varga, A. Jedlovszky-Hajd\u00fa, page 74.<u><\/u><u><\/u><\/span><\/li>\n<li><span lang=\"EN-GB\">T. Veres, K. Moln\u00e1r, D. Nesztor, E. Tomb\u00e1cz, C. Voniatis, D. Feh\u00e9r, Gy. Weber, I.\u00a0<\/span><span lang=\"EN-GB\">Gresits, Gy. Thur\u00f3czy, B. G. M\u00e1rkus, F. Simon, M. Zr\u00ednyi, A. Jedlovszky-Hajd\u00fa, page 88.<\/span><\/li>\n<\/ol>\n<\/li>\n<\/ol>\n<p style=\"padding-left: 40px\"><b><i><span lang=\"EN-GB\">7th INTERNATIONAL SEMINAR ON MODERN POLYMERIC MATERIALS FOR ENVIRONMENTAL APPLICATIONS<\/span><\/i><\/b><span lang=\"EN-GB\">, Krak\u00f3w, 15\u201317 May, 2019<\/span><\/p>\n<p style=\"padding-left: 40px\"><strong><span lang=\"EN-GB\">Oral presentations:<\/span><\/strong><\/p>\n<ol>\n<li style=\"list-style-type: none\">\n<ol>\n<li><span lang=\"EN-GB\">K. T\u00d3TH, D. JURIGA, M. ZR\u00cdNYI, G. VARGA, A. JEDLOVSZKY-HAJD\u00da, KRISZTINA NAGY, page 50-51.<\/span><\/li>\n<li><span lang=\"EN-GB\">R. VARGA, K. MOLN\u00c1R, T. HEDVIG, N. KRISZTINA, A. JEDLOVSZKY-HAJD\u00da, page 57-58.<\/span><\/li>\n<li><span lang=\"EN-GB\">D. N. Barczikai, A. T\u00f3th, V. Kacsari, L. Laub, G. Cs\u00edk, A. Jedlovszky-Hajd\u00fa<\/span><\/li>\n<\/ol>\n<\/li>\n<\/ol>\n<p><b><span lang=\"EN-GB\">Other conference presentations<\/span><\/b><span lang=\"EN-GB\"> were also taken in English and in Hungarian, which listed here without the details: T. Veres (OTDK 2019, TDK 2018), L. Laub (OTDK 2019, TDK 2018), C. Voniatis (OTDK 2019), D. Barczikai (Frontiers in WaterBiophysics 2019 Erice), R. Varga, K.Toth and D. Juriga (CEEPUS summer school).<\/span><\/p>\n<p><strong>2018<\/strong><\/p>\n<ol>\n<li style=\"list-style-type: none\">\n<ol>\n<li>K. Molnar, S. Jiang, S. Agarwal, M. Zrinyi, A. Jedlovszky-Hajdu, HOW TO PREPARE GEL FIBERS, 24th Polymer Network Group Meeting, 17-21 June 2018, Prague, Czech Republic<\/li>\n<li>C. Voniatis, K. Molnar, D. Feher, A. Ferencz, G. Weber, A. Jedlovszky-Hajdu: The potential of nanofabricated poly(vinyl alcohol) as alterative surgical meshes, III. Triangle Symposium of the Japan-Hungary-Poland\u00a0 Surgical Society, 3-6 June 2018, Budapest<\/li>\n<li>T. Szak\u00e1l, \u00c1. Juh\u00e1sz, G. Cs\u00edk, A. Jedlovszky-Hajd\u00fa: Poly(aspartamide) gel fibers for antibacterial wound dressing, 11th Conference on Colloid Chemistry, May 28-30. 2018, Eger<\/li>\n<li>T. Veres, K.f Moln\u00e1r, D. Nesztor, E. Tomb\u00e1cz, C. Voniatis, D. Feh\u00e9r, Gy. W\u00e9ber, M. Zr\u00ednyi, A. Jedlovszky-Hajd\u00fa: Magnetic gel fiber based mesh for theranostics, 11th Conference on Colloid Chemistry, May 28-30. 2018, Eger<\/li>\n<li>K. Moln\u00e1r, \u00c1. G. Emri, C. Voniatis, L. Reiniger, D. Feh\u00e9r, A. Ferencz, Gy. W\u00e9ber, M. Zr\u00ednyi, A. Jedlovszky-Hajd\u00fa, Poly(aspartic acid) based gel fiber membranes and their properties, 11th Conference on Colloid Chemistry, 28-30. May 2018, Eger<\/li>\n<li>Krisztina T\u00f3th, D\u00e1vid Juriga, Krisztina Nagy, Ang\u00e9la Jedlovszky-Hajd\u00fa, P\u00e9ter Laskawy, G\u00e1bor Varga, Mikl\u00f3s Zr\u00ednyi: Drug release and biocompatibility of poly(aspartamide) based nanofibrous drug conjugates, 11th Conference on Colloid Chemistry, 28-30. May 2018, Eger (poster)<\/li>\n<li>C. Voniatis, K. Molnar, D. Feher, A. Ferencz, G. Weber, A. Jedlovszky-Hajdu: Poly(vinyl alcohol) Meshes for Abdominal Hernia Repair, 11th Conference on Colloid Chemistry, 25-28 May 2018 Eger<\/li>\n<li>T. Veres, K. Moln\u00e1r, D. Nesztor, E. Tomb\u00e1cz, C. Voniatis, D. Feh\u00e9r, Gy. Weber, M. Zrinyi, A Jedlovszky-Hajdu: Magnetic gelfiber based scaffold for theranostic applications, 12th International Conference on the Scientific and Clinical Applications of Magnetic Carriers, 2018.05.22-26, Kobenhavn, Denmark<\/li>\n<li>C. Voniatis, K. Molnar, D. Feher, A. Ferencz, G. Weber, A. Jedlovszky-Hajdu: Tissue-Engineered Poly(vinyl alcohol) Meshes for Abdominal Hernia Repairs, IX Science4Health, April 26-28 2018 Moscow, Russia<\/li>\n<li>K. Moln\u00e1r, \u00c1. G. Emri, C. Voniatis, R. Varga, Z. Kiss, M. Zr\u00ednyi, A. Jedlovszky-Hajd\u00fa: A new model for the evaluation of the mechanical properties of sutured implants, Semmelweis University, PhD Scientific Days, 2018, Budapest, April 19\u201320, 2018<\/li>\n<li>C. Voniatis, K. Molnar, D. Feher, A. Ferencz, G. Weber, A. Jedlovszky-Hajdu: Nanofabricated poly(vinyl alcohol) scaffolds for abdominal hernia repair, RECOOP 13th Bridges in Life Sciences Annual Conference, April 12\u201315, 2018, Zagreb, Croatia<\/li>\n<li>C. Voniatis, K. Molnar, D. Feher, A. Ferencz, G. Weber, A. Jedlovszky-Hajdu:\u00a0 Electrospun Poly(vinyl alcohol) Scaffolds as Alternative Surgical Meshes, 5th Bukovinian International Medical Congress, 4-6 April 2018, Chernivtsi, Ukraine<\/li>\n<li>C. Voniatis, K. Molnar, D. Feher, A. Ferencz, G. Weber, A. Jedlovszky-Hajdu: Nanofabricated poly(vinyl alcohol) scaffolds for abdominal hernia repair, Frigyes Kor\u00e1nyi Science Forum \u2013 Recoop Student Conference, March 8-10 2018, Budapest<\/li>\n<li>K. Moln\u00e1r, C. Voniatis, D. Feh\u00e9r, A. Ferencz, Gy. W\u00e9ber, M. Zr\u00ednyi , A. Jedlovszky-Hajd\u00fa: Electrospun Poly(Amino Acid) Based Nano GEL Fiber Matrices and Their Biocompatibility and Biodegradability, BIOPHYS J 114: (3S1) p. 363., 2018, BPS 62nd Annual meeting of the Biophysical Society. San Francisco (CA), USA: 2018.02.17 -2018.02.21. (poster)<\/li>\n<li>C. Voniatis, K. Molnar, D. Feher, A. Ferencz, G. Weber, A. Jedlovszky-Hajdu:\u00a0 Evaluation of nanofabricated poly(vinyl alcohol) meshes: histopathology, microscopy and mechanical assessment, Semmelweis TDK, February 7-9\u00a0 2018, Budapest<\/li>\n<\/ol>\n<\/li>\n<\/ol>\n<p><strong>2017<\/strong><\/p>\n<ol>\n<li style=\"list-style-type: none\">\n<ol>\n<li>C. Voniatis, K. Moln\u00e1r, D. Feh\u00e9r, M. Zrinyi, G. W\u00e9ber, A. Jedlovszky-Hajd\u00fa: Nanofabricated Poly(vinyl alcohol) meshes in the future of Abdominal Hernia Treatment, International Medical Students Congress of Bucharest, December 6-10 2017, Bucharest<\/li>\n<\/ol>\n<\/li>\n<\/ol>\n<p>&nbsp;<\/p>\n<p><span style=\"font-size: 24px\"><strong>Hungarian conference attendances:<\/strong><\/span><\/p>\n<p><strong>2018<\/strong><\/p>\n<ol>\n<li style=\"list-style-type: none\">\n<ol>\n<li>T. Veres, K. Moln\u00e1r, D. Nesztor, E. Tomb\u00e1cz, C. Voniatis, D. Feh\u00e9r, Gy. W\u00e9ber, M. Zr\u00ednyi, A. Jedlovszky-Hajd\u00fa: M\u00e1gneses mesters\u00e9ges sz\u00f6vetek hipertermi\u00e1s hat\u00e1sa, PSAT XIV konferenci\u00e1ja, 2018.08.23-25., Budapest<\/li>\n<li>Varga R., Moln\u00e1r K., Jedlovszky-Hajd\u00fa A.:Poli(aszparaginsav) alap\u00fa mesters\u00e9ges extracellul\u00e1ris m\u00e1trixok el\u0151\u00e1ll\u00edt\u00e1sa \u00e9s sz\u00f6vetteny\u00e9szt\u00e9sre val\u00f3 alkalmass\u00e1g\u00e1nak vizsg\u00e1lata, DOSZ Tavaszi Sz\u00e9l Konferenci\u00e1ja, Gy\u0151r, 2018. m\u00e1jus 4-6., ISBN 978-615-5586-26-2 397. oldal<\/li>\n<li>Varga R., Moln\u00e1r K., Zr\u00ednyi M., Jedlovszky-Hajd\u00fa A.: Poliaminosav alap\u00fa mesters\u00e9ges extracellul\u00e1ris m\u00e1trixok el\u0151\u00e1ll\u00edt\u00e1sa \u00e9s sz\u00f6vetteny\u00e9szt\u00e9sre val\u00f3 alkalmass\u00e1g\u00e1nak vizsg\u00e1lata, XII. SzASz Konferencia, Budapest, 2018. \u00e1prilis 20.-21., ISBN 978 963 313 281 4 34. oldal<\/li>\n<li>T\u00f3th Krisztina, Juriga D\u00e1vid, Nagy Krisztina, Jedlovszky-Hajd\u00fa Ang\u00e9la, Varga G\u00e1bor, Zr\u00ednyi Mikl\u00f3s: Poli(aszpartamid) alap\u00fa hat\u00f3anyag konjugtumok szintlzise \u00e9s vizsg\u00e1lata, XII. SzASz Konferencia, Budapest, 2018. \u00e1prilis 20.-21.,<\/li>\n<li>Varga Rita: Poliaminosav alap\u00fa mesters\u00e9ges extracellul\u00e1ris m\u00e1trix sz\u00f6vetteny\u00e9szt\u00e9sre val\u00f3 alkalmass\u00e1g\u00e1nak vizsg\u00e1lata, Semmelweis Egyetem TDK, Budapest, 2018. febru\u00e1r 7.-9., Orvosk\u00e9pz\u00e9s ISSN 0030-6037 100. oldal<\/li>\n<\/ol>\n<\/li>\n<\/ol>\n<p><strong>2017<\/strong><\/p>\n<ol>\n<li style=\"list-style-type: none\">\n<ol>\n<li>Varga Rita: Poli(aszparaginsav) alap\u00fa mesters\u00e9ges sz\u00f6vetek el\u0151\u00e1ll\u00edt\u00e1sa sejtteny\u00e9szeti alkalmaz\u00e1sra, BME, VBK,\u00a0 TDK Konferenci\u00e1ja, Budapest, 2017. november 16.<\/li>\n<li>C. Voniatis, K. Moln\u00e1r, D. Feh\u00e9r, M. Zrinyi, G. W\u00e9ber, A. Jedlovszky-Hajd\u00fa: Elektromos sz\u00e1lh\u00faz\u00e1ssal el\u0151\u00e1ll\u00edtott poli(vinil alkohol) alap\u00fa h\u00e1l\u00f3k j\u00f6v\u0151je a hasi s\u00e9rvek kezel\u00e9s\u00e9ben, XXVI. K\u00eds\u00e9rletes Seb\u00e9szeti Kongresszus, Szeptember 28-30, 2017 Herceghalom<\/li>\n<\/ol>\n<\/li>\n<\/ol>\n<\/div>\n","protected":false},"excerpt":{"rendered":"<p>International conference attendances: 2019 T. Veres, K. Moln\u00e1r, D. Nesztor, E. Tomb\u00e1cz, C. Voniatis, D. Feh\u00e9r, Gy. Weber, M. Zrinyi, A Jedlovszky-Hajdu,\u00a0Polymar2018 Conference, Athens 8th-12th October 2018, page 50. Chemistry, Physics and Biology of Colloids and Interfaces, 2-6 June 2019, Eger, Hungary Oral presentations: M. Zrinyi, \u00c1. Juh\u00e1sz and E.Sipos (invited lecture) page 22. D. &hellip;<\/p>\n","protected":false},"author":101235,"featured_media":0,"parent":284,"menu_order":2,"comment_status":"closed","ping_status":"closed","template":"","meta":{"_acf_changed":false,"footnotes":""},"categories":[],"tags":[],"class_list":["post-526","page","type-page","status-publish","hentry"],"acf":[],"_links":{"self":[{"href":"https:\/\/semmelweis.hu\/nanokemia\/wp-json\/wp\/v2\/pages\/526","targetHints":{"allow":["GET"]}}],"collection":[{"href":"https:\/\/semmelweis.hu\/nanokemia\/wp-json\/wp\/v2\/pages"}],"about":[{"href":"https:\/\/semmelweis.hu\/nanokemia\/wp-json\/wp\/v2\/types\/page"}],"author":[{"embeddable":true,"href":"https:\/\/semmelweis.hu\/nanokemia\/wp-json\/wp\/v2\/users\/101235"}],"replies":[{"embeddable":true,"href":"https:\/\/semmelweis.hu\/nanokemia\/wp-json\/wp\/v2\/comments?post=526"}],"version-history":[{"count":4,"href":"https:\/\/semmelweis.hu\/nanokemia\/wp-json\/wp\/v2\/pages\/526\/revisions"}],"predecessor-version":[{"id":743,"href":"https:\/\/semmelweis.hu\/nanokemia\/wp-json\/wp\/v2\/pages\/526\/revisions\/743"}],"up":[{"embeddable":true,"href":"https:\/\/semmelweis.hu\/nanokemia\/wp-json\/wp\/v2\/pages\/284"}],"wp:attachment":[{"href":"https:\/\/semmelweis.hu\/nanokemia\/wp-json\/wp\/v2\/media?parent=526"}],"wp:term":[{"taxonomy":"category","embeddable":true,"href":"https:\/\/semmelweis.hu\/nanokemia\/wp-json\/wp\/v2\/categories?post=526"},{"taxonomy":"post_tag","embeddable":true,"href":"https:\/\/semmelweis.hu\/nanokemia\/wp-json\/wp\/v2\/tags?post=526"}],"curies":[{"name":"wp","href":"https:\/\/api.w.org\/{rel}","templated":true}]}}