{"id":300,"date":"2018-09-26T15:12:59","date_gmt":"2018-09-26T13:12:59","guid":{"rendered":"http:\/\/semmelweis.hu\/nanokemia\/?page_id=300"},"modified":"2019-03-01T14:31:59","modified_gmt":"2019-03-01T13:31:59","slug":"elerhetosegek","status":"publish","type":"page","link":"https:\/\/semmelweis.hu\/nanokemia\/elerhetosegek\/","title":{"rendered":"El\u00e9rhet\u0151s\u00e9gek"},"content":{"rendered":"<p><strong><span style=\"font-size: 14pt;\">Semmelweis Egyetem Budapest<\/span><br \/>\n<\/strong><strong>Biofizikai \u00e9s Sug\u00e1rbiol\u00f3giai Int\u00e9zet<\/strong><br \/>\n<strong>Nanok\u00e9miai Kutat\u00f3csoport<\/strong><\/p>\n<p>Nagyv\u00e1rad T\u00e9ri Elm\u00e9leti T\u00f6mb (NET)<strong><br \/>\n<\/strong>1089 Budapest, Nagyv\u00e1rad t\u00e9r 4.<br \/>\nF\u00f6ldszint 21. szoba<\/p>\n\n<!-- iframe plugin v.4.9 wordpress.org\/plugins\/iframe\/ -->\n<iframe loading=\"lazy\" src=\"https:\/\/www.google.com\/maps\/embed?pb=!1m18!1m12!1m3!1d10786.55704483919!2d19.088297899999997!3d47.47745875!2m3!1f0!2f0!3f0!3m2!1i1024!2i768!4f13.1!3m3!1m2!1s0x0%3A0x1dc2f49d375e2df7!2sSemmelweis+Egyetem+Nagyv%C3%A1radt%C3%A9ri+Elm%C3%A9leti+T%C3%B6mb!5e0!3m2!1sen!2shu!4v1537967546735\" width=\"100%\" height=\"450\" scrolling=\"yes\" class=\"iframe-class\" frameborder=\"0\"><\/iframe>\n\n","protected":false},"excerpt":{"rendered":"<p>Semmelweis Egyetem Budapest<br \/>\nBiofizikai \u00e9s Sug\u00e1rbiol\u00f3giai Int\u00e9zet<br \/>\nNanok\u00e9miai Kutat\u00f3csoport<br \/>\nNagyv\u00e1rad T\u00e9ri Elm\u00e9leti T\u00f6mb (NET)<br \/>\n1089 Budapest, Nagyv\u00e1rad t\u00e9r 4.<br \/>\nF\u00f6ldszint 21. szoba<\/p>\n","protected":false},"author":101235,"featured_media":0,"parent":0,"menu_order":6,"comment_status":"closed","ping_status":"closed","template":"","meta":{"_acf_changed":false,"footnotes":""},"categories":[],"tags":[],"class_list":["post-300","page","type-page","status-publish","hentry"],"acf":[],"_links":{"self":[{"href":"https:\/\/semmelweis.hu\/nanokemia\/wp-json\/wp\/v2\/pages\/300","targetHints":{"allow":["GET"]}}],"collection":[{"href":"https:\/\/semmelweis.hu\/nanokemia\/wp-json\/wp\/v2\/pages"}],"about":[{"href":"https:\/\/semmelweis.hu\/nanokemia\/wp-json\/wp\/v2\/types\/page"}],"author":[{"embeddable":true,"href":"https:\/\/semmelweis.hu\/nanokemia\/wp-json\/wp\/v2\/users\/101235"}],"replies":[{"embeddable":true,"href":"https:\/\/semmelweis.hu\/nanokemia\/wp-json\/wp\/v2\/comments?post=300"}],"version-history":[{"count":5,"href":"https:\/\/semmelweis.hu\/nanokemia\/wp-json\/wp\/v2\/pages\/300\/revisions"}],"predecessor-version":[{"id":574,"href":"https:\/\/semmelweis.hu\/nanokemia\/wp-json\/wp\/v2\/pages\/300\/revisions\/574"}],"wp:attachment":[{"href":"https:\/\/semmelweis.hu\/nanokemia\/wp-json\/wp\/v2\/media?parent=300"}],"wp:term":[{"taxonomy":"category","embeddable":true,"href":"https:\/\/semmelweis.hu\/nanokemia\/wp-json\/wp\/v2\/categories?post=300"},{"taxonomy":"post_tag","embeddable":true,"href":"https:\/\/semmelweis.hu\/nanokemia\/wp-json\/wp\/v2\/tags?post=300"}],"curies":[{"name":"wp","href":"https:\/\/api.w.org\/{rel}","templated":true}]}}