{"id":263,"date":"2018-09-26T12:48:38","date_gmt":"2018-09-26T10:48:38","guid":{"rendered":"http:\/\/semmelweis.hu\/nanokemia\/?page_id=263"},"modified":"2024-10-08T16:10:09","modified_gmt":"2024-10-08T14:10:09","slug":"varga-rita","status":"publish","type":"page","link":"https:\/\/semmelweis.hu\/nanokemia\/varga-rita\/","title":{"rendered":"Dr. P\u00e1zm\u00e1ny Rita"},"content":{"rendered":"<table>\n<tbody>\n<tr>\n<td style=\"border-style: hidden;border-color: #ffffff;background-color: #ffffff\"><a href=\"https:\/\/semmelweis.hu\/nanokemia\/files\/2018\/09\/Rita_CV.png\"><img loading=\"lazy\" decoding=\"async\" class=\"wp-image-396 alignleft\" src=\"https:\/\/semmelweis.hu\/nanokemia\/files\/2018\/09\/Rita_CV-268x300.png\" alt=\"\" width=\"164\" height=\"184\" srcset=\"https:\/\/semmelweis.hu\/nanokemia\/files\/2018\/09\/Rita_CV-268x300.png 268w, https:\/\/semmelweis.hu\/nanokemia\/files\/2018\/09\/Rita_CV.png 446w\" sizes=\"auto, (max-width: 164px) 100vw, 164px\" \/><\/a><\/td>\n<td style=\"border-style: hidden;border-color: #ffffff;background-color: #ffffff\">\n<p><span style=\"text-decoration: underline;font-size: 24px\"><strong>Szem\u00e9lyes adatok<\/strong><\/span><strong><br \/>\n<\/strong><\/p>\n<table style=\"border-style: hidden;border-color: #ffffff;background-color: #ffffff\">\n<tbody>\n<tr>\n<td style=\"border-style: solid;border-color: #ffffff;background-color: #ffffff\"><strong>N\u00e9v: <\/strong><\/td>\n<td style=\"border-style: solid;border-color: #ffffff;background-color: #ffffff\"><strong>P\u00e1zm\u00e1ny (Varga) Rita<\/strong><\/td>\n<\/tr>\n<tr>\n<td style=\"border-style: solid;border-color: #ffffff;background-color: #ffffff\"><strong>Beoszt\u00e1s:<\/strong><\/td>\n<td style=\"border-style: solid;border-color: #ffffff;background-color: #ffffff\"><strong>Tudom\u00e1nyos seg\u00e9dmunkat\u00e1rs<\/strong><\/td>\n<\/tr>\n<tr>\n<td style=\"border-style: solid;border-color: #ffffff;background-color: #ffffff\"><strong>E-mail:<\/strong><\/td>\n<td style=\"border-style: solid;border-color: #ffffff;background-color: #ffffff\"><strong>rita.varga.94 (at) gmail (*) com<\/strong><\/td>\n<\/tr>\n<tr>\n<td style=\"border-style: solid;border-color: #ffffff;background-color: #ffffff\"><strong>Sz\u00fclet\u00e9si id\u0151:\u00a0<\/strong><\/td>\n<td style=\"border-style: solid;border-color: #ffffff;background-color: #ffffff\"><strong>1994.02.22<\/strong>.<\/td>\n<\/tr>\n<\/tbody>\n<\/table>\n<\/td>\n<\/tr>\n<\/tbody>\n<\/table>\n<p><u><strong>Tanulm\u00e1nyok<\/strong>:<\/u><\/p>\n<ul style=\"list-style-type: disc\">\n<li style=\"text-align: justify\"><strong>2018-\u00a0 <\/strong>Semmelweis Egyetem, Doktori Iskola, Elm\u00e9leti Orvostudom\u00e1nyok Doktori Iskola\u00a0\u00a0\u00a0\u00a0\u00a0\u00a0\u00a0\u00a0\u00a0\u00a0\u00a0\u00a0\u00a0 \u00a0\u00a0\u00a0\u00a0\u00a0\u00a0\u00a0\u00a0\u00a0\u00a0\u00a0\u00a0\u00a0\u00a0\u00a0 T\u00e9mavezet\u0151: Dr. Jedlovszky-Hajd\u00fa Ang\u00e9la<\/li>\n<li style=\"text-align: justify\"><strong>2016-2018 <\/strong>Budapesti M\u0171szaki \u00e9s Gazdas\u00e1gtudom\u00e1nyi Egyetem, Vegy\u00e9szm\u00e9rn\u00f6ki \u00e9s Biom\u00e9rn\u00f6ki Kar, Biom\u00e9rn\u00f6k mesterszak, Alkalmazott biotechnol\u00f3gia szakir\u00e1ny<br \/>\n\u00a0\u00a0\u00a0\u00a0\u00a0\u00a0\u00a0\u00a0\u00a0\u00a0\u00a0\u00a0\u00a0\u00a0\u00a0\u00a0\u00a0\u00a0\u00a0\u00a0\u00a0\u00a0\u00a0\u00a0\u00a0\u00a0\u00a0\u00a0\u00a0 <br \/>\n<span style=\"text-decoration: underline\">Diplomadolgozat c\u00edme:<\/span> <em>Poliaminosav alap\u00fa mesters\u00e9ges extracellul\u00e1ris m\u00e1trixok el\u0151\u00e1ll\u00edt\u00e1sa \u00e9s sz\u00f6vetteny\u00e9szt\u00e9sre val\u00f3 alkalmass\u00e1g\u00e1nak vizsg\u00e1lata <\/em>(Semmelweis\u00a0Egyetem, Biofizikai \u00e9s Sug\u00e1rbiol\u00f3giai Int\u00e9zet, Nanok\u00e9miai Kutat\u00f3csoport)<\/p>\n<\/li>\n<li style=\"text-align: justify\"><strong>2012-2016<\/strong>\u00a0\u00a0\u00a0\u00a0\u00a0\u00a0\u00a0\u00a0\u00a0\u00a0 Budapesti M\u0171szaki \u00e9s Gazdas\u00e1gtudom\u00e1nyi Egyetem, Vegy\u00e9szm\u00e9rn\u00f6ki \u00e9s Biom\u00e9rn\u00f6ki Kar, Biom\u00e9rn\u00f6k alapszak, Alkalmazott biotechnol\u00f3gia szakir\u00e1ny<br \/>\n\u00a0\u00a0\u00a0\u00a0\u00a0\u00a0\u00a0\u00a0\u00a0\u00a0\u00a0\u00a0\u00a0\u00a0\u00a0\u00a0\u00a0\u00a0\u00a0\u00a0\u00a0\u00a0\u00a0\u00a0\u00a0\u00a0\u00a0\u00a0\u00a0 <br \/>\n<span style=\"text-decoration: underline\">Szakdolgozat c\u00edme:<\/span> <em>Fog\u00e1szatban alkalmazott probiotikus k\u00e9sz\u00edtm\u00e9nyek szil\u00e1rd formul\u00e1l\u00e1sa elektrosztatikus sz\u00e1lk\u00e9pz\u00e9ssel<\/em> (BME, Szerves K\u00e9mia \u00e9s Technol\u00f3gia Tansz\u00e9k, Gy\u00f3gyszer-, K\u00f6rnyezeti- \u00e9s Biztons\u00e1gtechnol\u00f3giai Anyagok Kutat\u00f3csoport)<\/li>\n<\/ul>\n<p><strong><u>Nyelvek<\/u>:<\/strong><\/p>\n<ul style=\"list-style-type: disc\">\n<li>Magyar: anyanyelv<\/li>\n<li>Angol: Fels\u0151fok<\/li>\n<li>N\u00e9met: K\u00f6z\u00e9pfok<\/li>\n<\/ul>\n<p><strong><u>V\u00e9gzetts\u00e9g:<\/u><\/strong><\/p>\n<ul style=\"list-style-type: disc\">\n<li>Biom\u00e9rn\u00f6k, Alkalmazott biotechnol\u00f3gus, MSc (2018)<\/li>\n<li>Biom\u00e9rn\u00f6k, Alkalmazott biotechnol\u00f3gus, BSc (2016)<\/li>\n<li>B kateg\u00f3ri\u00e1s g\u00e9pj\u00e1rm\u0171 vezet\u0151i enged\u00e9ly (2012)<\/li>\n<\/ul>\n<p>&nbsp;<\/p>\n","protected":false},"excerpt":{"rendered":"<p><a href=\"https:\/\/semmelweis.hu\/nanokemia\/files\/2018\/09\/Rita_CV.png\"><\/a> Szem\u00e9lyes adatok N\u00e9v: P\u00e1zm\u00e1ny (Varga) Rita Beoszt\u00e1s: Tudom\u00e1nyos seg\u00e9dmunkat\u00e1rs E-mail: rita.varga.94 (at) gmail (*) com Sz\u00fclet\u00e9si id\u0151:\u00a0 1994.02.22. Tanulm\u00e1nyok: 2018-\u00a0 Semmelweis Egyetem, Doktori Iskola, Elm\u00e9leti Orvostudom\u00e1nyok Doktori Iskola\u00a0\u00a0\u00a0\u00a0\u00a0\u00a0\u00a0\u00a0\u00a0\u00a0\u00a0\u00a0\u00a0 \u00a0\u00a0\u00a0\u00a0\u00a0\u00a0\u00a0\u00a0\u00a0\u00a0\u00a0\u00a0\u00a0\u00a0\u00a0 T\u00e9mavezet\u0151: Dr. Jedlovszky-Hajd\u00fa Ang\u00e9la 2016-2018 Budapesti M\u0171szaki \u00e9s Gazdas\u00e1gtudom\u00e1nyi Egyetem, Vegy\u00e9szm\u00e9rn\u00f6ki \u00e9s Biom\u00e9rn\u00f6ki Kar, Biom\u00e9rn\u00f6k mesterszak, Alkalmazott biotechnol\u00f3gia szakir\u00e1ny \u00a0\u00a0\u00a0\u00a0\u00a0\u00a0\u00a0\u00a0\u00a0\u00a0\u00a0\u00a0\u00a0\u00a0\u00a0\u00a0\u00a0\u00a0\u00a0\u00a0\u00a0\u00a0\u00a0\u00a0\u00a0\u00a0\u00a0\u00a0\u00a0 Diplomadolgozat c\u00edme: Poliaminosav alap\u00fa mesters\u00e9ges extracellul\u00e1ris &hellip;<\/p>\n","protected":false},"author":101235,"featured_media":0,"parent":0,"menu_order":7,"comment_status":"closed","ping_status":"closed","template":"","meta":{"_acf_changed":false,"footnotes":""},"categories":[],"tags":[],"class_list":["post-263","page","type-page","status-publish","hentry"],"acf":[],"_links":{"self":[{"href":"https:\/\/semmelweis.hu\/nanokemia\/wp-json\/wp\/v2\/pages\/263","targetHints":{"allow":["GET"]}}],"collection":[{"href":"https:\/\/semmelweis.hu\/nanokemia\/wp-json\/wp\/v2\/pages"}],"about":[{"href":"https:\/\/semmelweis.hu\/nanokemia\/wp-json\/wp\/v2\/types\/page"}],"author":[{"embeddable":true,"href":"https:\/\/semmelweis.hu\/nanokemia\/wp-json\/wp\/v2\/users\/101235"}],"replies":[{"embeddable":true,"href":"https:\/\/semmelweis.hu\/nanokemia\/wp-json\/wp\/v2\/comments?post=263"}],"version-history":[{"count":10,"href":"https:\/\/semmelweis.hu\/nanokemia\/wp-json\/wp\/v2\/pages\/263\/revisions"}],"predecessor-version":[{"id":1100,"href":"https:\/\/semmelweis.hu\/nanokemia\/wp-json\/wp\/v2\/pages\/263\/revisions\/1100"}],"wp:attachment":[{"href":"https:\/\/semmelweis.hu\/nanokemia\/wp-json\/wp\/v2\/media?parent=263"}],"wp:term":[{"taxonomy":"category","embeddable":true,"href":"https:\/\/semmelweis.hu\/nanokemia\/wp-json\/wp\/v2\/categories?post=263"},{"taxonomy":"post_tag","embeddable":true,"href":"https:\/\/semmelweis.hu\/nanokemia\/wp-json\/wp\/v2\/tags?post=263"}],"curies":[{"name":"wp","href":"https:\/\/api.w.org\/{rel}","templated":true}]}}