{"id":1394,"date":"2026-01-27T10:07:25","date_gmt":"2026-01-27T09:07:25","guid":{"rendered":"https:\/\/semmelweis.hu\/nanokemia\/?page_id=1394"},"modified":"2026-01-27T10:07:25","modified_gmt":"2026-01-27T09:07:25","slug":"szalai-donat","status":"publish","type":"page","link":"https:\/\/semmelweis.hu\/nanokemia\/szalai-donat\/","title":{"rendered":"Szalai Don\u00e1t"},"content":{"rendered":"<p><img loading=\"lazy\" decoding=\"async\" class=\"alignnone  wp-image-1395\" src=\"https:\/\/semmelweis.hu\/nanokemia\/files\/2026\/01\/Profilkep-400x395.png\" alt=\"\" width=\"231\" height=\"228\" srcset=\"https:\/\/semmelweis.hu\/nanokemia\/files\/2026\/01\/Profilkep-400x395.png 400w, https:\/\/semmelweis.hu\/nanokemia\/files\/2026\/01\/Profilkep.png 726w\" sizes=\"auto, (max-width: 231px) 100vw, 231px\" \/><\/p>\n<p><strong><u>Szem\u00e9lyes adatok<\/u><\/strong><\/p>\n<p>N\u00e9v: Szalai Don\u00e1t<\/p>\n<p>Beoszt\u00e1s: MD-PhD hallgat\u00f3<\/p>\n<p>E-mail: szalai.donat@stud.semmelweis.hu<\/p>\n<p>Sz\u00fclet\u00e9si id\u0151: 2003.09.27.<\/p>\n<p><strong><u>Tanulm\u00e1nyok<\/u><\/strong><\/p>\n<p>2025-jelenleg <strong>MD-PhD hallgat\u00f3<\/strong><\/p>\n<p>Semmelweis Egyetem, Elm\u00e9leti \u00e9s Transzl\u00e1ci\u00f3s Orvostudom\u00e1nyi Tagozat, Cellul\u00e1ris \u00e9s Molekul\u00e1ris Biofizika Program<\/p>\n<p>2022-jelenleg <strong>Gy\u00f3gyszer\u00e9szhallgat\u00f3 (Dr. Pharm k\u00e9pz\u00e9s)<\/strong><\/p>\n<p>Semmelweis Egyetem, Gy\u00f3gyszer\u00e9sztudom\u00e1nyi Kar<\/p>\n<p><em>Szakdolgozat:<\/em> Investigation of pH-dependent Swelling of Submicron Hydrogel Fibrous Membranes<\/p>\n<p>2018-2022\u00a0\u00a0\u00a0\u00a0\u00a0 <strong>Gimn\u00e1ziumi tanul\u00f3<\/strong><\/p>\n<p>Kar\u00e1csonyi J\u00e1nos Katolikus Gimn\u00e1zium<\/p>\n<p><em>Le\u00edr\u00e1s:<\/em> Kiv\u00e1l\u00f3 eredm\u00e9nyekkel v\u00e9geztem. \u00c9rdekl\u0151d\u00e9si k\u00f6r\u00f6mbe tartozott a matematika, a k\u00e9mia \u00e9s a fizika.<\/p>\n<p><strong><u>Besz\u00e9lt nyelvek<\/u><\/strong><\/p>\n<ul>\n<li>Magyar (anyanyelv)<\/li>\n<li>Angol (\u00e1ltal\u00e1nos B2, szakmai anyaggal b\u0151v\u00edtett)<\/li>\n<li>Latin (\u00e1ltal\u00e1nos B1)<\/li>\n<\/ul>\n<p><strong><u>Egy\u00e9b k\u00e9pes\u00edt\u00e9sek<\/u><\/strong><\/p>\n<ul>\n<li>Eur\u00f3pai Sz\u00e1m\u00edt\u00f3g\u00e9p-haszn\u00e1l\u00f3i Jogos\u00edtv\u00e1ny (ECDL)<\/li>\n<li>B kateg\u00f3ri\u00e1s jogos\u00edtv\u00e1ny<\/li>\n<\/ul>\n<p><strong><u>Kutat\u00f3munka<\/u><\/strong><\/p>\n<p>2024-jelenleg <strong>TDK Hallgat\u00f3<\/strong><\/p>\n<p>Nanok\u00e9miai Kutat\u00f3csoport, Biofizikai \u00e9s Sug\u00e1rbiol\u00f3giai Int\u00e9zet, Semmelweis Egyetem, Budapest, Magyarorsz\u00e1g<\/p>\n<p><em>Le\u00edr\u00e1s<\/em><em>:<\/em> Kutat\u00e1sokat v\u00e9gzek implant\u00e1tumok, sz\u00e1lk\u00e9pz\u00e9si technol\u00f3gi\u00e1k \u00e9s PASPDAB-alap\u00fa sz\u00f6vetek duzzad\u00e1si kinetik\u00e1j\u00e1nak ter\u00fclet\u00e9n<\/p>\n<p>2023-2024\u00a0\u00a0\u00a0\u00a0\u00a0 <strong>TDK Hallgat\u00f3<\/strong><\/p>\n<p>Transzl\u00e1ci\u00f3s Magatart\u00e1s Idegtudom\u00e1ny Kutat\u00f3csoport, HUN-REN K\u00eds\u00e9rleti Orvostudom\u00e1nyi Kutat\u00f3int\u00e9zet, Budapest, Magyarorsz\u00e1g<\/p>\n<p><em>Le\u00edr\u00e1s:<\/em> Kutat\u00e1si ter\u00fcletem volt a korai \u00e9letszakaszban elszenvedett szoci\u00e1lis stressz hossz\u00fa t\u00e1v\u00fa viselked\u00e9sbeli hat\u00e1sait k\u00f6zvet\u00edt\u0151 neur\u00e1lis mechanizmusok vizsg\u00e1lata<\/p>\n<p><em>T\u00e9mavezet\u0151:<\/em> Dr. Mikics \u00c9va (<a href=\"mailto:mikicseva@gmail.com\">mikicseva@gmail.com<\/a>)<\/p>\n<p>2023\u00a0\u00a0\u00a0\u00a0\u00a0\u00a0\u00a0\u00a0\u00a0\u00a0\u00a0\u00a0\u00a0\u00a0 <strong>TDK Hallgat\u00f3<\/strong><\/p>\n<p>Gy\u00f3gyszerk\u00e9miai Int\u00e9zet, Semmelweis Egyetem, Budapest, Magyarorsz\u00e1g<\/p>\n<p><em>Le\u00edr\u00e1s:<\/em> HPLC-technik\u00e1k elsaj\u00e1t\u00edt\u00e1sa reverz f\u00e1zis\u00fa kir\u00e1lis elv\u00e1laszt\u00e1sokhoz<\/p>\n<p><em>T\u00e9mavezet\u0151:<\/em> Dr. T\u00f3th Gerg\u0151 (<a href=\"mailto:gergo.toth85@gmail.com\">gergo.toth85@gmail.com<\/a>)<\/p>\n<p><strong><u>Oktat\u00e1si tev\u00e9kenys\u00e9g<\/u><\/strong><\/p>\n<p>2025-jelenleg<strong>\u00a0 <\/strong><strong>Demonstr\u00e1tor<\/strong><\/p>\n<p>Gy\u00f3gyszer\u00e9sztudom\u00e1nyi Kar, Semmelweis Egyetem, Budapest, Magyarorsz\u00e1g<\/p>\n<p><em>Le\u00edr\u00e1s:<\/em> Kolloidika tant\u00e1rgy oktat\u00e1sa m\u00e1sod\u00e9ves gy\u00f3gyszer\u00e9szhallgat\u00f3k sz\u00e1m\u00e1ra<\/p>\n<p><em>Kapcsolattart\u00f3:<\/em> Dr. Lud\u00e1nyi Krisztina, Dr. Jedlovszky\u2011Hajd\u00fa Ang\u00e9la<br \/>\n(<a href=\"mailto:ludanyi.krisztina@semmelweis.hu\">ludanyi.krisztina@semmelweis.hu<\/a>, <a href=\"mailto:hajdu.angela@semmelweis.hu\">hajdu.angela@semmelweis.hu<\/a>)<\/p>\n<p><strong><u>Tanulm\u00e1nyi versenyek<\/u><\/strong><\/p>\n<ol>\n<li><strong> helyez\u00e9s<\/strong> \u2013 Gy\u00f3gyszertechnol\u00f3gia Tanulm\u00e1nyi Verseny<\/li>\n<\/ol>\n<p><em>Semmelweis Egyetem, 2025<\/em><\/p>\n<p><strong>III. helyez\u00e9s<\/strong> \u2013 Gy\u00f3gyszerk\u00e9mia \u00e9s Anal\u00edzis Tanulm\u00e1nyi Verseny<\/p>\n<p><em>Semmelweis Egyetem, 2025<\/em><\/p>\n<p><strong>III. helyez\u00e9s<\/strong> \u2013 \u00c9lettan Tanulm\u00e1nyi Verseny<\/p>\n<p><em>Semmelweis Egyetem, 2024<\/em><\/p>\n<p><strong>III. helyez\u00e9s<\/strong> \u2013 Szerves K\u00e9mia Verseny<\/p>\n<p><em>Semmelweis Egyetem, 2024<\/em><\/p>\n<ol>\n<li><strong> helyez\u00e9s<\/strong> \u2013 Kvantitat\u00edv Analitikai K\u00e9mia Verseny<\/li>\n<\/ol>\n<p><em>E\u00f6tv\u00f6s Lor\u00e1nd Tudom\u00e1nyegyetem, 2024<\/em><\/p>\n<ol>\n<li><strong> helyez\u00e9s<\/strong> \u2013 Orvosi Biofizika Tanulm\u00e1nyi Verseny<\/li>\n<\/ol>\n<p><em>Semmelweis Egyetem, 2023<\/em><\/p>\n<p><strong><u>Konferencia r\u00e9szv\u00e9telek<\/u><\/strong><\/p>\n<p><strong><em>Sz\u00f3beli El\u0151ad\u00e1sok:<\/em><\/strong><\/p>\n<ol start=\"6\">\n<li><strong>Don\u00e1t Szalai<\/strong>: Szubmikron-hidrog\u00e9l sz\u00e1las sz\u00f6vetek pH-f\u00fcgg\u0151 duzzad\u00e1s\u00e1nak vizsg\u00e1lata; Semmelweis Egyetem Tudom\u00e1nyos Di\u00e1kk\u00f6ri Konferencia, Biofizika szekci\u00f3; 2025. febru\u00e1r 12-14; Budapest, Magyarorsz\u00e1g (<em>XXX. helyez\u00e9s<\/em>)<\/li>\n<li><strong>Don\u00e1t Szalai: <\/strong>Szubmikron-hidrog\u00e9l sz\u00e1las sz\u00f6vetek pH-f\u00fcgg\u0151 duzzad\u00e1s\u00e1nak vizsg\u00e1lata; InterUni Konferencia; 2025. november 25; Budapest, Magyarorsz\u00e1g<\/li>\n<li><strong>K. Molnar<\/strong>, D. Szalai, A. Jedlovszky-Hajdu: Synthesis and properties of hydrogel fibers; Chemistry Physics and Biology of Colloids and Interfaces (CPBCI); 2025. j\u00fanius 15-19; Eger, Magyarorsz\u00e1g <em>(angol nyelv\u0171 el\u0151ad\u00e1s)<\/em><\/li>\n<li><strong>Donat Szalai<\/strong>, Angela Jedlovszky-Hajdu, Kristof Molnar: Synthesis and properties of hydrogel fibers; 8th European Symposium on Electrohydrodynamic Atomization and Electrospinning (ESEE); 2025. \u00e1prilis 28-30; Nicosia, Ciprus <em>(angol nyelv\u0171 el\u0151ad\u00e1s)<\/em><\/li>\n<li><strong>Don\u00e1t Szalai<\/strong>: Nanohidrog\u00e9l sz\u00e1las sz\u00f6vetek pH-f\u00fcgg\u0151 duzzad\u00e1s\u00e1nak vizsg\u00e1lata; Romh\u00e1nyi Gy\u00f6rgy Konferencia, Biofizika \u00e9s biok\u00e9mia szekci\u00f3; 2025. m\u00e1rcius 21-23; P\u00e9cs, Magyarorsz\u00e1g (<em>I. helyez\u00e9s<\/em>)<\/li>\n<li><strong>Don\u00e1t Szalai<\/strong>: Nanohidrog\u00e9l sz\u00e1las sz\u00f6vetek pH-f\u00fcgg\u0151 duzzad\u00e1s\u00e1nak vizsg\u00e1lata; Semmelweis Egyetem Tudom\u00e1nyos Di\u00e1kk\u00f6ri Konferencia, Biofizika szekci\u00f3; 2025. febru\u00e1r 6-8; Budapest, Magyarorsz\u00e1g (<em>II. helyez\u00e9s<\/em>)<\/li>\n<\/ol>\n<p><strong><em>Poszterbemutat\u00f3k:<\/em><\/strong><\/p>\n<ol start=\"4\">\n<li><strong>Donat Szalai<\/strong>: Investigation of pH-dependent swelling of submicron-hydrogel fibrous membranes; Semmelweis Symposium; 2025. november 17\u201119; Budapest, Magyarorsz\u00e1g <em>(angol nyelv\u0171 poszter)<\/em><\/li>\n<li><strong>Donat Szalai<\/strong>, Kristof Molnar: Investigation of pH-dependent swelling of nanohydrogel fibrous membranes; 30th Congress of the Hungarian Biophysical Society (MBFT),<br \/>\nJoint Life Sciences Conference of MBFT-M\u00c9T-MMVBT-MABIT; 2025. szeptember 2\u20115; Szeged, Magyarorsz\u00e1g <em>(angol nyelv\u0171 poszter)<\/em><\/li>\n<li><strong>D. Szalai<\/strong>, K. Molnar: Investigation of pH-dependent swelling of nanohydrogel fibrous membranes; Chemistry Physics and Biology of Colloids and Interfaces (CPBCI); 2025. j\u00fanius 15-19; Eger, Magyarorsz\u00e1g <em>(angol nyelv\u0171 poszter)<\/em><\/li>\n<li><strong>Don\u00e1t Szalai<\/strong>: Nanohidrog\u00e9l sz\u00e1las sz\u00f6vetek pH-f\u00fcgg\u0151 duzzad\u00e1s\u00e1nak vizsg\u00e1lata; XXIX. Kor\u00e1nyi Frigyes Tudom\u00e1nyos F\u00f3rum, Gy\u00f3gyszerfejleszt\u00e9s \u00e9s biol\u00f3giai modellek szekci\u00f3; 2025. m\u00e1rcius 27-28; Budapest, Magyarorsz\u00e1g (\u201c<em>legjobb biofizika t\u00e9m\u00e1j\u00fa poszter\u201d k\u00fcl\u00f6nd\u00edj<\/em>)<\/li>\n<\/ol>\n<p><strong><u>Publik\u00e1ci\u00f3k<\/u><\/strong><\/p>\n<p><strong><em>P\u00e1lyamunka<\/em><\/strong><\/p>\n<ol>\n<li><strong>Don\u00e1t Szalai<\/strong> (2025) Investigation of pH-dependent Swelling of Submicron Hydrogel Fibrous Membranes c. rektori p\u00e1lyamunka (<em>II. d\u00edj<\/em>), Semmelweis Egyetem<\/li>\n<\/ol>\n<p><strong><em>Konferenciak\u00f6zlem\u00e9ny<\/em><\/strong><\/p>\n<ol>\n<li><strong>Szalai D.<\/strong> (2025) Investigation of pH-dependent swelling of nanohydrogel fibrous membranes. Joint Life Sciences Conference (M\u00c9T-MBFT-MMVBT-MABIT), Szeged, 2025 Abstract Booklet, p. 217, ISBN 978-963-688-0682<\/li>\n<\/ol>\n<p><strong><u>Tags\u00e1gok<\/u><\/strong><\/p>\n<p>2023-jelenleg\u00a0 Kerpel Fronius \u00d6d\u00f6n Tehets\u00e9ggondoz\u00f3 Program<\/p>\n<p>2023-jelenleg\u00a0 Semmelweis Egyetem Kiv\u00e1l\u00f3s\u00e1gi Lista<\/p>\n<p>2022-jelenleg\u00a0 Magyar Gy\u00f3gyszer\u00e9szhallgat\u00f3k Egyes\u00fclete<\/p>\n<p>2022-jelenleg\u00a0 Kor\u00e1nyi Frigyes Szakkoll\u00e9gium<\/p>\n<p>2022-2023\u00a0\u00a0\u00a0\u00a0\u00a0 VeBio Tehets\u00e9g Egyes\u00fclet<\/p>\n<p><strong><u>D\u00edjak, Elismer\u00e9sek<\/u><\/strong><\/p>\n<p>2025, Pann\u00f3nia \u00d6szt\u00f6nd\u00edjprogram (Kutat\u00e1si c\u00e9l\u00fa hallgat\u00f3i mobilit\u00e1s)<\/p>\n<p>2024, Nemzeti Fels\u0151oktat\u00e1si \u00d6szt\u00f6nd\u00edj<\/p>\n<p>2022, Prima Primissima Gyula Diploma<\/p>\n<p>2022, Kar\u00e1csonyi J\u00e1nos Kiv\u00e1l\u00f3s\u00e1gi D\u00edj<\/p>\n","protected":false},"excerpt":{"rendered":"<p>Szem\u00e9lyes adatok N\u00e9v: Szalai Don\u00e1t Beoszt\u00e1s: MD-PhD hallgat\u00f3 E-mail: szalai.donat@stud.semmelweis.hu Sz\u00fclet\u00e9si id\u0151: 2003.09.27. Tanulm\u00e1nyok 2025-jelenleg MD-PhD hallgat\u00f3 Semmelweis Egyetem, Elm\u00e9leti \u00e9s Transzl\u00e1ci\u00f3s Orvostudom\u00e1nyi Tagozat, Cellul\u00e1ris \u00e9s Molekul\u00e1ris Biofizika Program 2022-jelenleg Gy\u00f3gyszer\u00e9szhallgat\u00f3 (Dr. Pharm k\u00e9pz\u00e9s) Semmelweis Egyetem, Gy\u00f3gyszer\u00e9sztudom\u00e1nyi Kar Szakdolgozat: Investigation of pH-dependent Swelling of Submicron Hydrogel Fibrous Membranes 2018-2022\u00a0\u00a0\u00a0\u00a0\u00a0 Gimn\u00e1ziumi tanul\u00f3 Kar\u00e1csonyi J\u00e1nos Katolikus Gimn\u00e1zium &hellip;<\/p>\n","protected":false},"author":102447,"featured_media":0,"parent":0,"menu_order":0,"comment_status":"closed","ping_status":"closed","template":"","meta":{"_acf_changed":false,"footnotes":""},"categories":[],"tags":[],"class_list":["post-1394","page","type-page","status-publish","hentry"],"acf":[],"_links":{"self":[{"href":"https:\/\/semmelweis.hu\/nanokemia\/wp-json\/wp\/v2\/pages\/1394","targetHints":{"allow":["GET"]}}],"collection":[{"href":"https:\/\/semmelweis.hu\/nanokemia\/wp-json\/wp\/v2\/pages"}],"about":[{"href":"https:\/\/semmelweis.hu\/nanokemia\/wp-json\/wp\/v2\/types\/page"}],"author":[{"embeddable":true,"href":"https:\/\/semmelweis.hu\/nanokemia\/wp-json\/wp\/v2\/users\/102447"}],"replies":[{"embeddable":true,"href":"https:\/\/semmelweis.hu\/nanokemia\/wp-json\/wp\/v2\/comments?post=1394"}],"version-history":[{"count":1,"href":"https:\/\/semmelweis.hu\/nanokemia\/wp-json\/wp\/v2\/pages\/1394\/revisions"}],"predecessor-version":[{"id":1396,"href":"https:\/\/semmelweis.hu\/nanokemia\/wp-json\/wp\/v2\/pages\/1394\/revisions\/1396"}],"wp:attachment":[{"href":"https:\/\/semmelweis.hu\/nanokemia\/wp-json\/wp\/v2\/media?parent=1394"}],"wp:term":[{"taxonomy":"category","embeddable":true,"href":"https:\/\/semmelweis.hu\/nanokemia\/wp-json\/wp\/v2\/categories?post=1394"},{"taxonomy":"post_tag","embeddable":true,"href":"https:\/\/semmelweis.hu\/nanokemia\/wp-json\/wp\/v2\/tags?post=1394"}],"curies":[{"name":"wp","href":"https:\/\/api.w.org\/{rel}","templated":true}]}}