{"id":9508,"date":"2026-09-05T13:19:24","date_gmt":"2026-09-05T11:19:24","guid":{"rendered":"https:\/\/semmelweis.hu\/mutettan\/?page_id=9508"},"modified":"2026-09-06T08:55:00","modified_gmt":"2026-09-06T06:55:00","slug":"regisztracio","status":"publish","type":"page","link":"https:\/\/semmelweis.hu\/mutettan\/mst-kiserletes-sebeszeti-szekcio-31-kongresszusa\/regisztracio\/","title":{"rendered":"Regisztr\u00e1ci\u00f3"},"content":{"rendered":"<p style=\"text-align: justify\">\nA 2006: XCVIII.(A biztons\u00e1gos \u00e9s gazdas\u00e1gos gy\u00f3gyszer- \u00e9s gy\u00f3gy\u00e1szati seg\u00e9deszk\u00f6z ell\u00e1t\u00e1s, valamint a gy\u00f3gyszerforgalmaz\u00e1s \u00e1ltal\u00e1nos szab\u00e1lyair\u00f3l) t\u00f6rv\u00e9nynek megfelel\u0151en: \u201eTerm\u00e9szetbeni t\u00e1mogat\u00e1s kiz\u00e1r\u00f3lag a rendezv\u00e9nyeken t\u00f6rt\u00e9n\u0151 r\u00e9szv\u00e9tellel k\u00f6zvetlen \u00f6sszef\u00fcgg\u00e9sben felmer\u00fcl\u0151 kiad\u00e1sok (utaz\u00e1si k\u00f6lts\u00e9g, sz\u00e1ll\u00e1sk\u00f6lts\u00e9g, r\u00e9szv\u00e9teli d\u00edj) fedezet\u00e9re szolg\u00e1lhat.\u201d (Tisztelettel k\u00e9rj\u00fck a jelentkez\u00e9sek elk\u00fcld\u00e9s\u00e9n\u00e9l a fenti t\u00f6rv\u00e9ny figyelembev\u00e9tel\u00e9t.)<\/p>\n<p style=\"text-align: justify\">A regisztr\u00e1ci\u00f3 online t\u00f6rt\u00e9nik a rendezv\u00e9ny aloldal\u00e1n. (www.convention.hu). Az online regisztr\u00e1ci\u00f3 lehet\u0151s\u00e9ge a rendezv\u00e9ny el\u0151tt 5 nappal megsz\u0171nik, ezt k\u00f6vet\u0151en m\u00e1r csak a helysz\u00ednen lehets\u00e9ges a jelentkez\u00e9s.<\/p>\n<p>A regisztr\u00e1ci\u00f3s-, \u00e9s ell\u00e1t\u00e1si d\u00edjakr\u00f3l <a href=\"https:\/\/convention.hu\/Rendezveny\/Reszletek\/MSTKS26\/Regisztracio\">itt olvashat,<\/a> a sz\u00e1ll\u00e1slehet\u0151s\u00e9gr\u0151l pedig ezen <a href=\"https:\/\/convention.hu\/Rendezveny\/Reszletek\/MSTKS26\/Szallaslehetosegek\">a linken.\u00a0<\/a><\/p>\n<p style=\"text-align: center\"><strong>SZERVEZ\u00c9SI INFORM\u00c1CI\u00d3 REGISZTR\u00c1CI\u00d3S K\u00c9RD\u00c9SEKBEN<\/strong> <br \/>\n<strong><em>Kortics Kinga<\/em><\/strong> <br \/>\nregisztr\u00e1ci\u00f3s menedzser <br \/>\nMobil: +36 30 639 3705 <br \/>\nE-mail: kkortics@convention.hu<\/p>\n<p style=\"text-align: center\"><strong>SZPONZOR\u00c1CI\u00d3S K\u00c9RD\u00c9SEKBEN<\/strong> <br \/>\n<strong><em>Lesti Bendeg\u00faz projekt menedzser<\/em><\/strong> <br \/>\nMobil: +36 30 182 4939 <br \/>\nE-mail: blesti@convention.hu<\/p>\n<p>Convention Budapest Kft. <br \/>\n1141 Budapest, Bosny\u00e1k utca 48-50. <br \/>\n\u2018B\u2019.lh. 2.em.1.<br \/>\nwww.convention.hu<\/p>\n","protected":false},"excerpt":{"rendered":"<p>A 2006: XCVIII.(A biztons\u00e1gos \u00e9s gazdas\u00e1gos gy\u00f3gyszer- \u00e9s gy\u00f3gy\u00e1szati seg\u00e9deszk\u00f6z ell\u00e1t\u00e1s, valamint a gy\u00f3gyszerforgalmaz\u00e1s \u00e1ltal\u00e1nos szab\u00e1lyair\u00f3l) t\u00f6rv\u00e9nynek megfelel\u0151en: \u201eTerm\u00e9szetbeni t\u00e1mogat\u00e1s kiz\u00e1r\u00f3lag a rendezv\u00e9nyeken t\u00f6rt\u00e9n\u0151 r\u00e9szv\u00e9tellel k\u00f6zvetlen \u00f6sszef\u00fcgg\u00e9sben felmer\u00fcl\u0151 kiad\u00e1sok (utaz\u00e1si k\u00f6lts\u00e9g, sz\u00e1ll\u00e1sk\u00f6lts\u00e9g, r\u00e9szv\u00e9teli d\u00edj) fedezet\u00e9re szolg\u00e1lhat.\u201d (Tisztelettel k\u00e9rj\u00fck a jelentkez\u00e9sek elk\u00fcld\u00e9s\u00e9n\u00e9l a fenti t\u00f6rv\u00e9ny figyelembev\u00e9tel\u00e9t.) A regisztr\u00e1ci\u00f3 online t\u00f6rt\u00e9nik a rendezv\u00e9ny aloldal\u00e1n. (www.convention.hu). Az online &hellip;<\/p>\n","protected":false},"author":101700,"featured_media":0,"parent":9495,"menu_order":4,"comment_status":"closed","ping_status":"closed","template":"","meta":{"_acf_changed":false,"footnotes":""},"categories":[],"tags":[],"class_list":["post-9508","page","type-page","status-publish","hentry"],"acf":[],"_links":{"self":[{"href":"https:\/\/semmelweis.hu\/mutettan\/wp-json\/wp\/v2\/pages\/9508","targetHints":{"allow":["GET"]}}],"collection":[{"href":"https:\/\/semmelweis.hu\/mutettan\/wp-json\/wp\/v2\/pages"}],"about":[{"href":"https:\/\/semmelweis.hu\/mutettan\/wp-json\/wp\/v2\/types\/page"}],"author":[{"embeddable":true,"href":"https:\/\/semmelweis.hu\/mutettan\/wp-json\/wp\/v2\/users\/101700"}],"replies":[{"embeddable":true,"href":"https:\/\/semmelweis.hu\/mutettan\/wp-json\/wp\/v2\/comments?post=9508"}],"version-history":[{"count":5,"href":"https:\/\/semmelweis.hu\/mutettan\/wp-json\/wp\/v2\/pages\/9508\/revisions"}],"predecessor-version":[{"id":9531,"href":"https:\/\/semmelweis.hu\/mutettan\/wp-json\/wp\/v2\/pages\/9508\/revisions\/9531"}],"up":[{"embeddable":true,"href":"https:\/\/semmelweis.hu\/mutettan\/wp-json\/wp\/v2\/pages\/9495"}],"wp:attachment":[{"href":"https:\/\/semmelweis.hu\/mutettan\/wp-json\/wp\/v2\/media?parent=9508"}],"wp:term":[{"taxonomy":"category","embeddable":true,"href":"https:\/\/semmelweis.hu\/mutettan\/wp-json\/wp\/v2\/categories?post=9508"},{"taxonomy":"post_tag","embeddable":true,"href":"https:\/\/semmelweis.hu\/mutettan\/wp-json\/wp\/v2\/tags?post=9508"}],"curies":[{"name":"wp","href":"https:\/\/api.w.org\/{rel}","templated":true}]}}

Regisztráció

<p style="text-align: justify">
A 2006: XCVIII.(A biztonságos és gazdaságos gyógyszer- és gyógyászati segédeszköz ellátás, valamint a gyógyszerforgalmazás általános szabályairól) törvénynek megfelelően: „Természetbeni támogatás kizárólag a rendezvényeken történő részvétellel közvetlen összefüggésben felmerülő kiadások (utazási költség, szállásköltség, részvételi díj) fedezetére szolgálhat.” (Tisztelettel kérjük a jelentkezések elküldésénél a fenti törvény figyelembevételét.)</p>
<p style="text-align: justify">A regisztráció online történik a rendezvény aloldalán. (www.convention.hu). Az online regisztráció lehetősége a rendezvény előtt 5 nappal megszűnik, ezt követően már csak a helyszínen lehetséges a jelentkezés.</p>
<p>A regisztrációs-, és ellátási díjakról <a href="https://convention.hu/Rendezveny/Reszletek/MSTKS26/Regisztracio">itt olvashat,</a> a szálláslehetőségről pedig ezen <a href="https://convention.hu/Rendezveny/Reszletek/MSTKS26/Szallaslehetosegek">a linken. </a></p>
<p style="text-align: center"><strong>SZERVEZÉSI INFORMÁCIÓ REGISZTRÁCIÓS KÉRDÉSEKBEN</strong> <br />
<strong><em>Kortics Kinga</em></strong> <br />
regisztrációs menedzser <br />
Mobil: +36 30 639 3705 <br />
E-mail: kkortics@convention.hu</p>
<p style="text-align: center"><strong>SZPONZORÁCIÓS KÉRDÉSEKBEN</strong> <br />
<strong><em>Lesti Bendegúz projekt menedzser</em></strong> <br />
Mobil: +36 30 182 4939 <br />
E-mail: blesti@convention.hu</p>
<p>Convention Budapest Kft. <br />
1141 Budapest, Bosnyák utca 48-50. <br />
‘B’.lh. 2.em.1.<br />
www.convention.hu</p>

<p>A 2006: XCVIII.(A biztonságos és gazdaságos gyógyszer- és gyógyászati segédeszköz ellátás, valamint a gyógyszerforgalmazás általános szabályairól) törvénynek megfelelően: „Természetbeni támogatás kizárólag a rendezvényeken történő részvétellel közvetlen összefüggésben felmerülő kiadások (utazási költség, szállásköltség, részvételi díj) fedezetére szolgálhat.” (Tisztelettel kérjük a jelentkezések elküldésénél a fenti törvény figyelembevételét.) A regisztráció online történik a rendezvény aloldalán. (www.convention.hu). Az online &hellip;</p>
