{"id":9505,"date":"2026-09-05T13:09:40","date_gmt":"2026-09-05T11:09:40","guid":{"rendered":"https:\/\/semmelweis.hu\/mutettan\/?page_id=9505"},"modified":"2026-09-06T08:54:11","modified_gmt":"2026-09-06T06:54:11","slug":"absztrakt-felhivas","status":"publish","type":"page","link":"https:\/\/semmelweis.hu\/mutettan\/mst-kiserletes-sebeszeti-szekcio-31-kongresszusa\/absztrakt-felhivas\/","title":{"rendered":"Absztrakt Felh\u00edv\u00e1s"},"content":{"rendered":"<p style=\"text-align: center\"><strong>ABSZTRAKT FELH\u00cdV\u00c1S <\/strong><\/p>\n<p style=\"text-align: justify\">A 31. Kongresszuson bemutatkoz\u00e1si lehet\u0151s\u00e9get biztos\u00edtunk tudom\u00e1nyos munk\u00e1t v\u00e9gz\u0151 egyetemist\u00e1k \u00e9s fiatal kutat\u00f3k sz\u00e1m\u00e1ra egy-egy versenyszekci\u00f3ban. Az absztraktokat k\u00e9rj\u00fck angol nyelven bek\u00fcldeni. K\u00e9rj\u00fck, jel\u00f6lj\u00e9k meg az absztrakt felt\u00f6lt\u00e9se sor\u00e1n, hogy melyik versenyszekci\u00f3ban k\u00edv\u00e1nnak indulni. A szekci\u00f3kban szak\u00e9rt\u0151 zs\u0171ri pontoz, a legjobb el\u0151ad\u00e1sok a helyez\u00e9seken k\u00edv\u00fcl \u00e9rt\u00e9kes aj\u00e1nd\u00e9kokat is kapnak. Azoknak az egyetemista fiataloknak, akik r\u00e9szt vesznek a versenyen, a regisztr\u00e1ci\u00f3 ingyenes (az eb\u00e9det \u00e9s a vacsor\u00e1t nem tartalmazza). A 35 \u00e9v alatti fiatal kutat\u00f3k kedvezm\u00e9nyes \u00e1ron regisztr\u00e1lhatnak. A versenyszekci\u00f3k nyitj\u00e1k a kongresszust, melyeket k\u00f6vet\u0151en egy k\u00eds\u00e9rletes seb\u00e9szeti workshopon vehetnek r\u00e9szt a regisztr\u00e1lt fiatalok.<\/p>\n<p style=\"text-align: justify\">A kongresszuson el\u0151ad\u00e1sok bemutat\u00e1s\u00e1ra van lehet\u0151s\u00e9g sz\u00f3beli el\u0151ad\u00e1s \u00e9s poszter form\u00e1j\u00e1ban, melyek kapcsol\u00f3dnak a kongresszus f\u0151 t\u00e9m\u00e1ihoz. A jelentkez\u0151k sz\u00e1m\u00e1t\u00f3l f\u00fcgg\u0151en a szervez\u0151k fenntartj\u00e1k a jogot, hogy bizonyos sz\u00f3beli el\u0151ad\u00e1sokat, poszterprezent\u00e1ci\u00f3 form\u00e1j\u00e1ban fogadjanak el. Ezen d\u00f6nt\u00e9sr\u0151l az \u00e9rintetteket id\u0151ben \u00e9rtes\u00edtik.<\/p>\n<p style=\"text-align: justify\">Az el\u0151ad\u00e1sok r\u00f6vid sz\u00f6veges \u00f6sszefoglal\u00f3j\u00e1t magyar nyelven, k\u00e9rj\u00fck a www. convention.hu oldalon a rendezv\u00e9ny online absztrakt k\u00fcld\u00e9s fel\u00fclet\u00e9nek haszn\u00e1lat\u00e1val a r\u00e9sz\u00fcnkre elk\u00fcldeni sz\u00edveskedjenek.<\/p>\n<p style=\"text-align: justify\"><em><strong>Absztrakt lead\u00e1si hat\u00e1rid\u0151: 2026. szeptember 15. (\u00e9jf\u00e9l) <\/strong><\/em><\/p>\n<p style=\"text-align: justify\">Az el\u0151ad\u00e1sok formai k\u00f6vetelm\u00e9nyei:<\/p>\n<p>\u2022 El\u0151ad\u00e1s c\u00edme (max. 150 karakter terjedelemben) <br \/>\n\u2022 El\u0151ad\u00e1s kateg\u00f3ri\u00e1ja (a megadott kateg\u00f3ria lista alapj\u00e1n) <br \/>\n\u2022 El\u0151ad\u00e1s tervezett m\u00f3dja (sz\u00f3beli; poszter) <br \/>\n\u2022 El\u0151ad\u00e1s sz\u00f6veges r\u00e9sze tagoltan (max. 2.500 karakter terjedelemben): <br \/>\n\u00a0 Bevezet\u00e9s; M\u00f3dszerek; Eredm\u00e9nyek; K\u00f6vetkeztet\u00e9s<br \/>\n\u2022 El\u0151ad\u00f3, els\u0151 szerz\u0151 neve, munkahelye, e-mail c\u00edme <br \/>\n\u2022 Tov\u00e1bbi szerz\u0151k neve \u00e9s munkahelye a szerz\u0151lista megfelel\u0151 sorrendj\u00e9ben.<\/p>\n","protected":false},"excerpt":{"rendered":"<p>ABSZTRAKT FELH\u00cdV\u00c1S A 31. Kongresszuson bemutatkoz\u00e1si lehet\u0151s\u00e9get biztos\u00edtunk tudom\u00e1nyos munk\u00e1t v\u00e9gz\u0151 egyetemist\u00e1k \u00e9s fiatal kutat\u00f3k sz\u00e1m\u00e1ra egy-egy versenyszekci\u00f3ban. Az absztraktokat k\u00e9rj\u00fck angol nyelven bek\u00fcldeni. K\u00e9rj\u00fck, jel\u00f6lj\u00e9k meg az absztrakt felt\u00f6lt\u00e9se sor\u00e1n, hogy melyik versenyszekci\u00f3ban k\u00edv\u00e1nnak indulni. A szekci\u00f3kban szak\u00e9rt\u0151 zs\u0171ri pontoz, a legjobb el\u0151ad\u00e1sok a helyez\u00e9seken k\u00edv\u00fcl \u00e9rt\u00e9kes aj\u00e1nd\u00e9kokat is kapnak. Azoknak az egyetemista fiataloknak, &hellip;<\/p>\n","protected":false},"author":101700,"featured_media":0,"parent":9495,"menu_order":3,"comment_status":"closed","ping_status":"closed","template":"","meta":{"_acf_changed":false,"footnotes":""},"categories":[],"tags":[],"class_list":["post-9505","page","type-page","status-publish","hentry"],"acf":[],"_links":{"self":[{"href":"https:\/\/semmelweis.hu\/mutettan\/wp-json\/wp\/v2\/pages\/9505","targetHints":{"allow":["GET"]}}],"collection":[{"href":"https:\/\/semmelweis.hu\/mutettan\/wp-json\/wp\/v2\/pages"}],"about":[{"href":"https:\/\/semmelweis.hu\/mutettan\/wp-json\/wp\/v2\/types\/page"}],"author":[{"embeddable":true,"href":"https:\/\/semmelweis.hu\/mutettan\/wp-json\/wp\/v2\/users\/101700"}],"replies":[{"embeddable":true,"href":"https:\/\/semmelweis.hu\/mutettan\/wp-json\/wp\/v2\/comments?post=9505"}],"version-history":[{"count":3,"href":"https:\/\/semmelweis.hu\/mutettan\/wp-json\/wp\/v2\/pages\/9505\/revisions"}],"predecessor-version":[{"id":9526,"href":"https:\/\/semmelweis.hu\/mutettan\/wp-json\/wp\/v2\/pages\/9505\/revisions\/9526"}],"up":[{"embeddable":true,"href":"https:\/\/semmelweis.hu\/mutettan\/wp-json\/wp\/v2\/pages\/9495"}],"wp:attachment":[{"href":"https:\/\/semmelweis.hu\/mutettan\/wp-json\/wp\/v2\/media?parent=9505"}],"wp:term":[{"taxonomy":"category","embeddable":true,"href":"https:\/\/semmelweis.hu\/mutettan\/wp-json\/wp\/v2\/categories?post=9505"},{"taxonomy":"post_tag","embeddable":true,"href":"https:\/\/semmelweis.hu\/mutettan\/wp-json\/wp\/v2\/tags?post=9505"}],"curies":[{"name":"wp","href":"https:\/\/api.w.org\/{rel}","templated":true}]}}

Absztrakt Felhívás

<p style="text-align: center"><strong>ABSZTRAKT FELHÍVÁS </strong></p>
<p style="text-align: justify">A 31. Kongresszuson bemutatkozási lehetőséget biztosítunk tudományos munkát végző egyetemisták és fiatal kutatók számára egy-egy versenyszekcióban. Az absztraktokat kérjük angol nyelven beküldeni. Kérjük, jelöljék meg az absztrakt feltöltése során, hogy melyik versenyszekcióban kívánnak indulni. A szekciókban szakértő zsűri pontoz, a legjobb előadások a helyezéseken kívül értékes ajándékokat is kapnak. Azoknak az egyetemista fiataloknak, akik részt vesznek a versenyen, a regisztráció ingyenes (az ebédet és a vacsorát nem tartalmazza). A 35 év alatti fiatal kutatók kedvezményes áron regisztrálhatnak. A versenyszekciók nyitják a kongresszust, melyeket követően egy kísérletes sebészeti workshopon vehetnek részt a regisztrált fiatalok.</p>
<p style="text-align: justify">A kongresszuson előadások bemutatására van lehetőség szóbeli előadás és poszter formájában, melyek kapcsolódnak a kongresszus fő témáihoz. A jelentkezők számától függően a szervezők fenntartják a jogot, hogy bizonyos szóbeli előadásokat, poszterprezentáció formájában fogadjanak el. Ezen döntésről az érintetteket időben értesítik.</p>
<p style="text-align: justify">Az előadások rövid szöveges összefoglalóját magyar nyelven, kérjük a www. convention.hu oldalon a rendezvény online absztrakt küldés felületének használatával a részünkre elküldeni szíveskedjenek.</p>
<p style="text-align: justify"><em><strong>Absztrakt leadási határidő: 2026. szeptember 15. (éjfél) </strong></em></p>
<p style="text-align: justify">Az előadások formai követelményei:</p>
<p>• Előadás címe (max. 150 karakter terjedelemben) <br />
• Előadás kategóriája (a megadott kategória lista alapján) <br />
• Előadás tervezett módja (szóbeli; poszter) <br />
• Előadás szöveges része tagoltan (max. 2.500 karakter terjedelemben): <br />
  Bevezetés; Módszerek; Eredmények; Következtetés<br />
• Előadó, első szerző neve, munkahelye, e-mail címe <br />
• További szerzők neve és munkahelye a szerzőlista megfelelő sorrendjében.</p>

<p>ABSZTRAKT FELHÍVÁS A 31. Kongresszuson bemutatkozási lehetőséget biztosítunk tudományos munkát végző egyetemisták és fiatal kutatók számára egy-egy versenyszekcióban. Az absztraktokat kérjük angol nyelven beküldeni. Kérjük, jelöljék meg az absztrakt feltöltése során, hogy melyik versenyszekcióban kívánnak indulni. A szekciókban szakértő zsűri pontoz, a legjobb előadások a helyezéseken kívül értékes ajándékokat is kapnak. Azoknak az egyetemista fiataloknak, &hellip;</p>
