{"id":7130,"date":"2020-11-26T11:42:18","date_gmt":"2020-11-26T10:42:18","guid":{"rendered":"https:\/\/semmelweis.hu\/mutettan\/?page_id=7130"},"modified":"2023-02-22T14:45:58","modified_gmt":"2023-02-22T13:45:58","slug":"studiumlehre","status":"publish","type":"page","link":"https:\/\/semmelweis.hu\/mutettan\/de\/studiumlehre\/","title":{"rendered":"Studium&amp;Lehre"},"content":{"rendered":"<p style=\"text-align: center\"><span style=\"font-size: 14pt\"><strong>Liebe Studentinnen und Studenten,<\/strong><\/span><\/p>\n<p style=\"text-align: justify\">als zust\u00e4ndige Dozentin f\u00fcr die deutschsprachige Lehre m\u00f6chte ich Sie im Fach Experimentelle Chirurgie und Chirurgische Operationslehre herzlichst begr\u00fc\u00dfen.<\/p>\n<p style=\"text-align: justify\">Es ist f\u00fcr mich jedes Jahr aufs Neue eine gro\u00dfe Freude Sie, die Studenten im dritten Jahrgang, kennen zu lernen und Sie w\u00e4hrend der n\u00e4chsten vier Jahre bis zum Staatsexamen begleiten zu d\u00fcrfen. Auf Ihrem Weg werden Sie bestimmt an einigen schwierigen Hindernissen vorbeigehen m\u00fcssen, doch Sie werden mit Ihren Aufgaben \u00fcber sich hinauswachsen \u2013 auch wenn Ihnen manchmal die K\u00f6pfe vom vielen Lernen qualmen werden.<\/p>\n<p style=\"text-align: justify\">Eigentlich arbeite ich an der Universit\u00e4tsklinik f\u00fcr Transplantation und Chirurgie. So war es f\u00fcr mich eine gro\u00dfe \u00dcberraschung, dass ich zu der Wiederer\u00f6ffnung des Instituts f\u00fcr Experimentelle Chirurgie und Chirurgische Operationslehre im Jahr 2010 gebeten wurde f\u00fcr das Institut zu unterrichten. Gemeinsam mit meinen Kollegen, welche ebenfalls in anderen Kliniken t\u00e4tig sind, haben wir es uns seit dem Studienjahr 2011\/12 zur Aufgabe gemacht, die deutschsprachige Lehre intensiv zu gestalten. Ich kann f\u00fcr mich und meine Kollegen sprechen, wenn ich sage, dass wir diese Arbeit sehr genie\u00dfen und sie uns neben neuen Erfahrungen auch viel Freude bereitet.<\/p>\n<p style=\"text-align: justify\">Mein Ziel ist es die deutschsprachige Lehre der Chirurgie so zu gestalten, dass Sie nicht nur die Grundelemente der Chirurgie erlernen k\u00f6nnen, sondern vor allem, dass Sie die Chirurgie selbst und unsere Klinik in guter Erinnerung behalten werden. Meine p\u00e4dagogischen Prinzipien m\u00f6gen sich von vielen anderen Lehrern der Universit\u00e4t unterscheiden: ich war schon immer der Auffassung, dass eine freundliche Atmosph\u00e4re viel wichtiger ist als das schrecklich penible F\u00fchren von Anwesenheitslisten. Dar\u00fcber hinaus w\u00fcrde ich mich freuen, wenn wir neben der Chirurgie auch \u00fcber andere Themen reden k\u00f6nnen und nicht nur fachliche, sondern auch zwischenmenschliche Kontakte haben k\u00f6nnen.<\/p>\n<p style=\"text-align: justify\">Ich freue mich immer \u00fcber Ihre Offenheit und Ihr Interesse f\u00fcr die Welt, die Medizin und die Chirurgie! Gleicherma\u00dfen bin ich immer froh, dass so viele von Ihnen als Tutoren in dem Fach Experimentelle Chirurgie arbeiten m\u00f6chten und damit nicht nur mir, sondern auch den j\u00fcngeren Studenten eine gro\u00dfe Hilfe sind. Das erf\u00fcllt mich mit Stolz und zeigt mir die soziale Lebensauffassung Ihrer Generation \u2013 die \u00c4rzte der Zukunft.<\/p>\n<p style=\"text-align: justify\">Ich hoffe, dass Sie an diesem Fach eine gro\u00dfe Begeisterung und zugleich viel Freude finden werden. Ich w\u00fcnsche Ihnen viel Spa\u00df in der Chirurgie!<\/p>\n<p style=\"text-align: justify\">Dr. med. habil. Eva Toronyi<\/p>\n","protected":false},"excerpt":{"rendered":"<p>Liebe Studentinnen und Studenten, als zust\u00e4ndige Dozentin f\u00fcr die deutschsprachige Lehre m\u00f6chte ich Sie im Fach Experimentelle Chirurgie und Chirurgische Operationslehre herzlichst begr\u00fc\u00dfen. Es ist f\u00fcr mich jedes Jahr aufs Neue eine gro\u00dfe Freude Sie, die Studenten im dritten Jahrgang, kennen zu lernen und Sie w\u00e4hrend der n\u00e4chsten vier Jahre bis zum Staatsexamen begleiten zu &hellip;<\/p>\n","protected":false},"author":101700,"featured_media":0,"parent":0,"menu_order":1,"comment_status":"closed","ping_status":"closed","template":"","meta":{"_acf_changed":false,"footnotes":""},"categories":[],"tags":[],"class_list":["post-7130","page","type-page","status-publish","hentry"],"acf":[],"_links":{"self":[{"href":"https:\/\/semmelweis.hu\/mutettan\/wp-json\/wp\/v2\/pages\/7130","targetHints":{"allow":["GET"]}}],"collection":[{"href":"https:\/\/semmelweis.hu\/mutettan\/wp-json\/wp\/v2\/pages"}],"about":[{"href":"https:\/\/semmelweis.hu\/mutettan\/wp-json\/wp\/v2\/types\/page"}],"author":[{"embeddable":true,"href":"https:\/\/semmelweis.hu\/mutettan\/wp-json\/wp\/v2\/users\/101700"}],"replies":[{"embeddable":true,"href":"https:\/\/semmelweis.hu\/mutettan\/wp-json\/wp\/v2\/comments?post=7130"}],"version-history":[{"count":10,"href":"https:\/\/semmelweis.hu\/mutettan\/wp-json\/wp\/v2\/pages\/7130\/revisions"}],"predecessor-version":[{"id":8202,"href":"https:\/\/semmelweis.hu\/mutettan\/wp-json\/wp\/v2\/pages\/7130\/revisions\/8202"}],"wp:attachment":[{"href":"https:\/\/semmelweis.hu\/mutettan\/wp-json\/wp\/v2\/media?parent=7130"}],"wp:term":[{"taxonomy":"category","embeddable":true,"href":"https:\/\/semmelweis.hu\/mutettan\/wp-json\/wp\/v2\/categories?post=7130"},{"taxonomy":"post_tag","embeddable":true,"href":"https:\/\/semmelweis.hu\/mutettan\/wp-json\/wp\/v2\/tags?post=7130"}],"curies":[{"name":"wp","href":"https:\/\/api.w.org\/{rel}","templated":true}]}}