{"id":1559,"date":"2014-01-31T09:49:02","date_gmt":"2014-01-19T10:43:44","guid":{"rendered":"http:\/\/semmelweis.hu\/mutettan\/?page_id=1559"},"modified":"2026-02-19T13:02:14","modified_gmt":"2026-02-19T12:02:14","slug":"grundlegende-chirurgische-technik","status":"publish","type":"page","link":"https:\/\/semmelweis.hu\/mutettan\/de\/studiumlehre\/grundlegende-chirurgische-technik\/","title":{"rendered":"Pflichtfach"},"content":{"rendered":"<p style=\"text-align: center\"><strong>Lehrstuhl f\u00fcr Experimentelle Kardiologie und Chirurgische Operationslehre<\/strong><\/p>\n<p style=\"text-align: justify\">\u00a0 \u00a0 \u00a0 \u00a0 \u00a0 \u00a0 \u00a0 \u00a0 \u00a0 \u00a0 \u00a0 \u00a0 \u00a0 \u00a0 \u00a0 \u00a0 \u00a0 \u00a0 \u00a0 <a href=\"https:\/\/semmelweis.hu\/mutettan\/files\/2026\/02\/Nemet-tantargykovetelmenyrendszer-2026.pdf\">Anforderungen im 2ten Semester 2025\/2026 Academische Jahre<\/a><\/p>\n<p style=\"text-align: justify\">W\u00e4hrend der Praktika die Studenten werden die \u00a0Regeln der Asepsis im Bezug der Operationen kennenlernen (Bedeutung der Operationsschleuse, chirurgisches Einwaschen, Vorbereitung des Operationsfeldes), die Vorschrifte des Verhaltens \u00a0im Operatiossaal, die grundlegende chirurgischen Instrumente und Ger\u00e4te, Nahtmaterialien, Nahttechnik und Knotentechniken und die wichtigste \u00a0Grundkenntnisse \u00fcber die Operationstechnik.<\/p>\n<p style=\"text-align: justify\">Neben der klassischen chirurgischen Techniken es ist wichtig, dass die Studenten die Grundelemente der Videoendoskopie erlernen und die F\u00e4higkeiten auch in diesem Gebiet weiter entwickeln. Die Studenten k\u00f6nnen die laparoskopische Aufgaben a Pelvitrainer \u00fcben und dadurch\u00a0 die Koordination von Auge und Hand im Gehirn weiter entwickeln.<\/p>\n<div class=\"responsive-tabs\">\n<h2 class=\"tabtitle\">Allgemeine Kenntnisse<\/h2>\n<div class=\"tabcontent\">\n\n<p style=\"text-align: justify\"><strong>Allgemeine Kenntnisse<\/strong><\/p>\n<ol style=\"text-align: justify\">\n<li>Die Studenten m\u00fcssen die Praktika w\u00e4hrend des ganzen Semesters immer in der Gruppe ableisten, in die Gruppe sie sich beim Fachaufnahme registriert haben. Es besteht keine M\u00f6glichkeit sich in eine andere Gruppe w\u00e4hrend des Semesters ummelden.<\/li>\n<li>Es gibt Anwesenheitspflicht bei den Praktika, der kontrolliert wird.<br \/>\nUm das Semester erfolgreich zu absolvieren, darf man maximal <strong>einmal <\/strong>im Praktikum gefehlt haben. Jedoch besteht im Falle einer Abwesenheit die M\u00f6glichkeit, das Praktikum innerhalb von zwei Wochen in einer anderen Gruppen nachzuholen.<\/li>\n<li>Anmeldung\u00a0 zu Nachholpraktika:<br \/>\nDurch die begrenzte Kapazit\u00e4t des OPs (15 Personen pro Gruppe) kann das Nachholen des Praktikum nur nach vorheriger Anmeldung\/Absprache dem Institute geschehen.<\/li>\n<li>Voraussetzungen f\u00fcr die Teilnahme an den Praktika:<\/li>\n<\/ol>\n<p style=\"text-align: justify\">Eine angemessene Nagelpflege wird erwartet (die Fingern\u00e4gel sollten bis zur Fingerkuppe geschnitten sein, Nagellack und k\u00fcnstliche Fingern\u00e4gel sind nicht gestattet).<\/p>\n<p style=\"text-align: justify\">W\u00e4hrend der Praktika d\u00fcrfen keine Armbanduhren, Armb\u00e4nder, Ringe und anderer Schmuck getragen werden. Wir bitten die Studenten schon vor der Praktika diese Schmuckst\u00fccke zu entfernen und in die Schr\u00e4nke einschliessen.<\/p>\n<p style=\"text-align: justify\">Bei Nichteinhaltung dieser Regeln, k\u00f6nnen Studierende vom Praktikum ausgeschlossen werden. Dies bedeutet, dass Studenten trotz Anwesenheit das Praktikum nicht anerkannt bekommen und als abwesend dokumentiert werden.<\/p>\n\n<\/div><h2 class=\"tabtitle\">Vorlesungen<\/h2>\n<div class=\"tabcontent\">\n\n<p style=\"text-align: center\"><strong>VORLESUNGEN- EXPERIMENTELLE CHIRURGIE\u00a0 <\/strong><\/p>\n<p><strong>VORLESUNGSPROGRAMM <\/strong>2025\/2026. 2. SEMESTER<\/p>\n<p><strong>\u00a0<\/strong>Die erste Vorlesung findet in der <strong>zweiten Semesterwoche <\/strong>statt:<\/p>\n<p>\nORT: GMFEOK BEZNAK SAAL<br \/>\n1082 BUDAPEST, T\u0170ZOLT\u00d3 UTCA, BEZNAK SAAL<br \/>\nZEITPUNKT: MONTAG 14:45 -16:15<\/p>\n<ol>\n<li>\nVorlesung- 2. Woche 23. Februar 2026.<br \/>\nAsepsis, Antisepsis, Desinfektion. Der Chirurg im Operationssaal.<br \/>\nChirurgische Instrumente. Pr\u00e4vention chirurgischer Wundinfektionen (SSI),<br \/>\nDr. med.habil Eva Toronyi<\/li>\n<li>\nVorlesung \u2013 3.Woche 02.M\u00e4rz 2026<br \/>\nDie Operation \u2013 Notfalleingriffe, gezielte Operationen, Vorbereitung der Patienten auf<br \/>\ndie Operation, Schnittf\u00fchrung<br \/>\nProf. Dr. J\u00f6rg-Matthias Pollok- Royal Free Hospital, London\u00a0 \u00a0 \u00a0 \u00a0\u00a0 \u00a0 \u00a0 \u00a0 \u00a0\u00a0<\/li>\n<li>\u00a0<br \/>\nVorlesung- 4. Woche 09. M\u00e4rz 2026. 08:45 \u2013 09:30<br \/>\nGrundlegende chirurgische Instrumente und Nahtmaterialien: Grundlegende und spezielle<br \/>\nNahttechniken in der Chirurgie.<br \/>\nBlutstillung und Blutungskontrolle<br \/>\nDr. med.habil Eva Toronyi<\/li>\n<li>\nVorlesung- 5. Woche 16. M\u00e4rz 2025.<br \/>\nKlassifikation und Behandlung von Wunden, Grundlagen der Wundversorgung, Prinzipien<br \/>\nder Wundheilung. Tetanus Infektion<br \/>\nGrundlagen der Laparoskopie<br \/>\nDr. med. habil Eva Toronyi<\/li>\n<\/ol>\n\n<\/div><h2 class=\"tabtitle\">Ort der Praktika<\/h2>\n<div class=\"tabcontent\">\n\n<p><strong>ORT DER PRAKTIKA<\/strong><\/p>\n<p style=\"text-align: justify\">Praktika 1,3,4 werden im Lehr-OP-Saal des NET gehalten.<br \/>\nDer Lehr-OP ist \u00fcber die Aula erreichbar. Von dort gehen Sie zum Eingang des Festsaals, von welchem Treppen ins Kellergescho\u00df und zum OP-Eingang f\u00fchren.<br \/>\nPraktika 5-6 werden im Seminarsaal 1 (S1) im NET gehalten.<br \/>\n1089 Budapest, Nagyv\u00e1rad t\u00e9r 4.<\/p>\n<p style=\"text-align: justify\"><strong>3.+4. Woche (2.Praktikum) findet in Varosmajor Herzchirurgie statt<br \/>\n<\/strong><strong style=\"font-size: 1rem\">1122 Budapest,\u00a0V\u00e1rosmajor\u00a0utca 68.<\/strong><\/p>\n\n<\/div><h2 class=\"tabtitle\">Zeit der Praktika<\/h2>\n<div class=\"tabcontent\">\n\n<p><strong>ZEIT DER PRAKTIKA<\/strong><\/p>\n<p style=\"text-align: justify\">Alle Gruppen haben im Fach Experimentelle und Chirurgische Operationslehre im Zwei-Wochen-Rhythmus Praktikum. Das hei\u00dft f\u00fcr jede Gruppe, dass das Praktikum nur jede zweite Woche stattfindet. Jedes Praktikum dauert 3&#215;45 Minuten.<\/p>\n<ol style=\"text-align: justify\">\n<li>Praktikum: Naht mit einzelknopfn\u00e4hten. \u00dcbung am in-vitro Modell Chirurgischer Knoten: \u00dcberkreuzter Knoten Einhandtechnik, Zweihandtechnik Richtige Haltung der Instrumente, Knoten mit Instrument<\/li>\n<li>Chirurgisches Einwaschen, Steriles Operationskittel und sterile Handschuhe anziehen<\/li>\n<li>\u00dcbung von Nahttypen an Schweinehaut Einzelknopfn\u00e4hte, Vertikaler Matrazenstich (nach Donati, vertikaler U-Stich, <span style=\"font-size: 1rem\">Horisontaler Matrazenstich<\/span><\/li>\n<li>\u00dcbung von Nahttypen an Schweinehaut Fortlaufende N\u00e4hte, Intracutan fortlaufende Naht<\/li>\n<li>Laparoskopische Instrumente, Laparoskopischer Turm, Laparoskopische Aufgaben mit Zeitmessung<\/li>\n<li>Laparoskopische Aufgaben mit Zeitmessung Die Praktische Pr\u00fcfung beinhaltet eine laparoskopische Aufgabe und die Zeit daf\u00fcr wird auch an diesem Praktikum gemessen<\/li>\n<\/ol>\n<ol style=\"text-align: justify\" start=\"7\">\n<li><strong><em>Praktische Pr\u00fcfung besteht aus den folgenden Stationen:<\/em><\/strong><\/li>\n<\/ol>\n<p style=\"text-align: justify\">(1) Chirugisches Einwaschen- steriles Kittelanziehen- steriles Handschuhanziehen<\/p>\n<p style=\"text-align: justify\">(2) Kenntnisse der chirurgischen Instrumente<\/p>\n<p style=\"text-align: justify\">(3) Chirurgische Knoten mit der Hand<\/p>\n<p style=\"text-align: justify\">(4) Durchf\u00fchrung von verschiedenen Nahttypen an ex vivo Tiermodell<\/p>\n<p style=\"text-align: justify\">(5) Kenntnisse der laparoskopischen Instrumente<\/p>\n<p style=\"text-align: justify\">(6) Laparoskopische \u00dcbungen am Pelvitrainer<\/p>\n<p style=\"text-align: justify\"><strong><em>W\u00e4hrend des Semester werden 2 schriftliche Wettbewerben (Test-Pr\u00fcfung) stattfinden:<\/em><\/strong><\/p>\n<ol style=\"text-align: justify\">\n<li>Kenntnisse der Chirurgischen Instrumente<\/li>\n<li>Kenntnisse der Laparoskopischen Instrumente<\/li>\n<\/ol>\n<p style=\"text-align: justify\">Wenn jemand bei diesen Wettbewerben &gt; als 60% erreicht, muss die Stationen 2 und 5 nicht mehr machen, bekommt maximum Punkte (5-5)<\/p>\n\n<\/div><h2 class=\"tabtitle\">Aktionsplan<\/h2>\n<div class=\"tabcontent\">\n\n<p><a href=\"https:\/\/semmelweis.hu\/mutettan\/files\/2021\/09\/SE-\u00c1OK-VSZEK-KSMT-N.pdf\"><strong>Aktionsplan basierend auf dem Feedback der Studierenden im 2ten Semester des 2020 \/ 2021 Akademisches Jahr<\/strong><\/a><\/p>\n<p><a href=\"https:\/\/semmelweis.hu\/mutettan\/files\/2022\/10\/2021-22.Szempontok-e\u0301s-sablonok-az-inte\u0301zkede\u0301si-tervekhez-.doc-x.pdf\"><strong>Aktionsplan basierend auf dem Feedback der Studierenden im 2ten Semester des 2021\/2022 Akademisches Jahr<\/strong><\/a><\/p>\n<p><strong><a href=\"https:\/\/semmelweis.hu\/mutettan\/files\/2024\/04\/AKTIONSPLAN2024.docx\">Aktionsplan basierend auf dem Feedback der Studierenden im zweiten Semester des Akademischen Jahres 2022 \/ 2023<\/a><\/strong><\/p>\n<p><strong><a href=\"https:\/\/semmelweis.hu\/mutettan\/files\/2025\/10\/AKTIONSPLAN20251011.docx\">Aktionsplan basierend auf dem Feedback der Studierenden im zweiten Semester des Akademischen Jahres 2024 \/ 2025<\/a><\/strong><\/p>\n<p style=\"text-align: justify\"><\/div><\/div><\/p>\n","protected":false},"excerpt":{"rendered":"<p>Lehrstuhl f\u00fcr Experimentelle Kardiologie und Chirurgische Operationslehre \u00a0 \u00a0 \u00a0 \u00a0 \u00a0 \u00a0 \u00a0 \u00a0 \u00a0 \u00a0 \u00a0 \u00a0 \u00a0 \u00a0 \u00a0 \u00a0 \u00a0 \u00a0 \u00a0 <a href=\"https:\/\/semmelweis.hu\/mutettan\/files\/2026\/02\/Nemet-tantargykovetelmenyrendszer-2026.pdf\">Anforderungen im 2ten Semester 2025\/2026 Academische Jahre<\/a> W\u00e4hrend der Praktika die Studenten werden die \u00a0Regeln der Asepsis im Bezug der Operationen kennenlernen (Bedeutung der Operationsschleuse, chirurgisches Einwaschen, Vorbereitung des Operationsfeldes), die Vorschrifte des Verhaltens \u00a0im Operatiossaal, &hellip;<\/p>\n","protected":false},"author":297,"featured_media":0,"parent":7130,"menu_order":1,"comment_status":"closed","ping_status":"closed","template":"","meta":{"_acf_changed":false,"footnotes":""},"categories":[],"tags":[],"class_list":["post-1559","page","type-page","status-publish","hentry"],"acf":[],"_links":{"self":[{"href":"https:\/\/semmelweis.hu\/mutettan\/wp-json\/wp\/v2\/pages\/1559","targetHints":{"allow":["GET"]}}],"collection":[{"href":"https:\/\/semmelweis.hu\/mutettan\/wp-json\/wp\/v2\/pages"}],"about":[{"href":"https:\/\/semmelweis.hu\/mutettan\/wp-json\/wp\/v2\/types\/page"}],"author":[{"embeddable":true,"href":"https:\/\/semmelweis.hu\/mutettan\/wp-json\/wp\/v2\/users\/297"}],"replies":[{"embeddable":true,"href":"https:\/\/semmelweis.hu\/mutettan\/wp-json\/wp\/v2\/comments?post=1559"}],"version-history":[{"count":12,"href":"https:\/\/semmelweis.hu\/mutettan\/wp-json\/wp\/v2\/pages\/1559\/revisions"}],"predecessor-version":[{"id":9288,"href":"https:\/\/semmelweis.hu\/mutettan\/wp-json\/wp\/v2\/pages\/1559\/revisions\/9288"}],"up":[{"embeddable":true,"href":"https:\/\/semmelweis.hu\/mutettan\/wp-json\/wp\/v2\/pages\/7130"}],"wp:attachment":[{"href":"https:\/\/semmelweis.hu\/mutettan\/wp-json\/wp\/v2\/media?parent=1559"}],"wp:term":[{"taxonomy":"category","embeddable":true,"href":"https:\/\/semmelweis.hu\/mutettan\/wp-json\/wp\/v2\/categories?post=1559"},{"taxonomy":"post_tag","embeddable":true,"href":"https:\/\/semmelweis.hu\/mutettan\/wp-json\/wp\/v2\/tags?post=1559"}],"curies":[{"name":"wp","href":"https:\/\/api.w.org\/{rel}","templated":true}]}}