{"id":1388,"date":"2013-12-14T14:03:49","date_gmt":"2013-12-14T12:03:49","guid":{"rendered":"http:\/\/semmelweis.hu\/mutettan\/?page_id=1388"},"modified":"2026-02-18T14:01:27","modified_gmt":"2026-02-18T13:01:27","slug":"team-mitglieder","status":"publish","type":"page","link":"https:\/\/semmelweis.hu\/mutettan\/de\/ueber-uns\/team-mitglieder\/","title":{"rendered":"Mitarbeiter des Institutes"},"content":{"rendered":"<div class=\"responsive-tabs\">\n<h2 class=\"tabtitle\">Mitarbeiter des Institutes<\/h2>\n<div class=\"tabcontent\">\n\n<table style=\"width: 103.42%;height: 2015px\" border=\"0\" width=\"630\" cellspacing=\"0\" cellpadding=\"0\">\n<tbody>\n<tr style=\"height: 226px\">\n<td style=\"width: 32.2768%;height: 226px\"><a href=\"https:\/\/semmelweis.hu\/mutettan\/files\/2023\/11\/RS168196_GV5A7337.jpg\"><img loading=\"lazy\" decoding=\"async\" class=\" wp-image-8415 alignleft\" src=\"https:\/\/semmelweis.hu\/mutettan\/files\/2023\/11\/RS168196_GV5A7337-267x400.jpg\" alt=\"\" width=\"127\" height=\"190\" srcset=\"https:\/\/semmelweis.hu\/mutettan\/files\/2023\/11\/RS168196_GV5A7337-267x400.jpg 267w, https:\/\/semmelweis.hu\/mutettan\/files\/2023\/11\/RS168196_GV5A7337-683x1024.jpg 683w, https:\/\/semmelweis.hu\/mutettan\/files\/2023\/11\/RS168196_GV5A7337-768x1152.jpg 768w, https:\/\/semmelweis.hu\/mutettan\/files\/2023\/11\/RS168196_GV5A7337-753x1130.jpg 753w, https:\/\/semmelweis.hu\/mutettan\/files\/2023\/11\/RS168196_GV5A7337.jpg 800w\" sizes=\"auto, (max-width: 127px) 100vw, 127px\" \/><\/a><\/p>\n<p>&nbsp;<\/p>\n<\/td>\n<td style=\"width: 67.648%;height: 226px\">\n<p><strong>Prof. Dr. med. Radovits Tam\u00e1s<\/strong><br \/>\nDirektor, Professor<br \/>\nTel.:+36-20-825-8895<br \/>\nE-mail: radovitstamas@yahoo.com<\/p>\n<\/td>\n<\/tr>\n<tr style=\"height: 10px\">\n<td style=\"width: 32.2768%;height: 10px\"><img loading=\"lazy\" decoding=\"async\" class=\"alignleft  wp-image-1505\" src=\"https:\/\/semmelweis.hu\/mutettan\/files\/2014\/01\/Toronyi_Eva.jpg\" alt=\"\" width=\"122\" height=\"172\" srcset=\"https:\/\/semmelweis.hu\/mutettan\/files\/2014\/01\/Toronyi_Eva.jpg 823w, https:\/\/semmelweis.hu\/mutettan\/files\/2014\/01\/Toronyi_Eva-213x300.jpg 213w, https:\/\/semmelweis.hu\/mutettan\/files\/2014\/01\/Toronyi_Eva-727x1024.jpg 727w\" sizes=\"auto, (max-width: 122px) 100vw, 122px\" \/><\/td>\n<td style=\"width: 67.648%;height: 10px\"><strong>Dr. med. Toronyi \u00c9va<br \/>\n<\/strong>Der f\u00fcr die Ausbildung der Studenten zust\u00e4ndige Manager<br \/>\nDozent<br \/>\nZust\u00e4ndig f\u00fcr die Deutsch Lehre<br \/>\nUngarische und Deutsche Verantwortlicher Demonstrator<br \/>\nTel: +36-30-939-05-12<br \/>\nE-mail:etoronyi@gmail.com<\/td>\n<\/tr>\n<tr style=\"height: 172px\">\n<td style=\"width: 32.2768%;height: 172px\"><img loading=\"lazy\" decoding=\"async\" class=\" wp-image-8613 alignleft\" src=\"https:\/\/semmelweis.hu\/mutettan\/files\/2024\/02\/Aliz_porte_honlap-308x400.jpg\" alt=\"\" width=\"129\" height=\"168\" srcset=\"https:\/\/semmelweis.hu\/mutettan\/files\/2024\/02\/Aliz_porte_honlap-308x400.jpg 308w, https:\/\/semmelweis.hu\/mutettan\/files\/2024\/02\/Aliz_porte_honlap-788x1024.jpg 788w, https:\/\/semmelweis.hu\/mutettan\/files\/2024\/02\/Aliz_porte_honlap-768x998.jpg 768w, https:\/\/semmelweis.hu\/mutettan\/files\/2024\/02\/Aliz_porte_honlap-753x979.jpg 753w, https:\/\/semmelweis.hu\/mutettan\/files\/2024\/02\/Aliz_porte_honlap.jpg 923w\" sizes=\"auto, (max-width: 129px) 100vw, 129px\" \/><\/td>\n<td style=\"width: 67.648%;height: 172px\">\n<p><strong>Petrovics Alica<br \/>\n<\/strong>Leiterin des Sekretariats<br \/>\nMTMT Administrator<br \/>\nErreichbar: NET, an der 11. Etage, 1105. Zimmer<br \/>\nTel.: +36 \/ 1 \/ 459-1500; Durchwahl: 56569<br \/>\nE-mail: kksmtnet@semmelweis.hu<\/p>\n<\/td>\n<\/tr>\n<tr style=\"height: 217px\">\n<td style=\"width: 32.2768%;height: 217px\" width=\"83\">\n<p><img loading=\"lazy\" decoding=\"async\" class=\"alignleft  wp-image-7308\" src=\"https:\/\/semmelweis.hu\/mutettan\/files\/2021\/01\/k\u00e9p.jpg\" alt=\"\" width=\"112\" height=\"168\" \/><\/p>\n<\/td>\n<td style=\"width: 67.648%;height: 217px\" valign=\"top\" width=\"444\">\n<p>&nbsp;<\/p>\n<p><strong>Prof. Dr. Bl\u00e1zovics Anna<br \/>\n<\/strong>\u00a0Professor Emeritus,<br \/>\nErreichbar: NET an der 11. Etage<\/p>\n<p>&nbsp;<\/p>\n<\/td>\n<\/tr>\n<tr>\n<td style=\"width: 32.2768%\"><img loading=\"lazy\" decoding=\"async\" class=\" wp-image-8773 alignleft\" src=\"https:\/\/semmelweis.hu\/mutettan\/files\/2024\/06\/kep-honlapra-344x400.jpeg\" alt=\"\" width=\"136\" height=\"158\" srcset=\"https:\/\/semmelweis.hu\/mutettan\/files\/2024\/06\/kep-honlapra-344x400.jpeg 344w, https:\/\/semmelweis.hu\/mutettan\/files\/2024\/06\/kep-honlapra-881x1024.jpeg 881w, https:\/\/semmelweis.hu\/mutettan\/files\/2024\/06\/kep-honlapra-768x892.jpeg 768w, https:\/\/semmelweis.hu\/mutettan\/files\/2024\/06\/kep-honlapra-753x875.jpeg 753w, https:\/\/semmelweis.hu\/mutettan\/files\/2024\/06\/kep-honlapra.jpeg 1033w\" sizes=\"auto, (max-width: 136px) 100vw, 136px\" \/><\/td>\n<td style=\"width: 67.648%\">\n<p><strong>Dr. Benke K\u00e1lm\u00e1n<\/strong><br \/>\nDozent<br \/>\nErreichbar: Lehrstuhlgruppe f\u00fcr Herzchirurgie<\/p>\n<\/td>\n<\/tr>\n<tr style=\"height: 207px\">\n<td style=\"width: 32.2768%;height: 207px\">\n<p><img loading=\"lazy\" decoding=\"async\" class=\"alignleft  wp-image-7884\" src=\"https:\/\/semmelweis.hu\/mutettan\/files\/2022\/03\/Berner-Juhos-Krisztina278x400.jpg\" alt=\"\" width=\"106\" height=\"184\" \/><\/p>\n<\/td>\n<td style=\"width: 67.648%;height: 207px\">\n<p><strong>Dr. med. Berner-Juhos Krisztina &#8211; <em>Mutterschaftsurlaub ab dem 1 Juli 2023<\/em><br \/>\n<\/strong>Lektorin,<strong><br \/>\n<\/strong>Verantwortlich f\u00fcr Wissenschaftichen Verein der Studenten<br \/>\n\u00a0Qualitatssicherungsmanager<br \/>\nErreichbar: NET, an der 11. Etage, 1120. Zimmer,<br \/>\nTel.: +36 \/ 1 \/ 459-1500; Nebenstelle: 56364<\/p>\n<\/td>\n<\/tr>\n<tr style=\"height: 172px\">\n<td style=\"width: 32.2768%;height: 12px\" valign=\"top\" width=\"83\"><img loading=\"lazy\" decoding=\"async\" title=\"Dr. Csukas Domokos\" src=\"https:\/\/semmelweis.hu\/mutettan\/files\/2014\/11\/CSD_new.jpg\" alt=\"\" width=\"110\" height=\"154\" \/><\/td>\n<td style=\"width: 67.648%;height: 12px\" valign=\"top\" width=\"444\"><strong>Dr. Vet. Csuk\u00e1s Domokos<\/strong><br \/>\nTiermediziner, Lektor<br \/>\nZust\u00e4ndig f\u00fcr Die Drogen, Branschutz Komissar<br \/>\n\u00a0Qualitatssicherungsmanager- <em><strong>dem 1 Juli 2023<br \/>\n<\/strong><\/em>Beauftragter f\u00fcr Katastrophenschutz und Zivilschutz<br \/>\nErreichbar: NET, an der 11. Etage, 1107. Zimmer,<br \/>\nTel.: +36 \/ 1 \/ 459-1500; Nebenstelle: 56576<\/td>\n<\/tr>\n<tr>\n<td style=\"width: 32.2768%\"><img loading=\"lazy\" decoding=\"async\" class=\"wp-image-8609 alignleft\" src=\"https:\/\/semmelweis.hu\/mutettan\/files\/2024\/02\/dr_damenija_givi_felnott_szivsebeszeti_osztaly-400x400.jpg\" alt=\"\" width=\"122\" height=\"122\" srcset=\"https:\/\/semmelweis.hu\/mutettan\/files\/2024\/02\/dr_damenija_givi_felnott_szivsebeszeti_osztaly-400x400.jpg 400w, https:\/\/semmelweis.hu\/mutettan\/files\/2024\/02\/dr_damenija_givi_felnott_szivsebeszeti_osztaly-150x150.jpg 150w, https:\/\/semmelweis.hu\/mutettan\/files\/2024\/02\/dr_damenija_givi_felnott_szivsebeszeti_osztaly.jpg 512w\" sizes=\"auto, (max-width: 122px) 100vw, 122px\" \/><\/td>\n<td style=\"width: 67.648%\">\n<p><strong>Dr. Damenija Givi<br \/>\n<\/strong>Master-instructor<br \/>\nErreichbar: NET, Lehr-OP-Saal<br \/>\nTel.: +36 \/ 1 \/ 459-1500; Nebenstelle: 56378<br \/>\n<strong><br \/>\n<\/strong><\/p>\n<\/td>\n<\/tr>\n<tr>\n<td style=\"width: 32.2768%\"><img loading=\"lazy\" decoding=\"async\" class=\" wp-image-9110 alignleft\" src=\"https:\/\/semmelweis.hu\/mutettan\/files\/2025\/06\/RS216977_GV5A0565-scr-267x400.jpg\" alt=\"\" width=\"111\" height=\"167\" srcset=\"https:\/\/semmelweis.hu\/mutettan\/files\/2025\/06\/RS216977_GV5A0565-scr-267x400.jpg 267w, https:\/\/semmelweis.hu\/mutettan\/files\/2025\/06\/RS216977_GV5A0565-scr.jpg 600w\" sizes=\"auto, (max-width: 111px) 100vw, 111px\" \/><\/td>\n<td style=\"width: 67.648%\">\n<p><strong>Dr. Vet. M\u00e9sz\u00e1ros L\u00e1szl\u00f3<br \/>\n<\/strong>Tiermediziner, Lektor, <span style=\"font-family: inherit;font-size: inherit\">Zust\u00e4ndig f\u00fcr die Ungarische Lehre<\/span><br \/>\nErreichbar: NET, an der 11. Etage, 1120. Zimmer,<br \/>\nTel.: +36 \/ 1 \/ 459-1500; Nebenstelle: 56364<\/p>\n<\/td>\n<\/tr>\n<tr style=\"height: 163px\">\n<td style=\"width: 32.2768%;height: 163px\" valign=\"top\" width=\"83\"><img loading=\"lazy\" decoding=\"async\" title=\"Prof. Dr. S\u00e1ndor J\u00f3zsef\" src=\"https:\/\/semmelweis.hu\/mutettan\/files\/2013\/12\/Sandor_Jozsef.jpg\" alt=\"\" width=\"110\" height=\"152\" \/><\/td>\n<td style=\"width: 67.648%;height: 163px\" valign=\"top\" width=\"444\"><strong>Prof. Dr. med. S\u00e1ndor J\u00f3zsef<\/strong><br \/>\nProfessor Emeritus<br \/>\nErreichbar: NET, an der 11. Etage, 1107. Zimmer,<br \/>\nTel.: +36 \/ 1 \/ 459-1500; Nebenstelle: 56575<\/td>\n<\/tr>\n<tr style=\"height: 166px\">\n<td style=\"width: 32.2768%;height: 166px\" valign=\"top\" width=\"83\"><img loading=\"lazy\" decoding=\"async\" title=\"Szabo Gyorgyi\" src=\"https:\/\/semmelweis.hu\/mutettan\/files\/2013\/12\/Szabo_Gyorgyi.jpg\" alt=\"\" width=\"110\" height=\"152\" \/><\/td>\n<td style=\"width: 67.648%;height: 166px\" valign=\"top\" width=\"444\"><strong>Dr. Szab\u00f3 Gy\u00f6rgyi<\/strong><br \/>\nDiplom Biologin, Adjunkt,\u00a0<br \/>\nZust\u00e4ndig f\u00fcr die Englisch Lehre<br \/>\nErreichbar: NET, an der 11. Etage, 1107. Zimmer,<br \/>\nTel.: +36 \/ 1 \/ 459-1500; Nebenstelle: 56575<\/p>\n<\/td>\n<\/tr>\n<tr>\n<td style=\"width: 32.2768%\"><img loading=\"lazy\" decoding=\"async\" class=\" wp-image-9106 alignleft\" src=\"https:\/\/semmelweis.hu\/mutettan\/files\/2025\/06\/RS216976_GV5A0514-scr-267x400.jpg\" alt=\"\" width=\"116\" height=\"173\" srcset=\"https:\/\/semmelweis.hu\/mutettan\/files\/2025\/06\/RS216976_GV5A0514-scr-267x400.jpg 267w, https:\/\/semmelweis.hu\/mutettan\/files\/2025\/06\/RS216976_GV5A0514-scr.jpg 600w\" sizes=\"auto, (max-width: 116px) 100vw, 116px\" \/><\/td>\n<td style=\"width: 67.648%\">\n<p><strong>Tatai Fanni<br \/>\n<\/strong>Wissenschaftlicher Mitarbeiterin<br \/>\nErreichbar: NET, an der 11. Etage, 1120. Zimmer,<br \/>\nTel.: +36 \/ 1 \/ 459-1500; Nebenstelle: 56364<br \/>\n<strong><br \/>\n<\/strong><\/p>\n<\/td>\n<\/tr>\n<tr>\n<td style=\"width: 32.2768%\"><img loading=\"lazy\" decoding=\"async\" class=\" wp-image-9108 alignleft\" src=\"https:\/\/semmelweis.hu\/mutettan\/files\/2025\/06\/RS216978_GV5A0572-scr-267x400.jpg\" alt=\"\" width=\"119\" height=\"179\" srcset=\"https:\/\/semmelweis.hu\/mutettan\/files\/2025\/06\/RS216978_GV5A0572-scr-267x400.jpg 267w, https:\/\/semmelweis.hu\/mutettan\/files\/2025\/06\/RS216978_GV5A0572-scr.jpg 600w\" sizes=\"auto, (max-width: 119px) 100vw, 119px\" \/><\/td>\n<td style=\"width: 67.648%\">\n<p><strong>Ujv\u00e1ri Vera<\/strong><br \/>\nWissenschaftlicher Mitarbeiterin<br \/>\nErreichbar: NET, an der 11. Etage, 1120. Zimmer,<br \/>\nTel.: +36 \/ 1 \/ 459-1500; Nebenstelle: 56364<\/p>\n<\/td>\n<\/tr>\n<tr style=\"height: 160px\">\n<td style=\"width: 32.2768%;height: 160px\" valign=\"top\" width=\"83\"><strong><img loading=\"lazy\" decoding=\"async\" class=\"alignleft  wp-image-7396\" src=\"https:\/\/semmelweis.hu\/mutettan\/files\/2021\/03\/Csepke-Karolina.jpg\" alt=\"\" width=\"111\" height=\"175\" srcset=\"https:\/\/semmelweis.hu\/mutettan\/files\/2021\/03\/Csepke-Karolina.jpg 759w, https:\/\/semmelweis.hu\/mutettan\/files\/2021\/03\/Csepke-Karolina-253x400.jpg 253w, https:\/\/semmelweis.hu\/mutettan\/files\/2021\/03\/Csepke-Karolina-648x1024.jpg 648w, https:\/\/semmelweis.hu\/mutettan\/files\/2021\/03\/Csepke-Karolina-753x1191.jpg 753w\" sizes=\"auto, (max-width: 111px) 100vw, 111px\" \/><\/strong><\/td>\n<td style=\"width: 67.648%;height: 160px\" valign=\"top\" width=\"444\">\n<p><strong>Cs\u00e9pke Karolina<\/strong><br \/>\nP\u00e4dagogische Assistentin<br \/>\nKlinische Laborassistentin<br \/>\nErreichbar: NET, Lehr-OP-Saal<br \/>\nTel.: +36 \/ 1 \/ 459-1500; Nebenstelle: 56378<\/p>\n<\/td>\n<\/tr>\n<tr style=\"height: 28px\">\n<td style=\"width: 32.2768%;height: 28px\" valign=\"top\" width=\"83\"><img loading=\"lazy\" decoding=\"async\" class=\"alignleft  wp-image-7386\" src=\"https:\/\/semmelweis.hu\/mutettan\/files\/2021\/03\/RS129189_C19A6588.jpg\" alt=\"\" width=\"110\" height=\"162\" srcset=\"https:\/\/semmelweis.hu\/mutettan\/files\/2021\/03\/RS129189_C19A6588.jpg 815w, https:\/\/semmelweis.hu\/mutettan\/files\/2021\/03\/RS129189_C19A6588-272x400.jpg 272w, https:\/\/semmelweis.hu\/mutettan\/files\/2021\/03\/RS129189_C19A6588-695x1024.jpg 695w, https:\/\/semmelweis.hu\/mutettan\/files\/2021\/03\/RS129189_C19A6588-768x1131.jpg 768w, https:\/\/semmelweis.hu\/mutettan\/files\/2021\/03\/RS129189_C19A6588-753x1109.jpg 753w\" sizes=\"auto, (max-width: 110px) 100vw, 110px\" \/><\/td>\n<td style=\"width: 67.648%;height: 28px\" valign=\"top\" width=\"444\"><b>Schum Ibolya<\/b><br \/>\nP\u00e4dagogische Assistentin<br \/>\nErreichbar: NET, Lehr-OP-Saal<br \/>\nTel.: +36 \/ 1 \/ 459-1500; Nebenstelle: 56378<\/td>\n<\/tr>\n<tr>\n<td style=\"width: 32.2768%\"><img loading=\"lazy\" decoding=\"async\" class=\" wp-image-8555 alignleft\" src=\"https:\/\/semmelweis.hu\/mutettan\/files\/2024\/02\/RS188991_BB__3069-267x400.jpg\" alt=\"\" width=\"111\" height=\"166\" srcset=\"https:\/\/semmelweis.hu\/mutettan\/files\/2024\/02\/RS188991_BB__3069-267x400.jpg 267w, https:\/\/semmelweis.hu\/mutettan\/files\/2024\/02\/RS188991_BB__3069-683x1024.jpg 683w, https:\/\/semmelweis.hu\/mutettan\/files\/2024\/02\/RS188991_BB__3069-768x1152.jpg 768w, https:\/\/semmelweis.hu\/mutettan\/files\/2024\/02\/RS188991_BB__3069-753x1130.jpg 753w, https:\/\/semmelweis.hu\/mutettan\/files\/2024\/02\/RS188991_BB__3069.jpg 800w\" sizes=\"auto, (max-width: 111px) 100vw, 111px\" \/><\/td>\n<td style=\"width: 67.648%\"><b><strong>Viczi\u00e1n Mariann<\/strong><br \/>\n<\/b>Sachbearbeiterin<br \/>\nErreichbar: NET, an der 11. Etage, 1105. Zimmer<br \/>\nTel.: +36 \/ 1 \/ 459-1500; Durchwahl: 56249<\/td>\n<\/tr>\n<\/tbody>\n<\/table>\n<p>&nbsp;<\/p>\n<\/div><\/div>\n","protected":false},"excerpt":{"rendered":"<p><a href=\"https:\/\/semmelweis.hu\/mutettan\/files\/2023\/11\/RS168196_GV5A7337.jpg\"><\/a> &nbsp; Prof. Dr. med. Radovits Tam\u00e1s Direktor, Professor Tel.:+36-20-825-8895 E-mail: radovitstamas@yahoo.com Dr. med. Toronyi \u00c9va Der f\u00fcr die Ausbildung der Studenten zust\u00e4ndige Manager Dozent Zust\u00e4ndig f\u00fcr die Deutsch Lehre Ungarische und Deutsche Verantwortlicher Demonstrator Tel: +36-30-939-05-12 E-mail:etoronyi@gmail.com Petrovics Alica Leiterin des Sekretariats MTMT Administrator Erreichbar: NET, an der 11. Etage, 1105. Zimmer Tel.: +36 \/ &hellip;<\/p>\n","protected":false},"author":101519,"featured_media":0,"parent":7114,"menu_order":1,"comment_status":"closed","ping_status":"closed","template":"","meta":{"_acf_changed":false,"footnotes":""},"categories":[],"tags":[],"class_list":["post-1388","page","type-page","status-publish","hentry"],"acf":[],"_links":{"self":[{"href":"https:\/\/semmelweis.hu\/mutettan\/wp-json\/wp\/v2\/pages\/1388","targetHints":{"allow":["GET"]}}],"collection":[{"href":"https:\/\/semmelweis.hu\/mutettan\/wp-json\/wp\/v2\/pages"}],"about":[{"href":"https:\/\/semmelweis.hu\/mutettan\/wp-json\/wp\/v2\/types\/page"}],"author":[{"embeddable":true,"href":"https:\/\/semmelweis.hu\/mutettan\/wp-json\/wp\/v2\/users\/101519"}],"replies":[{"embeddable":true,"href":"https:\/\/semmelweis.hu\/mutettan\/wp-json\/wp\/v2\/comments?post=1388"}],"version-history":[{"count":12,"href":"https:\/\/semmelweis.hu\/mutettan\/wp-json\/wp\/v2\/pages\/1388\/revisions"}],"predecessor-version":[{"id":9282,"href":"https:\/\/semmelweis.hu\/mutettan\/wp-json\/wp\/v2\/pages\/1388\/revisions\/9282"}],"up":[{"embeddable":true,"href":"https:\/\/semmelweis.hu\/mutettan\/wp-json\/wp\/v2\/pages\/7114"}],"wp:attachment":[{"href":"https:\/\/semmelweis.hu\/mutettan\/wp-json\/wp\/v2\/media?parent=1388"}],"wp:term":[{"taxonomy":"category","embeddable":true,"href":"https:\/\/semmelweis.hu\/mutettan\/wp-json\/wp\/v2\/categories?post=1388"},{"taxonomy":"post_tag","embeddable":true,"href":"https:\/\/semmelweis.hu\/mutettan\/wp-json\/wp\/v2\/tags?post=1388"}],"curies":[{"name":"wp","href":"https:\/\/api.w.org\/{rel}","templated":true}]}}