{"id":8284,"date":"2023-06-29T14:11:20","date_gmt":"2023-06-29T12:11:20","guid":{"rendered":"https:\/\/semmelweis.hu\/molekularis-biologia\/?page_id=8284"},"modified":"2026-03-25T10:16:25","modified_gmt":"2026-03-25T09:16:25","slug":"demonstratori-palyazat","status":"publish","type":"page","link":"https:\/\/semmelweis.hu\/molekularis-biologia\/demonstratori-palyazat\/","title":{"rendered":"Demonstr\u00e1tori p\u00e1ly\u00e1zat"},"content":{"rendered":"<p style=\"text-align: justify\"><strong>\u00c1ltal\u00e1nos inform\u00e1ci\u00f3k<\/strong><br \/>\nA Molekul\u00e1ris Biol\u00f3giai Tansz\u00e9k a k\u00f6vetkez\u0151 tan\u00e9vre is v\u00e1rja hallgat\u00f3k jelentkez\u00e9s\u00e9t demonstr\u00e1tori feladatok ell\u00e1t\u00e1s\u00e1ra. A Demonstr\u00e1tori \u00d6szt\u00f6nd\u00edj c\u00e9lja hallgat\u00f3k bevon\u00e1sa a tansz\u00e9k oktat\u00f3munk\u00e1j\u00e1ba. A demonstr\u00e1tor akt\u00edvan r\u00e9szt vesz a Tansz\u00e9k \u00e1ltal oktatott t\u00e1rgyak gyakorlati oktat\u00e1s\u00e1ban (elm\u00e9leti felk\u00e9sz\u00fcl\u00e9s, az \u00f3r\u00e1kon val\u00f3 technikai seg\u00edts\u00e9g, olykor a gyakorlatvezet\u0151 fel\u00fcgyelete mellett gyakorlatok \u00f6n\u00e1ll\u00f3 vezet\u00e9se, egyes elm\u00e9leti konzult\u00e1ci\u00f3s blokkok megtart\u00e1sa). A demonstr\u00e1tori feladatokat ell\u00e1t\u00f3 hallgat\u00f3 munk\u00e1j\u00e1t az egyetem kreditponttal \u00e9s \u00f6szt\u00f6nd\u00edjjal jutalmazza.<\/p>\n<p><strong>P\u00e1ly\u00e1zati felt\u00e9telek r\u00f6viden:<\/strong><\/p>\n<ul>\n<li>legal\u00e1bb 4,0 tanulm\u00e1nyi \u00e1tlag a 2025\/26-as tan\u00e9vben;<\/li>\n<li>jeles (5) \u00e9rdemjegy a tansz\u00e9ken hallgatott k\u00f6telez\u0151 t\u00e1rgyakb\u00f3l;<\/li>\n<li>legal\u00e1bb egy \u00e9ve fenn\u00e1ll\u00f3 tudom\u00e1nyos di\u00e1kk\u00f6ri kutat\u00f3munka a Tansz\u00e9ken;<\/li>\n<li>a p\u00e1ly\u00e1zat beny\u00fajt\u00e1sa 2026. j\u00falius 10-i hat\u00e1rid\u0151vel;<\/li>\n<li>idegen nyelvek (angol, n\u00e9met) ismerete el\u0151nyt jelent.<\/li>\n<\/ul>\n<p>P\u00e1ly\u00e1zati felh\u00edv\u00e1s <a href=\"https:\/\/semmelweis.hu\/molekularis-biologia\/files\/2026\/03\/Demonstratori-palyazat-AOK-2026_2027_HU.pdf\" target=\"_blank\" rel=\"noopener\"><strong>\u00c1OK-s<\/strong><\/a>, illetve <a href=\"https:\/\/semmelweis.hu\/molekularis-biologia\/files\/2026\/03\/Demonstratori-palyazat-FOK-2026_2027_HU.pdf\" target=\"_blank\" rel=\"noopener\"><strong>FOK-os<\/strong><\/a> hallgat\u00f3k sz\u00e1m\u00e1ra<\/p>\n<p>Jelentkez\u00e9shez a kit\u00f6lt\u00f6tt, al\u00e1\u00edrt <a href=\"https:\/\/semmelweis.hu\/aok\/files\/2025\/05\/Demonstratori-osztondij-palyazat-formanyomtatvany.pdf\" target=\"_blank\" rel=\"noopener\"><strong>p\u00e1ly\u00e1zati \u0171rlapot<\/strong><\/a> kell leadni a Tansz\u00e9k titk\u00e1rs\u00e1g\u00e1n 2026. j\u00falius 10-ig.<\/p>\n<p>Tov\u00e1bbi inform\u00e1ci\u00f3 a p\u00e1ly\u00e1zatokr\u00f3l <a href=\"https:\/\/semmelweis.hu\/aok\/oktatas\/osztondij-palyazat\/\" target=\"_blank\" rel=\"noopener\"><strong>\u00c1OK-s<\/strong><\/a>, illetve <a href=\"https:\/\/semmelweis.hu\/fok\/hallgatoi-hirek\/palyazati-felhivasok-hallgatoknak\/\" target=\"_blank\" rel=\"noopener\"><strong>FOK-os<\/strong><\/a> hallgat\u00f3k sz\u00e1m\u00e1ra<\/p>\n","protected":false},"excerpt":{"rendered":"<p>\u00c1ltal\u00e1nos inform\u00e1ci\u00f3k A Molekul\u00e1ris Biol\u00f3giai Tansz\u00e9k a k\u00f6vetkez\u0151 tan\u00e9vre is v\u00e1rja hallgat\u00f3k jelentkez\u00e9s\u00e9t demonstr\u00e1tori feladatok ell\u00e1t\u00e1s\u00e1ra. A Demonstr\u00e1tori \u00d6szt\u00f6nd\u00edj c\u00e9lja hallgat\u00f3k bevon\u00e1sa a tansz\u00e9k oktat\u00f3munk\u00e1j\u00e1ba. A demonstr\u00e1tor akt\u00edvan r\u00e9szt vesz a Tansz\u00e9k \u00e1ltal oktatott t\u00e1rgyak gyakorlati oktat\u00e1s\u00e1ban (elm\u00e9leti felk\u00e9sz\u00fcl\u00e9s, az \u00f3r\u00e1kon val\u00f3 technikai seg\u00edts\u00e9g, olykor a gyakorlatvezet\u0151 fel\u00fcgyelete mellett gyakorlatok \u00f6n\u00e1ll\u00f3 vezet\u00e9se, egyes elm\u00e9leti konzult\u00e1ci\u00f3s &hellip;<\/p>\n","protected":false},"author":101874,"featured_media":0,"parent":0,"menu_order":0,"comment_status":"closed","ping_status":"closed","template":"","meta":{"_acf_changed":false,"footnotes":""},"categories":[],"tags":[],"class_list":["post-8284","page","type-page","status-publish","hentry"],"acf":[],"_links":{"self":[{"href":"https:\/\/semmelweis.hu\/molekularis-biologia\/wp-json\/wp\/v2\/pages\/8284","targetHints":{"allow":["GET"]}}],"collection":[{"href":"https:\/\/semmelweis.hu\/molekularis-biologia\/wp-json\/wp\/v2\/pages"}],"about":[{"href":"https:\/\/semmelweis.hu\/molekularis-biologia\/wp-json\/wp\/v2\/types\/page"}],"author":[{"embeddable":true,"href":"https:\/\/semmelweis.hu\/molekularis-biologia\/wp-json\/wp\/v2\/users\/101874"}],"replies":[{"embeddable":true,"href":"https:\/\/semmelweis.hu\/molekularis-biologia\/wp-json\/wp\/v2\/comments?post=8284"}],"version-history":[{"count":11,"href":"https:\/\/semmelweis.hu\/molekularis-biologia\/wp-json\/wp\/v2\/pages\/8284\/revisions"}],"predecessor-version":[{"id":8943,"href":"https:\/\/semmelweis.hu\/molekularis-biologia\/wp-json\/wp\/v2\/pages\/8284\/revisions\/8943"}],"wp:attachment":[{"href":"https:\/\/semmelweis.hu\/molekularis-biologia\/wp-json\/wp\/v2\/media?parent=8284"}],"wp:term":[{"taxonomy":"category","embeddable":true,"href":"https:\/\/semmelweis.hu\/molekularis-biologia\/wp-json\/wp\/v2\/categories?post=8284"},{"taxonomy":"post_tag","embeddable":true,"href":"https:\/\/semmelweis.hu\/molekularis-biologia\/wp-json\/wp\/v2\/tags?post=8284"}],"curies":[{"name":"wp","href":"https:\/\/api.w.org\/{rel}","templated":true}]}}