{"id":7608,"date":"2022-01-27T12:54:17","date_gmt":"2022-01-27T11:54:17","guid":{"rendered":"https:\/\/semmelweis.hu\/molekularis-biologia\/?page_id=7608"},"modified":"2026-03-05T10:10:54","modified_gmt":"2026-03-05T09:10:54","slug":"patobiokemia-alapjai","status":"publish","type":"page","link":"https:\/\/semmelweis.hu\/molekularis-biologia\/phd\/patobiokemia-alapjai\/","title":{"rendered":"A patobiok\u00e9mia alapjai"},"content":{"rendered":"<p><strong>A kurzus k\u00f3dja:<\/strong> DI7225_1M<br \/>\n<strong>A kurzust meghirdet\u0151 oktat\u00f3k:<\/strong> Dr. Mandl J\u00f3zsef, Dr. Csala Mikl\u00f3s<\/p>\n<p><strong><span style=\"font-size: large\"><a href=\"https:\/\/itc.semmelweis.hu\/moodle\/\">R\u00e9szletek\u00e9rt, el\u0151ad\u00e1sok \u00e9s gyakorlatok programj\u00e1\u00e9rt, Zoom linkek\u00e9rt, let\u00f6lt\u00e9s\u00e9rt stb., k\u00e9rj\u00fck, keresse fel a tant\u00e1rgy Moodle oldalait.<\/a><\/span><\/strong><\/p>\n<h2>El\u0151ad\u00e1sok<\/h2>\n<ul>\n<li>Lipotoxicit\u00e1s szerepe a diab\u00e9tesz kialakul\u00e1s\u00e1ban (Csala Mikl\u00f3s)<\/li>\n<p><\/p>\n<li>A kompartmentaliz\u00e1ci\u00f3 patobiok\u00e9miai szerepe \u2013 organellumstresszek (Mandl J\u00f3zsef)<\/strong><\/li>\n<p><\/p>\n<li>Pszichi\u00e1triai betegs\u00e9gek patobiok\u00e9mi\u00e1ja (Keszler Gergely)<\/li>\n<p><\/p>\n<li>Cisztikus fibr\u00f3zis (Csan\u00e1dy L\u00e1szl\u00f3)<\/li>\n<p><\/p>\n<li>A malignus transzform\u00e1ci\u00f3 molekul\u00e1ris alapjai I. (Csala Mikl\u00f3s)<\/strong><\/li>\n<p><\/p>\n<li>A malignus transzform\u00e1ci\u00f3 molekul\u00e1ris alapjai II. (Csala Mikl\u00f3s)<\/strong><\/li>\n<p><\/p>\n<li>Ateroszkler\u00f3zis: koleszterin-induk\u00e1lta lok\u00e1lis gyullad\u00e1s (Kolev Kraszimir)<\/li>\n<p><\/p>\n<li>Mitokondri\u00e1lis betegs\u00e9gek (Szarka Andr\u00e1s)<\/li>\n<p><\/p>\n<li>Hemoszt\u00e1zis patobiok\u00e9mi\u00e1ja (Kolev Kraszimir)<\/strong><\/li>\n<p><\/p>\n<li>A hib\u00e1s feh\u00e9rjekonform\u00e1ci\u00f3k patol\u00f3gi\u00e1s k\u00f6vetkezm\u00e9nyei (M\u00e9sz\u00e1ros Tam\u00e1s)<\/li>\n<p><\/p>\n<li>Az \u00f6reged\u00e9s patobiok\u00e9mi\u00e1ja (S\u0151ti Csaba)<\/li>\n<p>\n<\/ul><\/p>\n","protected":false},"excerpt":{"rendered":"<p>A kurzus k\u00f3dja: DI7225_1M A kurzust meghirdet\u0151 oktat\u00f3k: Dr. Mandl J\u00f3zsef, Dr. Csala Mikl\u00f3s <a href=\"https:\/\/itc.semmelweis.hu\/moodle\/\">R\u00e9szletek\u00e9rt, el\u0151ad\u00e1sok \u00e9s gyakorlatok programj\u00e1\u00e9rt, Zoom linkek\u00e9rt, let\u00f6lt\u00e9s\u00e9rt stb., k\u00e9rj\u00fck, keresse fel a tant\u00e1rgy Moodle oldalait.<\/a> El\u0151ad\u00e1sok Lipotoxicit\u00e1s szerepe a diab\u00e9tesz kialakul\u00e1s\u00e1ban (Csala Mikl\u00f3s) A kompartmentaliz\u00e1ci\u00f3 patobiok\u00e9miai szerepe \u2013 organellumstresszek (Mandl J\u00f3zsef) Pszichi\u00e1triai betegs\u00e9gek patobiok\u00e9mi\u00e1ja (Keszler Gergely) Cisztikus fibr\u00f3zis (Csan\u00e1dy L\u00e1szl\u00f3) A malignus transzform\u00e1ci\u00f3 molekul\u00e1ris alapjai I. (Csala Mikl\u00f3s) A malignus transzform\u00e1ci\u00f3 molekul\u00e1ris alapjai II. (Csala Mikl\u00f3s) &hellip;<\/p>\n","protected":false},"author":183,"featured_media":0,"parent":1134,"menu_order":0,"comment_status":"closed","ping_status":"closed","template":"","meta":{"_acf_changed":false,"footnotes":""},"categories":[],"tags":[],"class_list":["post-7608","page","type-page","status-publish","hentry"],"acf":[],"_links":{"self":[{"href":"https:\/\/semmelweis.hu\/molekularis-biologia\/wp-json\/wp\/v2\/pages\/7608","targetHints":{"allow":["GET"]}}],"collection":[{"href":"https:\/\/semmelweis.hu\/molekularis-biologia\/wp-json\/wp\/v2\/pages"}],"about":[{"href":"https:\/\/semmelweis.hu\/molekularis-biologia\/wp-json\/wp\/v2\/types\/page"}],"author":[{"embeddable":true,"href":"https:\/\/semmelweis.hu\/molekularis-biologia\/wp-json\/wp\/v2\/users\/183"}],"replies":[{"embeddable":true,"href":"https:\/\/semmelweis.hu\/molekularis-biologia\/wp-json\/wp\/v2\/comments?post=7608"}],"version-history":[{"count":11,"href":"https:\/\/semmelweis.hu\/molekularis-biologia\/wp-json\/wp\/v2\/pages\/7608\/revisions"}],"predecessor-version":[{"id":8815,"href":"https:\/\/semmelweis.hu\/molekularis-biologia\/wp-json\/wp\/v2\/pages\/7608\/revisions\/8815"}],"up":[{"embeddable":true,"href":"https:\/\/semmelweis.hu\/molekularis-biologia\/wp-json\/wp\/v2\/pages\/1134"}],"wp:attachment":[{"href":"https:\/\/semmelweis.hu\/molekularis-biologia\/wp-json\/wp\/v2\/media?parent=7608"}],"wp:term":[{"taxonomy":"category","embeddable":true,"href":"https:\/\/semmelweis.hu\/molekularis-biologia\/wp-json\/wp\/v2\/categories?post=7608"},{"taxonomy":"post_tag","embeddable":true,"href":"https:\/\/semmelweis.hu\/molekularis-biologia\/wp-json\/wp\/v2\/tags?post=7608"}],"curies":[{"name":"wp","href":"https:\/\/api.w.org\/{rel}","templated":true}]}}