{"id":7290,"date":"2021-02-09T10:26:04","date_gmt":"2021-02-09T09:26:04","guid":{"rendered":"https:\/\/semmelweis.hu\/molekularis-biologia\/?page_id=7290"},"modified":"2026-03-05T10:04:23","modified_gmt":"2026-03-05T09:04:23","slug":"feherjek-es-nukleinsavak-in-silico-elmelet-in-vitro-gyakorlat","status":"publish","type":"page","link":"https:\/\/semmelweis.hu\/molekularis-biologia\/phd\/feherjek-es-nukleinsavak-in-silico-elmelet-in-vitro-gyakorlat\/","title":{"rendered":"Feh\u00e9rj\u00e9k \u00e9s nukleinsavak in silico elm\u00e9let, in vitro gyakorlat"},"content":{"rendered":"<p><strong><span style=\"font-size: large\"><a href=\"https:\/\/itc.semmelweis.hu\/moodle\/\">R\u00e9szletek\u00e9rt, el\u0151ad\u00e1sok \u00e9s gyakorlatok programj\u00e1\u00e9rt, Zoom linkek\u00e9rt, let\u00f6lt\u00e9s\u00e9rt stb., k\u00e9rj\u00fck, keresse fel a tant\u00e1rgy Moodle oldalait.<\/a><\/span><\/strong><\/p>\n","protected":false},"excerpt":{"rendered":"<p><a href=\"https:\/\/itc.semmelweis.hu\/moodle\/\">R\u00e9szletek\u00e9rt, el\u0151ad\u00e1sok \u00e9s gyakorlatok programj\u00e1\u00e9rt, Zoom linkek\u00e9rt, let\u00f6lt\u00e9s\u00e9rt stb., k\u00e9rj\u00fck, keresse fel a tant\u00e1rgy Moodle oldalait.<\/a><\/p>\n","protected":false},"author":101874,"featured_media":0,"parent":1134,"menu_order":2,"comment_status":"closed","ping_status":"closed","template":"","meta":{"_acf_changed":false,"footnotes":""},"categories":[],"tags":[],"class_list":["post-7290","page","type-page","status-publish","hentry"],"acf":[],"_links":{"self":[{"href":"https:\/\/semmelweis.hu\/molekularis-biologia\/wp-json\/wp\/v2\/pages\/7290","targetHints":{"allow":["GET"]}}],"collection":[{"href":"https:\/\/semmelweis.hu\/molekularis-biologia\/wp-json\/wp\/v2\/pages"}],"about":[{"href":"https:\/\/semmelweis.hu\/molekularis-biologia\/wp-json\/wp\/v2\/types\/page"}],"author":[{"embeddable":true,"href":"https:\/\/semmelweis.hu\/molekularis-biologia\/wp-json\/wp\/v2\/users\/101874"}],"replies":[{"embeddable":true,"href":"https:\/\/semmelweis.hu\/molekularis-biologia\/wp-json\/wp\/v2\/comments?post=7290"}],"version-history":[{"count":8,"href":"https:\/\/semmelweis.hu\/molekularis-biologia\/wp-json\/wp\/v2\/pages\/7290\/revisions"}],"predecessor-version":[{"id":8810,"href":"https:\/\/semmelweis.hu\/molekularis-biologia\/wp-json\/wp\/v2\/pages\/7290\/revisions\/8810"}],"up":[{"embeddable":true,"href":"https:\/\/semmelweis.hu\/molekularis-biologia\/wp-json\/wp\/v2\/pages\/1134"}],"wp:attachment":[{"href":"https:\/\/semmelweis.hu\/molekularis-biologia\/wp-json\/wp\/v2\/media?parent=7290"}],"wp:term":[{"taxonomy":"category","embeddable":true,"href":"https:\/\/semmelweis.hu\/molekularis-biologia\/wp-json\/wp\/v2\/categories?post=7290"},{"taxonomy":"post_tag","embeddable":true,"href":"https:\/\/semmelweis.hu\/molekularis-biologia\/wp-json\/wp\/v2\/tags?post=7290"}],"curies":[{"name":"wp","href":"https:\/\/api.w.org\/{rel}","templated":true}]}}